000
CDUS44 KHGX 160720
CLIIAH


CLIMATE REPORT
NATIONAL WEATHER SERVICE HOUSTON/GALVESTON TX
219 AM CDT SUN JUN 16 2019


...................................

...THE HOUSTON INTERCONTINENTAL CLIMATE SUMMARY FOR JUNE 15 2019...

CLIMATE NORMAL PERIOD 1981 TO 2010
CLIMATE RECORD PERIOD 1892 TO 2019


WEATHER ITEM   OBSERVED TIME   RECORD YEAR NORMAL DEPARTURE LAST
                VALUE   (LST)  VALUE       VALUE  FROM      YEAR
                                                  NORMAL
..................................................................
TEMPERATURE (F)
 YESTERDAY
  MAXIMUM         94    123 PM 100    2011  92      2       94
  MINIMUM         77   1223 AM  55    1903  73      4       73
  AVERAGE         86                        82      4       84

PRECIPITATION (IN)
  YESTERDAY        T             5.68 1919   0.21  -0.21     0.00
  MONTH TO DATE    2.47                      2.87  -0.40     0.26
  SINCE JUN 1      2.47                      2.87  -0.40     0.26
  SINCE JAN 1     19.30                     21.26  -1.96    17.75

DEGREE DAYS
 COOLING
  YESTERDAY       21                        17      4       19
  MONTH TO DATE  271                       247     24      313
  SINCE JUN 1    271                       247     24      313
  SINCE JAN 1   1006                       899    107     1127
..................................................................


WIND (MPH)
  HIGHEST WIND SPEED    21   HIGHEST WIND DIRECTION     S (160)
  HIGHEST GUST SPEED    30   HIGHEST GUST DIRECTION     S (160)




RELATIVE HUMIDITY (PERCENT)
 HIGHEST    91
 LOWEST     52
 AVERAGE    72

..........................................................


THE HOUSTON INTERCONTINENTAL CLIMATE NORMALS FOR TODAY
                         NORMAL    RECORD    YEAR
 MAXIMUM TEMPERATURE (F)   92       100      1902
 MINIMUM TEMPERATURE (F)   74        57      1989


SUNRISE AND SUNSET
JUNE 16 2019..........SUNRISE   620 AM CDT   SUNSET   824 PM CDT
JUNE 17 2019..........SUNRISE   620 AM CDT   SUNSET   824 PM CDT


-  INDICATES NEGATIVE NUMBERS.
R  INDICATES RECORD WAS SET OR TIED.
MM INDICATES DATA IS MISSING.
T  INDICATES TRACE AMOUNT.




$$
