000
CDUS44 KHGX 192127
CLIIAH


CLIMATE REPORT
NATIONAL WEATHER SERVICE HOUSTON/GALVESTON TX
421 PM CDT FRI APR 19 2019


...................................

...THE HOUSTON INTERCONTINENTAL CLIMATE SUMMARY FOR APRIL 19 2019...
VALID TODAY AS OF 0400 PM LOCAL TIME.

CLIMATE NORMAL PERIOD 1981 TO 2010
CLIMATE RECORD PERIOD 1892 TO 2019


WEATHER ITEM   OBSERVED TIME   RECORD YEAR NORMAL DEPARTURE LAST
                VALUE   (LST)  VALUE       VALUE  FROM      YEAR
                                                  NORMAL
..................................................................
TEMPERATURE (F)
 TODAY
  MAXIMUM         74    257 PM  92    2011  80     -6       77
                                      1987
  MINIMUM         56    627 AM  40    1901  60     -4       56
  AVERAGE         65                        70     -5       67

PRECIPITATION (IN)
  TODAY            0.00          2.77 1931   0.11  -0.11     0.00
  MONTH TO DATE    3.27                      1.96   1.31     0.78
  SINCE MAR 1      3.77                      5.37  -1.60     3.75
  SINCE JAN 1      9.58                     11.95  -2.37    12.54

SNOWFALL (IN)
  TODAY            0.0
  MONTH TO DATE    0.0
  SINCE JUL 1      T

DEGREE DAYS
 HEATING
  TODAY            0                         1     -1        0
  MONTH TO DATE   37                        31      6       41
  SINCE MAR 1    192                       172     20       99
  SINCE JUL 1   1288                      1360    -72     1225

 COOLING
  TODAY            0                         6     -6        2
  MONTH TO DATE   97                        93      4       78
  SINCE MAR 1    168                       164      4      222
  SINCE JAN 1    215                       202     13      310
..................................................................


WIND (MPH)
  RESULTANT WIND SPEED  14   RESULTANT WIND DIRECTION  NW (320)
  HIGHEST WIND SPEED    30   HIGHEST WIND DIRECTION    NW (310)
  HIGHEST GUST SPEED    38   HIGHEST GUST DIRECTION    NW (300)
  AVERAGE WIND SPEED    14.2



WEATHER CONDITIONS
 THE FOLLOWING WEATHER WAS RECORDED TODAY.
  NO SIGNIFICANT WEATHER WAS OBSERVED.


RELATIVE HUMIDITY (PERCENT)
 HIGHEST    77           600 AM
 LOWEST     29           300 PM
 AVERAGE    53

..........................................................


THE HOUSTON INTERCONTINENTAL CLIMATE NORMALS FOR TOMORROW
                         NORMAL    RECORD    YEAR
 MAXIMUM TEMPERATURE (F)   81        93      1987
 MINIMUM TEMPERATURE (F)   61        39      2013


SUNRISE AND SUNSET
APRIL 19 2019.........SUNRISE   651 AM CDT   SUNSET   751 PM CDT
APRIL 20 2019.........SUNRISE   649 AM CDT   SUNSET   752 PM CDT


-  INDICATES NEGATIVE NUMBERS.
R  INDICATES RECORD WAS SET OR TIED.
MM INDICATES DATA IS MISSING.
T  INDICATES TRACE AMOUNT.




$$
