000
CDUS43 KUNR 190832
CLIICR


CLIMATE REPORT
NATIONAL WEATHER SERVICE RAPID CITY SD
231 AM MDT FRI APR 19 2019


...................................

...THE WINNER REGIONAL AIRPORT SD CLIMATE SUMMARY FOR APRIL 18 2019...

CLIMATE NORMAL PERIOD 1981 TO 2010
CLIMATE RECORD PERIOD 9999 TO 9999


WEATHER ITEM   OBSERVED TIME   NORMAL DEPARTURE LAST
                VALUE   (LST)  VALUE  FROM      YEAR
                                      NORMAL
......................................................
TEMPERATURE (F)
 YESTERDAY
  MAXIMUM         60    148 PM  61     -1       39
  MINIMUM         36   1159 PM  37     -1       30
  AVERAGE         48            49     -1       35

PRECIPITATION (IN)
  YESTERDAY        0.02          0.09  -0.07     0.09
  MONTH TO DATE    0.26          1.28  -1.02     0.56
  SINCE MAR 1      1.28          2.66  -1.38     2.28
  SINCE JAN 1      1.82          3.42  -1.60     3.31

DEGREE DAYS
 HEATING
  YESTERDAY       17            16      1       30
  MONTH TO DATE  361           349     12      564
  SINCE MAR 1   1441          1225    216     1450
  SINCE JUL 1   6830          6234    596     6350

 COOLING
  YESTERDAY        0             0      0        0
  MONTH TO DATE    0             0      0        0
  SINCE MAR 1      0             0      0        0
  SINCE JAN 1      0             0      0        0
......................................................


WIND (MPH)
  HIGHEST WIND SPEED    25   HIGHEST WIND DIRECTION     N (350)
  HIGHEST GUST SPEED    33   HIGHEST GUST DIRECTION     N (350)
  AVERAGE WIND SPEED    11.8


SKY COVER
  AVERAGE SKY COVER 0.3


WEATHER CONDITIONS
 THE FOLLOWING WEATHER WAS RECORDED YESTERDAY.
  LIGHT RAIN
  LIGHT SNOW


RELATIVE HUMIDITY (PERCENT)
 HIGHEST    92           100 AM
 LOWEST     40           500 PM
 AVERAGE    66

..........................................................




SUNRISE AND SUNSET
APRIL 19 2019.........SUNRISE   651 AM CDT   SUNSET   827 PM CDT
APRIL 20 2019.........SUNRISE   649 AM CDT   SUNSET   828 PM CDT


-  INDICATES NEGATIVE NUMBERS.
R  INDICATES RECORD WAS SET OR TIED.
MM INDICATES DATA IS MISSING.
T  INDICATES TRACE AMOUNT.




$$
