000
CDUS43 KUNR 250834
CLIICR


CLIMATE REPORT
NATIONAL WEATHER SERVICE RAPID CITY SD
233 AM MDT TUE JUN 25 2019


...................................

...THE WINNER REGIONAL AIRPORT SD CLIMATE SUMMARY FOR JUNE 24 2019...

CLIMATE NORMAL PERIOD 1981 TO 2010
CLIMATE RECORD PERIOD 9999 TO 9999


WEATHER ITEM   OBSERVED TIME   NORMAL DEPARTURE LAST
                VALUE   (LST)  VALUE  FROM      YEAR
                                      NORMAL
......................................................
TEMPERATURE (F)
 YESTERDAY
  MAXIMUM         84    330 PM  83      1       79
  MINIMUM         53    525 AM  59     -6       60
  AVERAGE         69            71     -2       70

PRECIPITATION (IN)
  YESTERDAY        0.05          0.09  -0.04     0.08
  MONTH TO DATE    0.98          3.16  -2.18     4.91
  SINCE JUN 1      0.98          3.16  -2.18     4.91
  SINCE JAN 1     11.04         11.23  -0.19    10.50

DEGREE DAYS
 HEATING
  YESTERDAY        0             1     -1        0
  MONTH TO DATE   38            51    -13        2
  SINCE JUN 1     38            51    -13        2
  SINCE JUL 1   7361          6696    665     6625

 COOLING
  YESTERDAY        4             7     -3        5
  MONTH TO DATE   82            99    -17      166
  SINCE JUN 1     82            99    -17      166
  SINCE JAN 1    103           129    -26      302
......................................................


WIND (MPH)
  HIGHEST WIND SPEED    20   HIGHEST WIND DIRECTION     W (290)
  HIGHEST GUST SPEED    27   HIGHEST GUST DIRECTION    NW (330)
  AVERAGE WIND SPEED     8.2


SKY COVER
  AVERAGE SKY COVER 0.1


WEATHER CONDITIONS
 THE FOLLOWING WEATHER WAS RECORDED YESTERDAY.
  THUNDERSTORM
  RAIN
  LIGHT RAIN
  HAZE


RELATIVE HUMIDITY (PERCENT)
 HIGHEST    83          1200 AM
 LOWEST     28           200 PM
 AVERAGE    56

..........................................................




SUNRISE AND SUNSET
JUNE 25 2019..........SUNRISE   600 AM CDT   SUNSET   924 PM CDT
JUNE 26 2019..........SUNRISE   600 AM CDT   SUNSET   924 PM CDT


-  INDICATES NEGATIVE NUMBERS.
R  INDICATES RECORD WAS SET OR TIED.
MM INDICATES DATA IS MISSING.
T  INDICATES TRACE AMOUNT.




$$
