000
CDUS43 KICT 152214
CLIICT

CLIMATE REPORT
NATIONAL WEATHER SERVICE WICHITA KS
513 PM CDT SAT JUN 15 2019

...................................

...THE WICHITA EISENHOWER NATIONAL CLIMATE SUMMARY FOR JUNE 15 2019...
VALID TODAY AS OF 500 PM LOCAL TIME.

CLIMATE NORMAL PERIOD 1981 TO 2010
CLIMATE RECORD PERIOD 1888 TO 2019


WEATHER ITEM   OBSERVED TIME   RECORD YEAR NORMAL DEPARTURE LAST
                VALUE   (LST)  VALUE       VALUE  FROM      YEAR
                                                  NORMAL
..................................................................
TEMPERATURE (F)
 TODAY
  MAXIMUM         88    356 PM 109    1953  87      1       99
  MINIMUM         65    504 AM  53    2001  65      0       76
  AVERAGE         77                        76      1       88

PRECIPITATION (IN)
  TODAY            0.25          1.67 2002   0.18   0.07     0.00
  MONTH TO DATE    1.87                      2.70  -0.83     0.26
  SINCE JUN 1      1.87                      2.70  -0.83     0.26
  SINCE JAN 1     21.47                     14.56   6.91     8.36

SNOWFALL (IN)
  TODAY            0.0           0.0  2007   0.0    0.0      0.0
                                      2001
  MONTH TO DATE    0.0                       0.0    0.0      0.0
  SINCE JUN 1      0.0                       0.0    0.0      0.0
  SINCE JUL 1     10.1                      14.9   -4.8      2.0
  SNOW DEPTH       0

DEGREE DAYS
 HEATING
  TODAY            0                         0      0        0
  MONTH TO DATE    0                         3     -3        0
  SINCE JUN 1      0                         3     -3        0
  SINCE JUL 1   4680                      4591     89     4277

 COOLING
  TODAY           12                        11      1       23
  MONTH TO DATE  125                       132     -7      246
  SINCE JUN 1    125                       132     -7      246
  SINCE JAN 1    241                       268    -27      584
..................................................................


WIND (MPH)
  HIGHEST WIND SPEED    29   HIGHEST WIND DIRECTION    NW (310)
  HIGHEST GUST SPEED    36   HIGHEST GUST DIRECTION    NW (300)
  AVERAGE WIND SPEED    10.0


SKY COVER
  POSSIBLE SUNSHINE  MM
  AVERAGE SKY COVER 0.8


WEATHER CONDITIONS
 THE FOLLOWING WEATHER WAS RECORDED TODAY.
  THUNDERSTORM
  RAIN
  LIGHT RAIN
  FOG


RELATIVE HUMIDITY (PERCENT)
 HIGHEST    93           500 AM
 LOWEST     55           300 PM
 AVERAGE    74

..........................................................


THE WICHITA EISENHOWER NATIONAL CLIMATE NORMALS FOR TOMORROW
                         NORMAL    RECORD    YEAR
 MAXIMUM TEMPERATURE (F)   87       100      1978
 MINIMUM TEMPERATURE (F)   65        50      1989


SUNRISE AND SUNSET
JUNE 15 2019..........SUNRISE   608 AM CDT   SUNSET   853 PM CDT
JUNE 16 2019..........SUNRISE   608 AM CDT   SUNSET   853 PM CDT


-  INDICATES NEGATIVE NUMBERS.
R  INDICATES RECORD WAS SET OR TIED.
MM INDICATES DATA IS MISSING.
T  INDICATES TRACE AMOUNT.

$$
