632
CDUS45 KPIH 252328
CLIIDA


CLIMATE REPORT
NATIONAL WEATHER SERVICE POCATELLO ID
523 PM MDT FRI MAY 25 2018


...................................

...THE IDAHO FALLS ID CLIMATE SUMMARY FOR MAY 25 2018...
VALID TODAY AS OF 0500 PM LOCAL TIME.

CLIMATE NORMAL PERIOD 1981 TO 2010
CLIMATE RECORD PERIOD 1948 TO 2018


WEATHER ITEM   OBSERVED TIME   RECORD YEAR NORMAL DEPARTURE LAST
                VALUE   (LST)  VALUE       VALUE  FROM      YEAR
                                                  NORMAL
..................................................................
TEMPERATURE (F)
 TODAY
  MAXIMUM         84    359 PM  88    2003  69     15       64
  MINIMUM         44    445 AM  25    1989  41      3       31
  AVERAGE         64                        55      9       48

PRECIPITATION (IN)
  TODAY            0.00          0.61 1980   0.05  -0.05     0.00
  MONTH TO DATE    1.18                      1.20  -0.02     0.34
  SINCE OCT 1      6.68                      7.12  -0.44     8.13
  SINCE JAN 1      4.75                      4.55   0.20     3.85

SNOWFALL (IN)
  TODAY           MM
  MONTH TO DATE   MM
  SINCE MAR 1     MM
  SINCE JUL 1     MM
  SNOW DEPTH      MM

DEGREE DAYS
 HEATING
  TODAY            1                        10     -9       17
  MONTH TO DATE  242                       324    -82      312
  SINCE MAR 1   1718                      1835   -117     1680
  SINCE JUL 1   7006                      7637   -631     7477

 COOLING
  TODAY            0                         0      0        0
  MONTH TO DATE    1                         0      1        0
  SINCE MAR 1      1                         0      1        0
  SINCE JAN 1      1                         0      1        0
..................................................................


WIND (MPH)
  HIGHEST WIND SPEED    14   HIGHEST WIND DIRECTION     S (190)
  HIGHEST GUST SPEED    21   HIGHEST GUST DIRECTION     S (160)
  AVERAGE WIND SPEED     5.5


SKY COVER
  POSSIBLE SUNSHINE  MM
  AVERAGE SKY COVER 0.1


WEATHER CONDITIONS
 THE FOLLOWING WEATHER WAS RECORDED TODAY.
  NO SIGNIFICANT WEATHER WAS OBSERVED.


RELATIVE HUMIDITY (PERCENT)
 HIGHEST   100           200 AM
 LOWEST     23           400 PM
 AVERAGE    62

..........................................................


THE IDAHO FALLS ID CLIMATE NORMALS FOR TOMORROW
                         NORMAL    RECORD    YEAR
 MAXIMUM TEMPERATURE (F)   70        85      2014
                                             1988
 MINIMUM TEMPERATURE (F)   42        25      1975


SUNRISE AND SUNSET
MAY 25 2018...........SUNRISE   554 AM MDT   SUNSET   857 PM MDT
MAY 26 2018...........SUNRISE   554 AM MDT   SUNSET   857 PM MDT


-  INDICATES NEGATIVE NUMBERS.
R  INDICATES RECORD WAS SET OR TIED.
MM INDICATES DATA IS MISSING.
T  INDICATES TRACE AMOUNT.




$$
