000
CDUS45 KPIH 182323
CLIIDA


CLIMATE REPORT
NATIONAL WEATHER SERVICE POCATELLO ID
523 PM MDT THU APR 18 2019


...................................

...THE IDAHO FALLS ID CLIMATE SUMMARY FOR APRIL 18 2019...
VALID TODAY AS OF 0500 PM LOCAL TIME.

CLIMATE NORMAL PERIOD 1981 TO 2010
CLIMATE RECORD PERIOD 1948 TO 2019


WEATHER ITEM   OBSERVED TIME   RECORD YEAR NORMAL DEPARTURE LAST
                VALUE   (LST)  VALUE       VALUE  FROM      YEAR
                                                  NORMAL
..................................................................
TEMPERATURE (F)
 TODAY
  MAXIMUM         64    359 PM  79    1962  59      5       51
  MINIMUM         35    529 AM  14    2013  32      3       25
  AVERAGE         50                        45      5       38

PRECIPITATION (IN)
  TODAY            0.00          1.10 2000   0.04  -0.04     0.00
  MONTH TO DATE    1.04                      0.61   0.43     1.12
  SINCE OCT 1      5.54                      5.39   0.15     4.93
  SINCE JAN 1      3.84                      2.82   1.02     3.00

SNOWFALL (IN)
  TODAY           MM
  MONTH TO DATE   MM
  SINCE MAR 1     MM
  SINCE JUL 1     MM
  SNOW DEPTH      MM

DEGREE DAYS
 HEATING
  TODAY           15                        20     -5       27
  MONTH TO DATE  318                       393    -75      375
  SINCE MAR 1   1273                      1295    -22     1297
  SINCE JUL 1   7158                      7097     61     6585

 COOLING
  TODAY            0                         0      0        0
  MONTH TO DATE    0                         0      0        0
  SINCE MAR 1      0                         0      0        0
  SINCE JAN 1      0                         0      0        0
..................................................................


WIND (MPH)
  HIGHEST WIND SPEED    21   HIGHEST WIND DIRECTION    SW (210)
  HIGHEST GUST SPEED    25   HIGHEST GUST DIRECTION    SW (210)
  AVERAGE WIND SPEED    11.8


SKY COVER
  POSSIBLE SUNSHINE  MM
  AVERAGE SKY COVER 0.0


WEATHER CONDITIONS
 THE FOLLOWING WEATHER WAS RECORDED TODAY.
  NO SIGNIFICANT WEATHER WAS OBSERVED.


RELATIVE HUMIDITY (PERCENT)
 HIGHEST    85           100 AM
 LOWEST     30           400 PM
 AVERAGE    58

..........................................................


THE IDAHO FALLS ID CLIMATE NORMALS FOR TOMORROW
                         NORMAL    RECORD    YEAR
 MAXIMUM TEMPERATURE (F)   59        84      1962
 MINIMUM TEMPERATURE (F)   32        15      1982


SUNRISE AND SUNSET
APRIL 18 2019.........SUNRISE   641 AM MDT   SUNSET   815 PM MDT
APRIL 19 2019.........SUNRISE   639 AM MDT   SUNSET   816 PM MDT


-  INDICATES NEGATIVE NUMBERS.
R  INDICATES RECORD WAS SET OR TIED.
MM INDICATES DATA IS MISSING.
T  INDICATES TRACE AMOUNT.




$$
