000
CDUS45 KPIH 170801
CLIIDA


CLIMATE REPORT
NATIONAL WEATHER SERVICE POCATELLO ID
201 AM MDT MON JUN 17 2019


...................................

...THE IDAHO FALLS ID CLIMATE SUMMARY FOR JUNE 16 2019...

CLIMATE NORMAL PERIOD 1981 TO 2010
CLIMATE RECORD PERIOD 1948 TO 2019


WEATHER ITEM   OBSERVED TIME   RECORD YEAR NORMAL DEPARTURE LAST
                VALUE   (LST)  VALUE       VALUE  FROM      YEAR
                                                  NORMAL
..................................................................
TEMPERATURE (F)
 YESTERDAY
  MAXIMUM         81    344 PM  95    1974  76      5       71
  MINIMUM         42    424 AM  34    2000  46     -4       50
  AVERAGE         62                        61      1       61

PRECIPITATION (IN)
  YESTERDAY        T             0.72 1992   0.04  -0.04     0.57
  MONTH TO DATE    0.33                      0.76  -0.43     0.97
  SINCE OCT 1      8.99                      8.18   0.81     8.60
  SINCE JAN 1      7.29                      5.61   1.68     6.67

SNOWFALL (IN)
  YESTERDAY       MM
  MONTH TO DATE   MM
  SINCE JUN 1     MM
  SINCE JUL 1     MM
  SNOW DEPTH      MM

DEGREE DAYS
 HEATING
  YESTERDAY        3                         5     -2        4
  MONTH TO DATE  101                       105     -4       79
  SINCE JUN 1    101                       105     -4       79
  SINCE JUL 1   7879                      7796     83     7117

 COOLING
  YESTERDAY        0                         1     -1        0
  MONTH TO DATE    2                         7     -5        5
  SINCE JUN 1      2                         7     -5        5
  SINCE JAN 1      2                         9     -7        6
..................................................................


WIND (MPH)
  HIGHEST WIND SPEED    26   HIGHEST WIND DIRECTION    NW (320)
  HIGHEST GUST SPEED    36   HIGHEST GUST DIRECTION    NW (320)
  AVERAGE WIND SPEED     6.9


SKY COVER
  POSSIBLE SUNSHINE  MM
  AVERAGE SKY COVER 0.1


WEATHER CONDITIONS
 THE FOLLOWING WEATHER WAS RECORDED YESTERDAY.
  HAZE


RELATIVE HUMIDITY (PERCENT)
 HIGHEST    89           500 AM
 LOWEST     20           400 PM
 AVERAGE    55

..........................................................


THE IDAHO FALLS ID CLIMATE NORMALS FOR TODAY
                         NORMAL    RECORD    YEAR
 MAXIMUM TEMPERATURE (F)   77        95      1974
 MINIMUM TEMPERATURE (F)   46        32      1978


SUNRISE AND SUNSET
JUNE 17 2019..........SUNRISE   547 AM MDT   SUNSET   912 PM MDT
JUNE 18 2019..........SUNRISE   547 AM MDT   SUNSET   912 PM MDT


-  INDICATES NEGATIVE NUMBERS.
R  INDICATES RECORD WAS SET OR TIED.
MM INDICATES DATA IS MISSING.
T  INDICATES TRACE AMOUNT.




$$
