082
CDUS43 KUNR 210831
CLIIEN


CLIMATE REPORT
NATIONAL WEATHER SERVICE RAPID CITY SD
231 AM MDT SUN APR 21 2019


...................................

...THE PINE RIDGE SD CLIMATE SUMMARY FOR APRIL 20 2019...

CLIMATE NORMAL PERIOD 1981 TO 2010
CLIMATE RECORD PERIOD 9999 TO 9999


WEATHER ITEM   OBSERVED TIME   NORMAL DEPARTURE LAST
                VALUE   (LST)  VALUE  FROM      YEAR
                                      NORMAL
......................................................
TEMPERATURE (F)
 YESTERDAY
  MAXIMUM         85    200 PM  61     24       50
  MINIMUM         41    322 AM  32      9       39
  AVERAGE         63            47     16       45

PRECIPITATION (IN)
  YESTERDAY        0.00          0.07  -0.07     0.11
  MONTH TO DATE    0.83          1.19  -0.36     1.31
  SINCE MAR 1      3.10          2.06   1.04     2.60
  SINCE JAN 1      3.48          2.85   0.63     3.63

DEGREE DAYS
 HEATING
  YESTERDAY        2            18    -16       20
  MONTH TO DATE  381           418    -37      557
  SINCE MAR 1   1534          1306    228     1411
  SINCE JUL 1   6728          6656     72     6715

 COOLING
  YESTERDAY        0             0      0        0
  MONTH TO DATE    0             0      0        0
  SINCE MAR 1      0             0      0        0
  SINCE JAN 1      0             0      0        0
......................................................


WIND (MPH)
  HIGHEST WIND SPEED    23   HIGHEST WIND DIRECTION     W (250)
  HIGHEST GUST SPEED    34   HIGHEST GUST DIRECTION     W (250)
  AVERAGE WIND SPEED     8.5


SKY COVER
  AVERAGE SKY COVER 0.0


WEATHER CONDITIONS
 THE FOLLOWING WEATHER WAS RECORDED YESTERDAY.
  NO SIGNIFICANT WEATHER WAS OBSERVED.


RELATIVE HUMIDITY (PERCENT)
 HIGHEST    79          1200 AM
 LOWEST     15           200 PM
 AVERAGE    47

..........................................................




SUNRISE AND SUNSET
APRIL 21 2019.........SUNRISE   559 AM MDT   SUNSET   739 PM MDT
APRIL 22 2019.........SUNRISE   557 AM MDT   SUNSET   741 PM MDT


-  INDICATES NEGATIVE NUMBERS.
R  INDICATES RECORD WAS SET OR TIED.
MM INDICATES DATA IS MISSING.
T  INDICATES TRACE AMOUNT.




$$
