000
CDUS43 KUNR 160831
CLIIEN


CLIMATE REPORT
NATIONAL WEATHER SERVICE RAPID CITY SD
231 AM MDT SUN JUN 16 2019


...................................

...THE PINE RIDGE SD CLIMATE SUMMARY FOR JUNE 15 2019...

CLIMATE NORMAL PERIOD 1981 TO 2010
CLIMATE RECORD PERIOD 9999 TO 9999


WEATHER ITEM   OBSERVED TIME   NORMAL DEPARTURE LAST
                VALUE   (LST)  VALUE  FROM      YEAR
                                      NORMAL
......................................................
TEMPERATURE (F)
 YESTERDAY
  MAXIMUM         81    136 PM  80      1       88
  MINIMUM         50   1159 PM  52     -2       62
  AVERAGE         66            66      0       75

PRECIPITATION (IN)
  YESTERDAY        0.00          0.13  -0.13     0.00
  MONTH TO DATE    0.15          1.80  -1.65     0.03
  SINCE JUN 1      0.15          1.80  -1.65     0.03
  SINCE JAN 1     10.05          8.04   2.01     6.47

DEGREE DAYS
 HEATING
  YESTERDAY        0             3     -3        0
  MONTH TO DATE   51            62    -11       12
  SINCE JUN 1     51            62    -11       12
  SINCE JUL 1   7429          7189    240     7053

 COOLING
  YESTERDAY        1             3     -2       10
  MONTH TO DATE   34            36     -2      122
  SINCE JUN 1     34            36     -2      122
  SINCE JAN 1     37            53    -16      173
......................................................


WIND (MPH)
  HIGHEST WIND SPEED    17   HIGHEST WIND DIRECTION    NE (30)
  HIGHEST GUST SPEED    25   HIGHEST GUST DIRECTION    NW (320)
  AVERAGE WIND SPEED     6.9


SKY COVER
  AVERAGE SKY COVER 0.1


WEATHER CONDITIONS
 THE FOLLOWING WEATHER WAS RECORDED YESTERDAY.
  NO SIGNIFICANT WEATHER WAS OBSERVED.


RELATIVE HUMIDITY (PERCENT)
 HIGHEST    96           400 AM
 LOWEST     38           600 PM
 AVERAGE    67

..........................................................




SUNRISE AND SUNSET
JUNE 16 2019..........SUNRISE   510 AM MDT   SUNSET   831 PM MDT
JUNE 17 2019..........SUNRISE   510 AM MDT   SUNSET   832 PM MDT


-  INDICATES NEGATIVE NUMBERS.
R  INDICATES RECORD WAS SET OR TIED.
MM INDICATES DATA IS MISSING.
T  INDICATES TRACE AMOUNT.




$$
