000
CDUS45 KVEF 180830
CLIIGM


CLIMATE REPORT
NATIONAL WEATHER SERVICE LAS VEGAS, NV
129 AM PDT TUE JUN 18 2019


...................................

...THE KINGMAN AZ CLIMATE SUMMARY FOR JUNE 17 2019...

CLIMATE NORMAL PERIOD 1981 TO 2010
CLIMATE RECORD PERIOD 1901 TO 2019


WEATHER ITEM   OBSERVED TIME   RECORD YEAR NORMAL DEPARTURE LAST
                VALUE   (LST)  VALUE       VALUE  FROM      YEAR
                                                  NORMAL
..................................................................
TEMPERATURE (F)
 YESTERDAY
  MAXIMUM         96    251 PM 108    1917  94      2       90
  MINIMUM         61    538 AM  43    1923  63     -2       65
  AVERAGE         79                        78      1       78

PRECIPITATION (IN)
  YESTERDAY        0.00          0.00 2018   0.01  -0.01     0.00
                                      2017
                                      2016
  MONTH TO DATE    0.00                      0.02  -0.02      T
  SINCE OCT 1      7.83                      5.58   2.25     1.31
  SINCE JAN 1      5.79                      3.48   2.31     1.31

DEGREE DAYS
 HEATING
  YESTERDAY        0                         0      0        0
  MONTH TO DATE    0                         0      0        0
  SINCE JUN 1      0                         0      0        0
  SINCE JUL 1   3111                      3100     11     2272

 COOLING
  YESTERDAY       14                        13      1       13
  MONTH TO DATE  227                       188     39      269
  SINCE JUN 1    227                       188     39      269
  SINCE JAN 1    314                       386    -72      544
..................................................................


WIND (MPH)
  RESULTANT WIND SPEED   6   RESULTANT WIND DIRECTION  SW (220)
  HIGHEST WIND SPEED    24   HIGHEST WIND DIRECTION    SW (230)
  HIGHEST GUST SPEED    32   HIGHEST GUST DIRECTION     W (250)
  AVERAGE WIND SPEED     9.6


SKY COVER
  POSSIBLE SUNSHINE  MM
  AVERAGE SKY COVER 0.0


WEATHER CONDITIONS
 THE FOLLOWING WEATHER WAS RECORDED YESTERDAY.
  NO SIGNIFICANT WEATHER WAS OBSERVED.


RELATIVE HUMIDITY (PERCENT)
 HIGHEST    48           400 AM
 LOWEST      9           300 PM
 AVERAGE    29

..........................................................


THE KINGMAN AZ CLIMATE NORMALS FOR TODAY
                         NORMAL    RECORD    YEAR
 MAXIMUM TEMPERATURE (F)   94       109      2017
 MINIMUM TEMPERATURE (F)   63        44      1979


SUNRISE AND SUNSET
JUNE 18 2019..........SUNRISE   521 AM MST   SUNSET   753 PM MST
JUNE 19 2019..........SUNRISE   521 AM MST   SUNSET   753 PM MST


-  INDICATES NEGATIVE NUMBERS.
R  INDICATES RECORD WAS SET OR TIED.
MM INDICATES DATA IS MISSING.
T  INDICATES TRACE AMOUNT.




$$
