000
CDUS45 KVEF 180833
CLIIGM


CLIMATE REPORT
NATIONAL WEATHER SERVICE LAS VEGAS, NV
131 AM PDT THU APR 18 2019


...................................

...THE KINGMAN AZ CLIMATE SUMMARY FOR APRIL 17 2019...

CLIMATE NORMAL PERIOD 1981 TO 2010
CLIMATE RECORD PERIOD 1901 TO 2019


WEATHER ITEM   OBSERVED TIME   RECORD YEAR NORMAL DEPARTURE LAST
                VALUE   (LST)  VALUE       VALUE  FROM      YEAR
                                                  NORMAL
..................................................................
TEMPERATURE (F)
 YESTERDAY
  MAXIMUM         70    511 PM  92    1936  74     -4       66
  MINIMUM         43    632 AM  28    2008  44     -1       38
  AVERAGE         57                        59     -2       52

PRECIPITATION (IN)
  YESTERDAY        0.00          0.80 1917   0.01  -0.01     0.00
  MONTH TO DATE    0.43                      0.28   0.15      T
  SINCE OCT 1      6.98                      5.30   1.68     1.31
  SINCE JAN 1      4.94                      3.20   1.74     1.31

DEGREE DAYS
 HEATING
  YESTERDAY        8                         7      1       13
  MONTH TO DATE  130                       149    -19       56
  SINCE MAR 1    513                       567    -54      432
  SINCE JUL 1   2993                      2980     13     2210

 COOLING
  YESTERDAY        0                         1     -1        0
  MONTH TO DATE    1                        10     -9       26
  SINCE MAR 1      1                        13    -12       27
  SINCE JAN 1      1                        13    -12       27
..................................................................


WIND (MPH)
  RESULTANT WIND SPEED   7   RESULTANT WIND DIRECTION   N (10)
  HIGHEST WIND SPEED    22   HIGHEST WIND DIRECTION    NW (330)
  HIGHEST GUST SPEED    28   HIGHEST GUST DIRECTION     N (340)
  AVERAGE WIND SPEED    10.6


SKY COVER
  POSSIBLE SUNSHINE  MM
  AVERAGE SKY COVER 0.1


WEATHER CONDITIONS
 THE FOLLOWING WEATHER WAS RECORDED YESTERDAY.
  NO SIGNIFICANT WEATHER WAS OBSERVED.


RELATIVE HUMIDITY (PERCENT)
 HIGHEST    93           200 AM
 LOWEST     24           600 PM
 AVERAGE    59

..........................................................


THE KINGMAN AZ CLIMATE NORMALS FOR TODAY
                         NORMAL    RECORD    YEAR
 MAXIMUM TEMPERATURE (F)   74        95      1938
 MINIMUM TEMPERATURE (F)   45        29      1976


SUNRISE AND SUNSET
APRIL 18 2019.........SUNRISE   600 AM MST   SUNSET   711 PM MST
APRIL 19 2019.........SUNRISE   559 AM MST   SUNSET   712 PM MST


-  INDICATES NEGATIVE NUMBERS.
R  INDICATES RECORD WAS SET OR TIED.
MM INDICATES DATA IS MISSING.
T  INDICATES TRACE AMOUNT.




$$
