000
CDUS41 KPHI 190554
CLIILG


CLIMATE REPORT
NATIONAL WEATHER SERVICE MOUNT HOLLY NJ
154 AM EDT FRI APR 19 2019


...................................

...THE WILMINGTON DE CLIMATE SUMMARY FOR APRIL 18 2019...

CLIMATE NORMAL PERIOD 1981 TO 2010
CLIMATE RECORD PERIOD 1894 TO 2019


WEATHER ITEM   OBSERVED TIME   RECORD YEAR NORMAL DEPARTURE LAST
                VALUE   (LST)  VALUE       VALUE  FROM      YEAR
                                                  NORMAL
..................................................................
TEMPERATURE (F)
 YESTERDAY
  MAXIMUM         79    319 PM  97    1896  65     14       57
  MINIMUM         52   1207 AM  30    1926  44      8       33
                                      1911
  AVERAGE         66                        54     12       45

PRECIPITATION (IN)
  YESTERDAY        0.00          2.57 1910   0.11  -0.11     0.00
  MONTH TO DATE    0.94                      2.16  -1.22     1.66
  SINCE MAR 1      5.08                      6.08  -1.00     6.31
  SINCE JAN 1     12.51                     11.77   0.74    14.75

SNOWFALL (IN)
  YESTERDAY        0.0           T    2001   0.1   -0.1      0.0
  MONTH TO DATE    0.0                       0.3   -0.3       T
  SINCE MAR 1      3.4                       2.2    1.2     14.2
  SINCE JUL 1     20.5                      20.2    0.3     28.0
  SNOW DEPTH       0

DEGREE DAYS
 HEATING
  YESTERDAY        0                        11    -11       20
  MONTH TO DATE  167                       251    -84      296
  SINCE MAR 1    881                       934    -53     1084
  SINCE JUL 1   4405                      4557   -152     4444

 COOLING
  YESTERDAY        1                         0      1        0
  MONTH TO DATE    7                         0      7        8
  SINCE MAR 1      7                         1      6        8
  SINCE JAN 1      7                         1      6        8
..................................................................


WIND (MPH)
  HIGHEST WIND SPEED    18   HIGHEST WIND DIRECTION     S (160)
  HIGHEST GUST SPEED    24   HIGHEST GUST DIRECTION     S (170)
  AVERAGE WIND SPEED    10.0


SKY COVER
  POSSIBLE SUNSHINE  MM
  AVERAGE SKY COVER 0.5


WEATHER CONDITIONS
 THE FOLLOWING WEATHER WAS RECORDED YESTERDAY.
  HAZE


RELATIVE HUMIDITY (PERCENT)
 HIGHEST    84          1000 PM
 LOWEST     52           500 PM
 AVERAGE    68

..........................................................


THE WILMINGTON DE CLIMATE NORMALS FOR TODAY
                         NORMAL    RECORD    YEAR
 MAXIMUM TEMPERATURE (F)   65        94      1896
 MINIMUM TEMPERATURE (F)   44        29      1926


SUNRISE AND SUNSET
APRIL 19 2019.........SUNRISE   620 AM EDT   SUNSET   744 PM EDT
APRIL 20 2019.........SUNRISE   618 AM EDT   SUNSET   745 PM EDT


-  INDICATES NEGATIVE NUMBERS.
R  INDICATES RECORD WAS SET OR TIED.
MM INDICATES DATA IS MISSING.
T  INDICATES TRACE AMOUNT.




$$
