000
CDUS41 KPHI 160553
CLIILG


CLIMATE REPORT
NATIONAL WEATHER SERVICE MOUNT HOLLY NJ
153 AM EDT SUN JUN 16 2019


...................................

...THE WILMINGTON DE CLIMATE SUMMARY FOR JUNE 15 2019...

CLIMATE NORMAL PERIOD 1981 TO 2010
CLIMATE RECORD PERIOD 1894 TO 2019


WEATHER ITEM   OBSERVED TIME   RECORD YEAR NORMAL DEPARTURE LAST
                VALUE   (LST)  VALUE       VALUE  FROM      YEAR
                                                  NORMAL
..................................................................
TEMPERATURE (F)
 YESTERDAY
  MAXIMUM         82    352 PM  97    1994  82      0       82
  MINIMUM         52    456 AM  42    1896  63    -11       58
  AVERAGE         67                        72     -5       70

PRECIPITATION (IN)
  YESTERDAY        0.00          1.40 1928   0.12  -0.12     0.00
  MONTH TO DATE    3.82                      1.94   1.88     1.81
  SINCE JUN 1      3.82                      1.94   1.88     1.81
  SINCE JAN 1     23.09                     19.00   4.09    23.17

SNOWFALL (IN)
  YESTERDAY        0.0           0.0  1894   0.0    0.0      0.0
  MONTH TO DATE    0.0                       0.0    0.0      0.0
  SINCE JUN 1      0.0                       0.0    0.0      0.0
  SINCE JUL 1     20.5                      20.2    0.3     28.0
  SNOW DEPTH       0

DEGREE DAYS
 HEATING
  YESTERDAY        0                         0      0        0
  MONTH TO DATE    5                        13     -8        8
  SINCE JUN 1      5                        13     -8        8
  SINCE JUL 1   4530                      4817   -287     4632

 COOLING
  YESTERDAY        2                         8     -6        5
  MONTH TO DATE   80                        90    -10       72
  SINCE JUN 1     80                        90    -10       72
  SINCE JAN 1    212                       169     43      197
..................................................................


WIND (MPH)
  HIGHEST WIND SPEED    21   HIGHEST WIND DIRECTION     S (200)
  HIGHEST GUST SPEED    26   HIGHEST GUST DIRECTION     S (200)
  AVERAGE WIND SPEED     9.2


SKY COVER
  POSSIBLE SUNSHINE  MM
  AVERAGE SKY COVER 0.0


WEATHER CONDITIONS
 THE FOLLOWING WEATHER WAS RECORDED YESTERDAY.
  NO SIGNIFICANT WEATHER WAS OBSERVED.


RELATIVE HUMIDITY (PERCENT)
 HIGHEST    93           300 AM
 LOWEST     42           300 PM
 AVERAGE    68

..........................................................


THE WILMINGTON DE CLIMATE NORMALS FOR TODAY
                         NORMAL    RECORD    YEAR
 MAXIMUM TEMPERATURE (F)   82        98      1957
                                             1913
 MINIMUM TEMPERATURE (F)   63        47      1946


SUNRISE AND SUNSET
JUNE 16 2019..........SUNRISE   534 AM EDT   SUNSET   832 PM EDT
JUNE 17 2019..........SUNRISE   534 AM EDT   SUNSET   832 PM EDT


-  INDICATES NEGATIVE NUMBERS.
R  INDICATES RECORD WAS SET OR TIED.
MM INDICATES DATA IS MISSING.
T  INDICATES TRACE AMOUNT.




$$
