000
CDUS42 KILM 152042
CLIILM


CLIMATE REPORT
NATIONAL WEATHER SERVICE WILMINGTON NC
442 PM EDT SAT JUN 15 2019


...................................

...THE WILMINGTON NORTH CAROLINA CLIMATE SUMMARY FOR JUNE 15 2019...
VALID TODAY AS OF 0400 PM LOCAL TIME.

CLIMATE NORMAL PERIOD 1981 TO 2010
CLIMATE RECORD PERIOD 1871 TO 2019


WEATHER ITEM   OBSERVED TIME   RECORD YEAR NORMAL DEPARTURE LAST
                VALUE   (LST)  VALUE       VALUE  FROM      YEAR
                                                  NORMAL
..................................................................
TEMPERATURE (F)
 TODAY
  MAXIMUM         81    247 PM 100    1880  87     -6       85
  MINIMUM         55    506 AM  53    1959  69    -14       72
                                      1933
  AVERAGE         68                        78    -10       79

PRECIPITATION (IN)
  TODAY            0.00          2.65 1961   0.16  -0.16     0.00
  MONTH TO DATE    1.92                      2.50  -0.58     3.66
  SINCE JUN 1      1.92                      2.50  -0.58     3.66
  SINCE JAN 1     13.20                     21.40  -8.20    35.29

DEGREE DAYS
 HEATING
  TODAY            0                         0      0        0
  MONTH TO DATE    0                         0      0        0
  SINCE JUN 1      0                         0      0        0
  SINCE JUL 1   2106                      2409   -303     2397

 COOLING
  TODAY            3                        13    -10       14
  MONTH TO DATE  171                       170      1      214
  SINCE JUN 1    171                       170      1      214
  SINCE JAN 1    662                       451    211      612
..................................................................


WIND (MPH)
  RESULTANT WIND SPEED   4   RESULTANT WIND DIRECTION  SE (130)
  HIGHEST WIND SPEED    14   HIGHEST WIND DIRECTION     S (180)
  HIGHEST GUST SPEED    18   HIGHEST GUST DIRECTION     E (100)
  AVERAGE WIND SPEED     4.0


SKY COVER
  POSSIBLE SUNSHINE  MM
  AVERAGE SKY COVER 0.0


WEATHER CONDITIONS
 THE FOLLOWING WEATHER WAS RECORDED TODAY.
  NO SIGNIFICANT WEATHER WAS OBSERVED.


RELATIVE HUMIDITY (PERCENT)
 HIGHEST    93           300 AM
 LOWEST     39          1000 AM
 AVERAGE    66

..........................................................


THE WILMINGTON NORTH CAROLINA CLIMATE NORMALS FOR TOMORROW
                         NORMAL    RECORD    YEAR
 MAXIMUM TEMPERATURE (F)   87       100      2015
 MINIMUM TEMPERATURE (F)   69        55      1961
                                             1933


SUNRISE AND SUNSET
JUNE 15 2019..........SUNRISE   559 AM EDT   SUNSET   825 PM EDT
JUNE 16 2019..........SUNRISE   559 AM EDT   SUNSET   825 PM EDT


-  INDICATES NEGATIVE NUMBERS.
R  INDICATES RECORD WAS SET OR TIED.
MM INDICATES DATA IS MISSING.
T  INDICATES TRACE AMOUNT.




$$
