000
CDUS42 KILM 210841
CLIILM


CLIMATE REPORT
NATIONAL WEATHER SERVICE WILMINGTON NC
441 AM EDT SUN APR 21 2019


...................................

...THE WILMINGTON NORTH CAROLINA CLIMATE SUMMARY FOR APRIL 20 2019...

CLIMATE NORMAL PERIOD 1981 TO 2010
CLIMATE RECORD PERIOD 1871 TO 2019


WEATHER ITEM   OBSERVED TIME   RECORD YEAR NORMAL DEPARTURE LAST
                VALUE   (LST)  VALUE       VALUE  FROM      YEAR
                                                  NORMAL
..................................................................
TEMPERATURE (F)
 YESTERDAY
  MAXIMUM         69    252 PM  91    1995  75     -6       67
  MINIMUM         56    642 AM  30    1983  53      3       42
  AVERAGE         63                        64     -1       55

PRECIPITATION (IN)
  YESTERDAY        0.03          1.30 1918   0.09  -0.06     0.00
  MONTH TO DATE    3.83                      1.87   1.96     2.64
  SINCE MAR 1      6.93                      6.08   0.85     5.89
  SINCE JAN 1     10.65                     13.46  -2.81    14.54

SNOWFALL (IN)
  YESTERDAY        0.0          MM      MM   0.0    0.0      0.0
  MONTH TO DATE    0.0                       0.0    0.0      0.0
  SINCE MAR 1      T                         0.2   -0.2      0.0
  SINCE JUL 1      T                         1.7   -1.7      3.8
  SNOW DEPTH       0

DEGREE DAYS
 HEATING
  YESTERDAY        2                         3     -1       10
  MONTH TO DATE   79                       104    -25      133
  SINCE MAR 1    413                       427    -14      560
  SINCE JUL 1   2094                      2356   -262     2362

 COOLING
  YESTERDAY        0                         3     -3        0
  MONTH TO DATE   59                        35     24       26
  SINCE MAR 1     69                        51     18       34
  SINCE JAN 1     83                        56     27       72
..................................................................


WIND (MPH)
  RESULTANT WIND SPEED  15   RESULTANT WIND DIRECTION  SW (220)
  HIGHEST WIND SPEED    26   HIGHEST WIND DIRECTION     S (190)
  HIGHEST GUST SPEED    36   HIGHEST GUST DIRECTION     S (190)
  AVERAGE WIND SPEED    14.9


SKY COVER
  POSSIBLE SUNSHINE  MM
  AVERAGE SKY COVER 0.3


WEATHER CONDITIONS
 THE FOLLOWING WEATHER WAS RECORDED YESTERDAY.
  THUNDERSTORM
  LIGHT RAIN
  FOG


RELATIVE HUMIDITY (PERCENT)
 HIGHEST    72           700 AM
 LOWEST     45          1200 PM
 AVERAGE    59

..........................................................


THE WILMINGTON NORTH CAROLINA CLIMATE NORMALS FOR TODAY
                         NORMAL    RECORD    YEAR
 MAXIMUM TEMPERATURE (F)   76        93      2002
 MINIMUM TEMPERATURE (F)   53        32      1983


SUNRISE AND SUNSET
APRIL 21 2019.........SUNRISE   633 AM EDT   SUNSET   748 PM EDT
APRIL 22 2019.........SUNRISE   632 AM EDT   SUNSET   749 PM EDT


-  INDICATES NEGATIVE NUMBERS.
R  INDICATES RECORD WAS SET OR TIED.
MM INDICATES DATA IS MISSING.
T  INDICATES TRACE AMOUNT.




$$
