000
CDUS43 KILX 252128
CLIILX


CLIMATE REPORT
NATIONAL WEATHER SERVICE LINCOLN IL
427 PM CDT TUE JUN 25 2019


...................................

...THE LINCOLN IL CLIMATE SUMMARY FOR JUNE 25 2019...
VALID TODAY AS OF 0400 PM LOCAL TIME.

CLIMATE NORMAL PERIOD 1981 TO 2010
CLIMATE RECORD PERIOD 1905 TO 2019


WEATHER ITEM   OBSERVED TIME   RECORD YEAR NORMAL DEPARTURE LAST
                VALUE   (LST)  VALUE       VALUE  FROM      YEAR
                                                  NORMAL
..................................................................
TEMPERATURE (F)
 TODAY
  MAXIMUM         85        MM 101    1954  85      0       80
  MINIMUM         62        MM  45    1986  64     -2       60
  AVERAGE         74                        74      0       70

PRECIPITATION (IN)
  TODAY            0.00          2.52 1918   0.15  -0.15     0.00
  MONTH TO DATE    5.08                      3.52   1.56     4.05
  SINCE JUN 1      5.08                      3.52   1.56     4.05
  SINCE JAN 1     28.48                     17.64  10.84    19.34

SNOWFALL (IN)
  TODAY           MM             0.0    MM   0.0   MM        0.0
  MONTH TO DATE    0.0                       0.0    0.0      0.0
  SINCE JUN 1      0.0                       0.0    0.0      0.0
  SINCE JUL 1     33.9                      20.5   13.4     17.3
  SNOW DEPTH      MM

DEGREE DAYS
 HEATING
  TODAY            0                         0      0        0
  MONTH TO DATE    9                        15     -6        0
  SINCE JUN 1      9                        15     -6        0
  SINCE JUL 1   5984                      5706    278     5849

 COOLING
  TODAY            9                        10     -1        5
  MONTH TO DATE  138                       183    -45      211
  SINCE JUN 1    138                       183    -45      211
  SINCE JAN 1    237                       274    -37      424
..................................................................







THE LINCOLN IL CLIMATE NORMALS FOR TOMORROW
                         NORMAL    RECORD    YEAR
 MAXIMUM TEMPERATURE (F)   86       101      1934
 MINIMUM TEMPERATURE (F)   64        46      2004


SUNRISE AND SUNSET
JUNE 25 2019..........SUNRISE   529 AM CDT   SUNSET   831 PM CDT
JUNE 26 2019..........SUNRISE   530 AM CDT   SUNSET   831 PM CDT


-  INDICATES NEGATIVE NUMBERS.
R  INDICATES RECORD WAS SET OR TIED.
MM INDICATES DATA IS MISSING.
T  INDICATES TRACE AMOUNT.




$$
