000
CDUS43 KILX 190647
CLIILX

CLIMATE REPORT
NATIONAL WEATHER SERVICE LINCOLN IL
145 AM CDT FRI APR 19 2019

...................................

...THE LINCOLN IL CLIMATE SUMMARY FOR APRIL 18 2019...

CLIMATE NORMAL PERIOD 1981 TO 2010
CLIMATE RECORD PERIOD 1905 TO 2019

WEATHER ITEM   OBSERVED TIME   RECORD YEAR NORMAL DEPARTURE LAST
                VALUE   (LST)  VALUE       VALUE  FROM      YEAR
                                                  NORMAL
..................................................................
TEMPERATURE (F)
 YESTERDAY
  MAXIMUM         65        MM  89    2002  65      0       50
  MINIMUM         44        MM  25    1990  42      2       33
  AVERAGE         55                        53      2       42

PRECIPITATION (IN)
  YESTERDAY        0.61          1.61 2013   0.12   0.49      T
  MONTH TO DATE    2.81                      2.04   0.77     2.37
  SINCE MAR 1      8.31                      4.64   3.67     6.64
  SINCE JAN 1     13.99                      8.39   5.60    12.16

SNOWFALL (IN)
  YESTERDAY        0.0           0.5  1910   0.0    0.0       T
  MONTH TO DATE    1.0                       0.3    0.7      7.1
  SINCE MAR 1      4.4                       2.0    2.4      7.4
  SINCE JUL 1     33.9                      20.5   13.4     17.3
  SNOW DEPTH       0

DEGREE DAYS
 HEATING
  YESTERDAY       10                        12     -2       23
  MONTH TO DATE  235                       273    -38      465
  SINCE MAR 1   1089                      1014     75     1292
  SINCE JUL 1   5710                      5437    273     5692

 COOLING
  YESTERDAY        0                         1     -1        0
  MONTH TO DATE    2                         1      1        4
  SINCE MAR 1      2                         3     -1        4
  SINCE JAN 1      2                         3     -1        4
..................................................................

WIND (MPH)
  HIGHEST WIND SPEED    MM   HIGHEST WIND DIRECTION    MM
  HIGHEST GUST SPEED    MM   HIGHEST GUST DIRECTION    MM
  AVERAGE WIND SPEED    MM

SKY COVER
  POSSIBLE SUNSHINE  MM

WEATHER CONDITIONS
 THE FOLLOWING WEATHER WAS RECORDED YESTERDAY.
  THUNDERSTORM
  HEAVY RAIN
  RAIN
  LIGHT RAIN
  FOG

..........................................................

THE LINCOLN IL CLIMATE NORMALS FOR TODAY
                         NORMAL    RECORD    YEAR
 MAXIMUM TEMPERATURE (F)   65        86      2002
 MINIMUM TEMPERATURE (F)   42        22      1926

SUNRISE AND SUNSET
APRIL 19 2019.........SUNRISE   614 AM CDT   SUNSET   740 PM CDT
APRIL 20 2019.........SUNRISE   612 AM CDT   SUNSET   741 PM CDT

-  INDICATES NEGATIVE NUMBERS.
R  INDICATES RECORD WAS SET OR TIED.
MM INDICATES DATA IS MISSING.
T  INDICATES TRACE AMOUNT.

$$
GEELHART
