000
CDUS43 KIND 190542
CLIIND


CLIMATE REPORT
NATIONAL WEATHER SERVICE INDIANAPOLIS IN
140 AM EDT FRI APR 19 2019


...................................

...THE INDIANAPOLIS IN CLIMATE SUMMARY FOR APRIL 18 2019...

CLIMATE NORMAL PERIOD 1981 TO 2010
CLIMATE RECORD PERIOD 1871 TO 2019


WEATHER ITEM   OBSERVED TIME   RECORD YEAR NORMAL DEPARTURE LAST
                VALUE   (LST)  VALUE       VALUE  FROM      YEAR
                                                  NORMAL
..................................................................
TEMPERATURE (F)
 YESTERDAY
  MAXIMUM         67    355 AM  87    1977  64      3       70
  MINIMUM         46   1159 PM  19    1875  44      2       34
  AVERAGE         57                        54      3       52

PRECIPITATION (IN)
  YESTERDAY        0.75          2.29 2013   0.13   0.62     0.00
  MONTH TO DATE    2.63                      2.22   0.41     5.02
  SINCE MAR 1      7.65                      5.78   1.87     9.09
  SINCE JAN 1     15.15                     10.76   4.39    15.74

SNOWFALL (IN)
  YESTERDAY       MM             1.2  1901   0.0   MM        0.0
  MONTH TO DATE    T                         0.2   -0.2      2.6
  SINCE MAR 1      2.3                       2.8   -0.5     14.2
  SINCE JUL 1     19.4                      25.9   -6.5     23.2
  SNOW DEPTH       0

DEGREE DAYS
 HEATING
  YESTERDAY        8                        12     -4       13
  MONTH TO DATE  191                       256    -65      375
  SINCE MAR 1   1014                       963     51     1176
  SINCE JUL 1   5120                      5106     14     5143

 COOLING
  YESTERDAY        0                         1     -1        0
  MONTH TO DATE    1                         1      0        6
  SINCE MAR 1      1                         3     -2        6
  SINCE JAN 1      1                         3     -2       11
..................................................................


WIND (MPH)
  HIGHEST WIND SPEED    26   HIGHEST WIND DIRECTION    SW (210)
  HIGHEST GUST SPEED    35   HIGHEST GUST DIRECTION    SW (220)
  AVERAGE WIND SPEED    15.2


SKY COVER
  AVERAGE SKY COVER 1.0


WEATHER CONDITIONS
 THE FOLLOWING WEATHER WAS RECORDED YESTERDAY.
  THUNDERSTORM
  RAIN
  LIGHT RAIN
  FOG


RELATIVE HUMIDITY (PERCENT)
 HIGHEST    97           500 AM
 LOWEST     58           200 AM
 AVERAGE    78

..........................................................


THE INDIANAPOLIS IN CLIMATE NORMALS FOR TODAY
                         NORMAL    RECORD    YEAR
 MAXIMUM TEMPERATURE (F)   65        85      2002
 MINIMUM TEMPERATURE (F)   44        23      1983


SUNRISE AND SUNSET
APRIL 19 2019.........SUNRISE   702 AM EDT   SUNSET   827 PM EDT
APRIL 20 2019.........SUNRISE   701 AM EDT   SUNSET   828 PM EDT


-  INDICATES NEGATIVE NUMBERS.
R  INDICATES RECORD WAS SET OR TIED.
MM INDICATES DATA IS MISSING.
T  INDICATES TRACE AMOUNT.




$$
