000
CDUS43 KDLH 212225
CLIINL


CLIMATE REPORT
NATIONAL WEATHER SERVICE DULUTH MN
524 PM CDT SUN APR 21 2019


...................................

...THE INTERNATIONAL FALLS CLIMATE SUMMARY FOR APRIL 21 2019...
VALID TODAY AS OF 0500 PM LOCAL TIME.

CLIMATE NORMAL PERIOD 1981 TO 2010
CLIMATE RECORD PERIOD 1895 TO 2019


WEATHER ITEM   OBSERVED TIME   RECORD YEAR NORMAL DEPARTURE LAST
                VALUE   (LST)  VALUE       VALUE  FROM      YEAR
                                                  NORMAL
..................................................................
TEMPERATURE (F)
 TODAY
  MAXIMUM         63    231 PM  90    1980  55      8       62
  MINIMUM         34   1258 AM  11    1966  30      4       25
  AVERAGE         49                        42      7       44

PRECIPITATION (IN)
  TODAY            0.00          1.00 1964   0.05  -0.05     0.00
  MONTH TO DATE    1.27                      0.97   0.30     0.28
  SINCE MAR 1      2.08                      1.92   0.16     0.63
  SINCE JAN 1      4.42                      3.11   1.31     2.32

SNOWFALL (IN)
  TODAY            0.0           2.4  2012   0.1   -0.1      0.0
  MONTH TO DATE    8.7                       5.2    3.5      3.4
  SINCE JUL 1     71.0                      69.6    1.4     62.2
  SNOW DEPTH       T

DEGREE DAYS
 HEATING
  TODAY           16                        23     -7       21
  MONTH TO DATE  598                       585     13      839
  SINCE MAR 1   1965                      1868     97     2110
  SINCE JUL 1   9848                      9451    397     9890

 COOLING
  TODAY            0                         0      0        0
  MONTH TO DATE    0                         0      0        0
  SINCE MAR 1      0                         0      0        0
  SINCE JAN 1      0                         0      0        0
..................................................................


WIND (MPH)
  HIGHEST WIND SPEED    15   HIGHEST WIND DIRECTION    NE (50)
  HIGHEST GUST SPEED    20   HIGHEST GUST DIRECTION    NE (40)


SKY COVER
  AVERAGE SKY COVER 0.6


WEATHER CONDITIONS
 THE FOLLOWING WEATHER WAS RECORDED TODAY.
  FOG
  FOG W/VISIBILITY <= 1/4 MILE


RELATIVE HUMIDITY (PERCENT)
 HIGHEST   100          1200 AM
 LOWEST     35           400 PM
 AVERAGE    68

..........................................................


THE INTERNATIONAL FALLS CLIMATE NORMALS FOR TOMORROW
                         NORMAL    RECORD    YEAR
 MAXIMUM TEMPERATURE (F)   55        81      1990
 MINIMUM TEMPERATURE (F)   30        17      2004
                                             1910


SUNRISE AND SUNSET
APRIL 21 2019.........SUNRISE   612 AM CDT   SUNSET   813 PM CDT
APRIL 22 2019.........SUNRISE   610 AM CDT   SUNSET   815 PM CDT


-  INDICATES NEGATIVE NUMBERS.
R  INDICATES RECORD WAS SET OR TIED.
MM INDICATES DATA IS MISSING.
T  INDICATES TRACE AMOUNT.




$$
