000
CDUS43 KDLH 160626
CLIINL


CLIMATE REPORT
NATIONAL WEATHER SERVICE DULUTH MN
125 AM CDT SUN JUN 16 2019


...................................

...THE INTERNATIONAL FALLS MN CLIMATE SUMMARY FOR JUNE 15 2019...

CLIMATE NORMAL PERIOD 1981 TO 2010
CLIMATE RECORD PERIOD 1895 TO 2019


WEATHER ITEM   OBSERVED TIME   RECORD YEAR NORMAL DEPARTURE LAST
                VALUE   (LST)  VALUE       VALUE  FROM      YEAR
                                                  NORMAL
..................................................................
TEMPERATURE (F)
 YESTERDAY
  MAXIMUM         69    427 PM  89    1995  73     -4       76
                                      1987
                                      1913
  MINIMUM         38    444 AM  33    1908  49    -11       59
  AVERAGE         54                        61     -7       68

PRECIPITATION (IN)
  YESTERDAY        0.00          1.42 2014   0.13  -0.13     0.23
  MONTH TO DATE    1.22                      1.79  -0.57     1.69
  SINCE JUN 1      1.22                      1.79  -0.57     1.69
  SINCE JAN 1      8.54                      8.32   0.22     7.79

SNOWFALL (IN)
  YESTERDAY        0.0           T    1950   0.0    0.0      0.0
  MONTH TO DATE    T                         0.0    0.0      0.0
  SINCE JUN 1      T                         0.0    0.0      0.0
  SINCE JUL 1     73.1                      71.0    2.1     62.2
  SNOW DEPTH       0

DEGREE DAYS
 HEATING
  YESTERDAY       11                         5      6        0
  MONTH TO DATE  127                       104     23       85
  SINCE JUN 1    127                       104     23       85
  SINCE JUL 1  10697                     10161    536    10444

 COOLING
  YESTERDAY        0                         1     -1        3
  MONTH TO DATE   21                        15      6        6
  SINCE JUN 1     21                        15      6        6
  SINCE JAN 1     21                        24     -3       41
..................................................................


WIND (MPH)
  HIGHEST WIND SPEED    16   HIGHEST WIND DIRECTION     E (100)
  HIGHEST GUST SPEED    22   HIGHEST GUST DIRECTION     E (100)
  AVERAGE WIND SPEED     6.6


SKY COVER
  AVERAGE SKY COVER 0.0


WEATHER CONDITIONS
 THE FOLLOWING WEATHER WAS RECORDED YESTERDAY.
  NO SIGNIFICANT WEATHER WAS OBSERVED.


RELATIVE HUMIDITY (PERCENT)
 HIGHEST   100           400 AM
 LOWEST     37           500 PM
 AVERAGE    69

..........................................................


THE INTERNATIONAL FALLS MN CLIMATE NORMALS FOR TODAY
                         NORMAL    RECORD    YEAR
 MAXIMUM TEMPERATURE (F)   74        94      1923
 MINIMUM TEMPERATURE (F)   49        27      1912


SUNRISE AND SUNSET
JUNE 16 2019..........SUNRISE   511 AM CDT   SUNSET   918 PM CDT
JUNE 17 2019..........SUNRISE   511 AM CDT   SUNSET   918 PM CDT


-  INDICATES NEGATIVE NUMBERS.
R  INDICATES RECORD WAS SET OR TIED.
MM INDICATES DATA IS MISSING.
T  INDICATES TRACE AMOUNT.




$$
