000
CDUS45 KFGZ 160731
CLIINW


CLIMATE REPORT
NATIONAL WEATHER SERVICE FLAGSTAFF, AZ
1231 AM MST SUN JUN 16 2019


...................................

...THE WINSLOW AZ AIRPORT CLIMATE SUMMARY FOR JUNE 15 2019...

CLIMATE NORMAL PERIOD 1981 TO 2010
CLIMATE RECORD PERIOD 1915 TO 2019


WEATHER ITEM   OBSERVED TIME   RECORD YEAR NORMAL DEPARTURE LAST
                VALUE   (LST)  VALUE       VALUE  FROM      YEAR
                                                  NORMAL
..................................................................
TEMPERATURE (F)
 YESTERDAY
  MAXIMUM         92    152 PM 104    2000  92      0       94
  MINIMUM         53    402 AM  40    1976  54     -1       57
  AVERAGE         73                        73      0       76

PRECIPITATION (IN)
  YESTERDAY        0.00          0.40 1921   0.00   0.00      T
  MONTH TO DATE    0.00                      0.07  -0.07      T
  SINCE OCT 1      6.46                      3.78   2.68     0.33
  SINCE JAN 1      2.57                      2.18   0.39     0.31

DEGREE DAYS
 HEATING
  YESTERDAY        0                         0      0        0
  MONTH TO DATE    0                         8     -8        0
  SINCE JUL 1   4431                      4495    -64     3856

 COOLING
  YESTERDAY        8                         8      0       11
  MONTH TO DATE  113                        90     23      168
  SINCE JAN 1    133                       157    -24      283
..................................................................


WIND (MPH)
  HIGHEST WIND SPEED    30   HIGHEST WIND DIRECTION    NW (300)
  HIGHEST GUST SPEED    36   HIGHEST GUST DIRECTION    NW (300)
  AVERAGE WIND SPEED     6.8


SKY COVER
  POSSIBLE SUNSHINE  MM
  AVERAGE SKY COVER 0.2


WEATHER CONDITIONS
 THE FOLLOWING WEATHER WAS RECORDED YESTERDAY.
  NO SIGNIFICANT WEATHER WAS OBSERVED.


RELATIVE HUMIDITY (PERCENT)
 HIGHEST    29           400 AM
 LOWEST     14           200 PM
 AVERAGE    22

..........................................................


THE WINSLOW AZ AIRPORT CLIMATE NORMALS FOR TODAY
                         NORMAL    RECORD    YEAR
 MAXIMUM TEMPERATURE (F)   92       102      1940
 MINIMUM TEMPERATURE (F)   54        42      1981


SUNRISE AND SUNSET
JUNE 16 2019..........SUNRISE   509 AM MST   SUNSET   739 PM MST
JUNE 17 2019..........SUNRISE   509 AM MST   SUNSET   739 PM MST


-  INDICATES NEGATIVE NUMBERS.
R  INDICATES RECORD WAS SET OR TIED.
MM INDICATES DATA IS MISSING.
T  INDICATES TRACE AMOUNT.




$$
