588
CDUS45 KFGZ 220057
CLIINW


CLIMATE REPORT
NATIONAL WEATHER SERVICE FLAGSTAFF, AZ
556 PM MST SUN APR 21 2019


...................................

...THE WINSLOW AZ AIRPORT CLIMATE SUMMARY FOR APRIL 21 2019...
VALID TODAY AS OF 0500 PM LOCAL TIME.

CLIMATE NORMAL PERIOD 1981 TO 2010
CLIMATE RECORD PERIOD 1915 TO 2019


WEATHER ITEM   OBSERVED TIME   RECORD YEAR NORMAL DEPARTURE LAST
                VALUE   (LST)  VALUE       VALUE  FROM      YEAR
                                                  NORMAL
..................................................................
TEMPERATURE (F)
 TODAY
  MAXIMUM         78    232 PM  89    1989  73      5       74
                                      1965
                                      1930
  MINIMUM         54    620 AM  22    1977  38     16       30
  AVERAGE         66                        56     10       52

PRECIPITATION (IN)
  TODAY            0.00          0.14 1985   0.01  -0.01     0.00
  MONTH TO DATE    0.04                      0.20  -0.16     0.08
  SINCE OCT 1      5.93                      3.32   2.61     0.33
  SINCE JAN 1      2.04                      1.72   0.32     0.31

DEGREE DAYS
 HEATING
  TODAY            0                         9     -9       13
  MONTH TO DATE  171                       256    -85      180
  SINCE JUL 1   4183                      4309   -126     3773

 COOLING
  TODAY            1                         0      1        0
  MONTH TO DATE    1                         0      1        7
  SINCE JAN 1      1                         0      1        7
..................................................................


WIND (MPH)
  HIGHEST WIND SPEED    29   HIGHEST WIND DIRECTION    SW (220)
  HIGHEST GUST SPEED    42   HIGHEST GUST DIRECTION     S (200)
  AVERAGE WIND SPEED    16.1


SKY COVER
  POSSIBLE SUNSHINE  MM
  AVERAGE SKY COVER 0.0


WEATHER CONDITIONS
 THE FOLLOWING WEATHER WAS RECORDED TODAY.
  NO SIGNIFICANT WEATHER WAS OBSERVED.


RELATIVE HUMIDITY (PERCENT)
 HIGHEST    41           500 AM
 LOWEST     10           200 PM
 AVERAGE    26

..........................................................


THE WINSLOW AZ AIRPORT CLIMATE NORMALS FOR TOMORROW
                         NORMAL    RECORD    YEAR
 MAXIMUM TEMPERATURE (F)   74        90      2012
 MINIMUM TEMPERATURE (F)   39        20      1963


SUNRISE AND SUNSET
APRIL 21 2019.........SUNRISE   544 AM MST   SUNSET   700 PM MST
APRIL 22 2019.........SUNRISE   542 AM MST   SUNSET   701 PM MST


-  INDICATES NEGATIVE NUMBERS.
R  INDICATES RECORD WAS SET OR TIED.
MM INDICATES DATA IS MISSING.
T  INDICATES TRACE AMOUNT.




$$
