000
CDUS43 KDVN 240925
CLIIOW


CLIMATE REPORT
NATIONAL WEATHER SERVICE QUAD CITIES IA IL
423 AM CDT MON JUN 24 2019


...................................

...THE IOWA CITY IA CLIMATE SUMMARY FOR JUNE 23 2019...

CLIMATE NORMAL PERIOD 1981 TO 2010
CLIMATE RECORD PERIOD 9999 TO 9999


WEATHER ITEM   OBSERVED TIME   RECORD YEAR NORMAL DEPARTURE LAST
                VALUE   (LST)  VALUE       VALUE  FROM      YEAR
                                                  NORMAL
..................................................................
TEMPERATURE (F)
 YESTERDAY
  MAXIMUM         80    231 PM  MM      MM  83     -3       78
  MINIMUM         69    420 AM  MM      MM  63      6       59
  AVERAGE         75                        73      2       69

PRECIPITATION (IN)
  YESTERDAY        0.34         MM      MM   0.14   0.20     0.00
  MONTH TO DATE    3.14                      3.38  -0.24     7.24
  SINCE JUN 1      3.14                      3.38  -0.24     7.24
  SINCE JAN 1     23.49                     15.47   8.02    17.67

DEGREE DAYS
 HEATING
  YESTERDAY        0                         0      0        0
  MONTH TO DATE    6                        14     -8        0
  SINCE JUN 1      6                        14     -8        0
  SINCE JUL 1   6784                      6375    409     6260

 COOLING
  YESTERDAY       10                         9      1        4
  MONTH TO DATE  115                       147    -32      229
  SINCE JUN 1    115                       147    -32      229
  SINCE JAN 1    161                       208    -47      407
..................................................................


WIND (MPH)
  HIGHEST WIND SPEED    16   HIGHEST WIND DIRECTION    SW (240)
  HIGHEST GUST SPEED    23   HIGHEST GUST DIRECTION    SW (230)
  AVERAGE WIND SPEED     6.4


SKY COVER
  POSSIBLE SUNSHINE  MM
  AVERAGE SKY COVER 0.8


WEATHER CONDITIONS
 THE FOLLOWING WEATHER WAS RECORDED YESTERDAY.
  THUNDERSTORM
  HEAVY RAIN
  RAIN
  LIGHT RAIN
  FOG


RELATIVE HUMIDITY (PERCENT)
 HIGHEST   100          1200 AM
 LOWEST     62           200 PM
 AVERAGE    81

..........................................................


THE IOWA CITY IA CLIMATE NORMALS FOR TODAY
                         NORMAL    RECORD    YEAR
 MAXIMUM TEMPERATURE (F)   84        MM        MM
 MINIMUM TEMPERATURE (F)   64        MM        MM


SUNRISE AND SUNSET
JUNE 24 2019..........SUNRISE   533 AM CDT   SUNSET   844 PM CDT
JUNE 25 2019..........SUNRISE   533 AM CDT   SUNSET   845 PM CDT


-  INDICATES NEGATIVE NUMBERS.
R  INDICATES RECORD WAS SET OR TIED.
MM INDICATES DATA IS MISSING.
T  INDICATES TRACE AMOUNT.




$$
