000
CDUS43 KDVN 190909
CLIIOW


CLIMATE REPORT
NATIONAL WEATHER SERVICE QUAD CITIES IA IL
408 AM CDT FRI APR 19 2019


...................................

...THE IOWA CITY IA CLIMATE SUMMARY FOR APRIL 18 2019...

CLIMATE NORMAL PERIOD 1981 TO 2010
CLIMATE RECORD PERIOD 9999 TO 9999


WEATHER ITEM   OBSERVED TIME   RECORD YEAR NORMAL DEPARTURE LAST
                VALUE   (LST)  VALUE       VALUE  FROM      YEAR
                                                  NORMAL
..................................................................
TEMPERATURE (F)
 YESTERDAY
  MAXIMUM         54    351 PM  MM      MM  63     -9       36
  MINIMUM         45   1159 PM  MM      MM  41      4       33
  AVERAGE         50                        52     -2       35

PRECIPITATION (IN)
  YESTERDAY        0.00         MM      MM   0.12  -0.12     0.06
  MONTH TO DATE    1.32                      1.77  -0.45     0.68
  SINCE MAR 1      3.33                      3.99  -0.66     3.82
  SINCE JAN 1      7.53                      6.15   1.38     6.66

DEGREE DAYS
 HEATING
  YESTERDAY       15                        13      2       30
  MONTH TO DATE  272                       291    -19      533
  SINCE MAR 1   1210                      1108    102     1385
  SINCE JUL 1   6426                      6058    368     6094

 COOLING
  YESTERDAY        0                         0      0        0
  MONTH TO DATE    0                         0      0        0
  SINCE MAR 1      0                         0      0        0
  SINCE JAN 1      0                         0      0        0
..................................................................


WIND (MPH)
  HIGHEST WIND SPEED    24   HIGHEST WIND DIRECTION    NW (320)
  HIGHEST GUST SPEED    34   HIGHEST GUST DIRECTION    NW (320)
  AVERAGE WIND SPEED    15.5


SKY COVER
  POSSIBLE SUNSHINE  MM
  AVERAGE SKY COVER 0.8


WEATHER CONDITIONS
 THE FOLLOWING WEATHER WAS RECORDED YESTERDAY.
  NO SIGNIFICANT WEATHER WAS OBSERVED.


RELATIVE HUMIDITY (PERCENT)
 HIGHEST    80          1200 AM
 LOWEST     50           400 PM
 AVERAGE    65

..........................................................


THE IOWA CITY IA CLIMATE NORMALS FOR TODAY
                         NORMAL    RECORD    YEAR
 MAXIMUM TEMPERATURE (F)   63        MM        MM
 MINIMUM TEMPERATURE (F)   41        MM        MM


SUNRISE AND SUNSET
APRIL 19 2019.........SUNRISE   620 AM CDT   SUNSET   751 PM CDT
APRIL 20 2019.........SUNRISE   619 AM CDT   SUNSET   752 PM CDT


-  INDICATES NEGATIVE NUMBERS.
R  INDICATES RECORD WAS SET OR TIED.
MM INDICATES DATA IS MISSING.
T  INDICATES TRACE AMOUNT.




$$
