000
CDUS41 KCTP 240612
CLIIPT


CLIMATE REPORT
NATIONAL WEATHER SERVICE STATE COLLEGE PA
212 AM EDT MON JUN 24 2019


...................................

...THE WILLIAMSPORT PA CLIMATE SUMMARY FOR JUNE 23 2019...

CLIMATE NORMAL PERIOD 1981 TO 2010
CLIMATE RECORD PERIOD 1895 TO 2019


WEATHER ITEM   OBSERVED TIME   RECORD YEAR NORMAL DEPARTURE LAST
                VALUE   (LST)  VALUE       VALUE  FROM      YEAR
                                                  NORMAL
..................................................................
TEMPERATURE (F)
 YESTERDAY
  MAXIMUM         83    459 PM  94    1923  82      1       71
  MINIMUM         52    511 AM  42    1992  60     -8       62
  AVERAGE         68                        71     -3       67

PRECIPITATION (IN)
  YESTERDAY        0.00          1.72 1998   0.13  -0.13     0.12
  MONTH TO DATE    5.84                      3.00   2.84     1.63
  SINCE JUN 1      5.84                      3.00   2.84     1.63
  SINCE JAN 1     25.44                     17.91   7.53    23.14

DEGREE DAYS
 HEATING
  YESTERDAY        0                         0      0        0
  MONTH TO DATE   29                        36     -7       16
  SINCE JUN 1     29                        36     -7       16
  SINCE JUL 1   5596                      5994   -398     5569

 COOLING
  YESTERDAY        3                         6     -3        2
  MONTH TO DATE   66                       100    -34      103
  SINCE JUN 1     66                       100    -34      103
  SINCE JAN 1    118                       143    -25      204
..................................................................


WIND (MPH)
  HIGHEST WIND SPEED    12   HIGHEST WIND DIRECTION    SW (220)
  HIGHEST GUST SPEED    15   HIGHEST GUST DIRECTION    SW (220)
  AVERAGE WIND SPEED     4.0


SKY COVER
  POSSIBLE SUNSHINE  MM
  AVERAGE SKY COVER 0.0


WEATHER CONDITIONS
 THE FOLLOWING WEATHER WAS RECORDED YESTERDAY.
  NO SIGNIFICANT WEATHER WAS OBSERVED.


RELATIVE HUMIDITY (PERCENT)
 HIGHEST    93           200 AM
 LOWEST     31           300 PM
 AVERAGE    62

..........................................................


THE WILLIAMSPORT PA CLIMATE NORMALS FOR TODAY
                         NORMAL    RECORD    YEAR
 MAXIMUM TEMPERATURE (F)   82       100      1923
 MINIMUM TEMPERATURE (F)   60        45      1932
                                             1925


SUNRISE AND SUNSET
JUNE 24 2019..........SUNRISE   536 AM EDT   SUNSET   845 PM EDT
JUNE 25 2019..........SUNRISE   536 AM EDT   SUNSET   845 PM EDT


-  INDICATES NEGATIVE NUMBERS.
R  INDICATES RECORD WAS SET OR TIED.
MM INDICATES DATA IS MISSING.
T  INDICATES TRACE AMOUNT.




$$
