000
CDUS43 KEAX 250635
CLIIRK


CLIMATE REPORT
NATIONAL WEATHER SERVICE KANSAS CITY/PLEASANT HILL MO
135 AM CDT THU APR 25 2019


...................................

...THE KIRKSVILLE MO CLIMATE SUMMARY FOR APRIL 24 2019...

CLIMATE NORMAL PERIOD 1981 TO 2010
CLIMATE RECORD PERIOD 9999 TO 9999


WEATHER ITEM   OBSERVED TIME   NORMAL DEPARTURE LAST
                VALUE   (LST)  VALUE  FROM      YEAR
                                      NORMAL
......................................................
TEMPERATURE (F)
 YESTERDAY
  MAXIMUM         61    519 PM  65     -4       76
  MINIMUM         51   1010 PM  44      7       41
  AVERAGE         56            54      2       59

PRECIPITATION (IN)
  YESTERDAY        0.02          0.16  -0.14     0.00
  MONTH TO DATE    0.82          2.82  -2.00     0.65
  SINCE MAR 1      4.97          5.37  -0.40     3.47
  SINCE JAN 1      8.97          8.17   0.80     7.58

DEGREE DAYS
 HEATING
  YESTERDAY        9            11     -2        6
  MONTH TO DATE  266           345    -79      535
  SINCE MAR 1   1045          1099    -54     1327
  SINCE JUL 1   5732          5632    100     5646

 COOLING
  YESTERDAY        0             0      0        0
  MONTH TO DATE    6             0      6        8
  SINCE MAR 1      6             0      6        8
  SINCE JAN 1      6             0      6        8
......................................................


WIND (MPH)
  HIGHEST WIND SPEED    10   HIGHEST WIND DIRECTION    SE (120)
  HIGHEST GUST SPEED    13   HIGHEST GUST DIRECTION    SE (130)
  AVERAGE WIND SPEED     4.1


SKY COVER
  AVERAGE SKY COVER 0.9


WEATHER CONDITIONS
 THE FOLLOWING WEATHER WAS RECORDED YESTERDAY.
  LIGHT RAIN
  FOG
  FOG W/VISIBILITY <= 1/4 MILE


RELATIVE HUMIDITY (PERCENT)
 HIGHEST   100           400 AM
 LOWEST     78           500 PM
 AVERAGE    89

..........................................................


THE KIRKSVILLE MO CLIMATE NORMALS FOR TODAY
                         NORMAL
 MAXIMUM TEMPERATURE (F)   66
 MINIMUM TEMPERATURE (F)   44


SUNRISE AND SUNSET
APRIL 25 2019.........SUNRISE   618 AM CDT   SUNSET   759 PM CDT
APRIL 26 2019.........SUNRISE   617 AM CDT   SUNSET   800 PM CDT


-  INDICATES NEGATIVE NUMBERS.
R  INDICATES RECORD WAS SET OR TIED.
MM INDICATES DATA IS MISSING.
T  INDICATES TRACE AMOUNT.




$$
