000
CDUS43 KEAX 230635
CLIIRK


CLIMATE REPORT
NATIONAL WEATHER SERVICE KANSAS CITY/PLEASANT HILL MO
135 AM CDT TUE JUL 23 2019


...................................

...THE KIRKSVILLE MO CLIMATE SUMMARY FOR JULY 22 2019...

CLIMATE NORMAL PERIOD 1981 TO 2010
CLIMATE RECORD PERIOD 9999 TO 9999


WEATHER ITEM   OBSERVED TIME   NORMAL DEPARTURE LAST
                VALUE   (LST)  VALUE  FROM      YEAR
                                      NORMAL
......................................................
TEMPERATURE (F)
 YESTERDAY
  MAXIMUM         83    205 PM  86     -3       82
  MINIMUM         64   1159 PM  65     -1       65
  AVERAGE         74            76     -2       74

PRECIPITATION (IN)
  YESTERDAY        0.01          0.17  -0.16     0.00
  MONTH TO DATE    0.58          3.21  -2.63     1.93
  SINCE JUN 1      9.66          7.99   1.67     6.93
  SINCE JAN 1     37.08         22.14  14.94    16.87

DEGREE DAYS
 HEATING
  YESTERDAY        0             0      0        0
  MONTH TO DATE    0             0      0        0
  SINCE JUN 1      5            16    -11        1
  SINCE JUL 1      0             0      0        0

 COOLING
  YESTERDAY        9            11     -2        9
  MONTH TO DATE  324           217    107      292
  SINCE JUN 1    537           409    128      643
  SINCE JAN 1    617           471    146      838
......................................................


WIND (MPH)
  HIGHEST WIND SPEED    21   HIGHEST WIND DIRECTION     N (360)
  HIGHEST GUST SPEED    28   HIGHEST GUST DIRECTION     N (20)
  AVERAGE WIND SPEED    10.5


SKY COVER
  AVERAGE SKY COVER 0.2


WEATHER CONDITIONS
 THE FOLLOWING WEATHER WAS RECORDED YESTERDAY.
  NO SIGNIFICANT WEATHER WAS OBSERVED.


RELATIVE HUMIDITY (PERCENT)
 HIGHEST    93           200 AM
 LOWEST     46           300 PM
 AVERAGE    70

..........................................................


THE KIRKSVILLE MO CLIMATE NORMALS FOR TODAY
                         NORMAL
 MAXIMUM TEMPERATURE (F)   86
 MINIMUM TEMPERATURE (F)   65


SUNRISE AND SUNSET
JULY 23 2019..........SUNRISE   600 AM CDT   SUNSET   833 PM CDT
JULY 24 2019..........SUNRISE   601 AM CDT   SUNSET   832 PM CDT


-  INDICATES NEGATIVE NUMBERS.
R  INDICATES RECORD WAS SET OR TIED.
MM INDICATES DATA IS MISSING.
T  INDICATES TRACE AMOUNT.




$$
