000
CDUS43 KEAX 200050
CLIIRK


CLIMATE REPORT
NATIONAL WEATHER SERVICE KANSAS CITY/PLEASANT HILL MO
750 PM CDT THU APR 19 2018


...................................

...THE KIRKSVILLE MO CLIMATE SUMMARY FOR APRIL 19 2018...
VALID TODAY AS OF 0700 PM LOCAL TIME.

CLIMATE NORMAL PERIOD 1981 TO 2010
CLIMATE RECORD PERIOD 9999 TO 9999


WEATHER ITEM   OBSERVED TIME   NORMAL DEPARTURE LAST
                VALUE   (LST)  VALUE  FROM      YEAR
                                      NORMAL
......................................................
TEMPERATURE (F)
 TODAY
  MAXIMUM         57    422 PM  64     -7       84
  MINIMUM         28    536 AM  42    -14       60
  AVERAGE         43            53    -10       72

PRECIPITATION (IN)
  TODAY            0.00          0.15  -0.15     0.00
  MONTH TO DATE    0.65          2.04  -1.39     2.69
  SINCE MAR 1      3.47          4.59  -1.12     6.33
  SINCE JAN 1      7.58          7.39   0.19     8.19

DEGREE DAYS
 HEATING
  TODAY           22            12     10        0
  MONTH TO DATE  486           288    198      153
  SINCE MAR 1   1278          1042    236      795
  SINCE JUL 1   5597          5575     22     4324

 COOLING
  TODAY            0             0      0        7
  MONTH TO DATE    8             0      8       24
  SINCE MAR 1      8             0      8       24
  SINCE JAN 1      8             0      8       24
......................................................


WIND (MPH)
  HIGHEST WIND SPEED    14   HIGHEST WIND DIRECTION    NE (30)
  HIGHEST GUST SPEED    22   HIGHEST GUST DIRECTION     N (20)
  AVERAGE WIND SPEED     7.7


SKY COVER
  AVERAGE SKY COVER 0.3


WEATHER CONDITIONS
 THE FOLLOWING WEATHER WAS RECORDED TODAY.
  NO SIGNIFICANT WEATHER WAS OBSERVED.


RELATIVE HUMIDITY (PERCENT)
 HIGHEST   100           600 AM
 LOWEST     35           500 PM
 AVERAGE    68

..........................................................


THE KIRKSVILLE MO CLIMATE NORMALS FOR TOMORROW
                         NORMAL
 MAXIMUM TEMPERATURE (F)   64
 MINIMUM TEMPERATURE (F)   42


SUNRISE AND SUNSET
APRIL 19 2018.........SUNRISE   626 AM CDT   SUNSET   753 PM CDT
APRIL 20 2018.........SUNRISE   625 AM CDT   SUNSET   754 PM CDT


-  INDICATES NEGATIVE NUMBERS.
R  INDICATES RECORD WAS SET OR TIED.
MM INDICATES DATA IS MISSING.
T  INDICATES TRACE AMOUNT.




$$
