000
CDUS43 KBIS 220030
CLIISN


CLIMATE REPORT
NATIONAL WEATHER SERVICE BISMARCK ND
730 PM CDT SUN APR 21 2019


...................................

...THE WILLISTON ND CLIMATE SUMMARY FOR APRIL 21 2019...
VALID TODAY AS OF 0500 PM LOCAL TIME.

CLIMATE NORMAL PERIOD 1981 TO 2010
CLIMATE RECORD PERIOD 1894 TO 2019


WEATHER ITEM   OBSERVED TIME   RECORD YEAR NORMAL DEPARTURE LAST
                VALUE   (LST)  VALUE       VALUE  FROM      YEAR
                                                  NORMAL
..................................................................
TEMPERATURE (F)
 TODAY
  MAXIMUM         66    431 PM  92    1980  60      6       69
  MINIMUM         46    907 AM  17    1909  32     14       37
  AVERAGE         56                        46     10       53

PRECIPITATION (IN)
  TODAY            0.07          0.25 1967   0.04   0.03     0.00
  MONTH TO DATE    0.41                      0.63  -0.22     0.17
  SINCE MAR 1      0.42                      1.34  -0.92     1.93
  SINCE JAN 1      2.35                      2.32   0.03     2.50

SNOWFALL (IN)
  TODAY           MM

DEGREE DAYS
 HEATING
  TODAY            9                        19    -10       12
  MONTH TO DATE  436                       493    -57      746
  SINCE MAR 1   1713                      1600    113     2005
  SINCE JUL 1   8698                      8368    330     8859

 COOLING
  TODAY            0                         0      0        0
  MONTH TO DATE    0                         0      0        0
  SINCE MAR 1      0                         0      0        0
  SINCE JAN 1      0                         0      0        0
..................................................................


WIND (MPH)
  HIGHEST WIND SPEED    15   HIGHEST WIND DIRECTION    NW (320)
  HIGHEST GUST SPEED    21   HIGHEST GUST DIRECTION     N (340)
  AVERAGE WIND SPEED     7.1


SKY COVER
  POSSIBLE SUNSHINE  MM
  AVERAGE SKY COVER 0.8


WEATHER CONDITIONS
 THE FOLLOWING WEATHER WAS RECORDED TODAY.
  LIGHT RAIN


RELATIVE HUMIDITY (PERCENT)
 HIGHEST    80           600 AM
 LOWEST     19           500 PM
 AVERAGE    50

..........................................................


THE WILLISTON ND CLIMATE NORMALS FOR TOMORROW
                         NORMAL    RECORD    YEAR
 MAXIMUM TEMPERATURE (F)   60        89      1989
 MINIMUM TEMPERATURE (F)   32        12      1909


SUNRISE AND SUNSET
APRIL 21 2019.........SUNRISE   654 AM CDT   SUNSET   854 PM CDT
APRIL 22 2019.........SUNRISE   652 AM CDT   SUNSET   855 PM CDT


-  INDICATES NEGATIVE NUMBERS.
R  INDICATES RECORD WAS SET OR TIED.
MM INDICATES DATA IS MISSING.
T  INDICATES TRACE AMOUNT.




$$
