000
CDUS43 KBIS 170026
CLIISN


CLIMATE REPORT
NATIONAL WEATHER SERVICE BISMARCK ND
725 PM CDT SUN JUN 16 2019


...................................

...THE WILLISTON ND CLIMATE SUMMARY FOR JUNE 16 2019...
VALID TODAY AS OF 0500 PM LOCAL TIME.

CLIMATE NORMAL PERIOD 1981 TO 2010
CLIMATE RECORD PERIOD 1894 TO 2019


WEATHER ITEM   OBSERVED TIME   RECORD YEAR NORMAL DEPARTURE LAST
                VALUE   (LST)  VALUE       VALUE  FROM      YEAR
                                                  NORMAL
..................................................................
TEMPERATURE (F)
 TODAY
  MAXIMUM         70    424 PM 108    1931  77     -7       65
  MINIMUM         47    157 AM  30    1915  50     -3       57
  AVERAGE         59                        64     -5       61

PRECIPITATION (IN)
  TODAY            0.00          1.71 1932   0.08  -0.08     0.15
  MONTH TO DATE    0.53                      1.26  -0.73     1.02
  SINCE JUN 1      0.53                      1.26  -0.73     1.02
  SINCE JAN 1      4.30                      5.87  -1.57     5.33

SNOWFALL (IN)
  TODAY           MM

DEGREE DAYS
 HEATING
  TODAY            6                         4      2        4
  MONTH TO DATE   49                        85    -36       22
  SINCE JUN 1     49                        85    -36       22
  SINCE JUL 1   9386                      8959    427     9185

 COOLING
  TODAY            0                         2     -2        0
  MONTH TO DATE   32                        25      7       49
  SINCE JUN 1     32                        25      7       49
  SINCE JAN 1     38                        38      0       92
..................................................................


WIND (MPH)
  HIGHEST WIND SPEED    13   HIGHEST WIND DIRECTION     N (10)
  HIGHEST GUST SPEED    17   HIGHEST GUST DIRECTION    NE (30)
  AVERAGE WIND SPEED     6.8


SKY COVER
  POSSIBLE SUNSHINE  MM
  AVERAGE SKY COVER 0.7


WEATHER CONDITIONS
 THE FOLLOWING WEATHER WAS RECORDED TODAY.
  NO SIGNIFICANT WEATHER WAS OBSERVED.


RELATIVE HUMIDITY (PERCENT)
 HIGHEST   100           200 AM
 LOWEST     45           400 PM
 AVERAGE    73

..........................................................


THE WILLISTON ND CLIMATE NORMALS FOR TOMORROW
                         NORMAL    RECORD    YEAR
 MAXIMUM TEMPERATURE (F)   77       102      1988
 MINIMUM TEMPERATURE (F)   50        34      2004


SUNRISE AND SUNSET
JUNE 16 2019..........SUNRISE   554 AM CDT   SUNSET   957 PM CDT
JUNE 17 2019..........SUNRISE   554 AM CDT   SUNSET   957 PM CDT


-  INDICATES NEGATIVE NUMBERS.
R  INDICATES RECORD WAS SET OR TIED.
MM INDICATES DATA IS MISSING.
T  INDICATES TRACE AMOUNT.




$$
