340
CDUS43 KBIS 250728
CLIISN


CLIMATE REPORT
NATIONAL WEATHER SERVICE BISMARCK ND
227 AM CDT WED APR 25 2018


...................................

...THE WILLISTON ND CLIMATE SUMMARY FOR APRIL 24 2018...

CLIMATE NORMAL PERIOD 1981 TO 2010
CLIMATE RECORD PERIOD 1894 TO 2018


WEATHER ITEM   OBSERVED TIME   RECORD YEAR NORMAL DEPARTURE LAST
                VALUE   (LST)  VALUE       VALUE  FROM      YEAR
                                                  NORMAL
..................................................................
TEMPERATURE (F)
 YESTERDAY
  MAXIMUM         63    500 PM  90    2012  61      2       38
                                      1962
  MINIMUM         21    556 AM  17    1907  33    -12       30
  AVERAGE         42                        47     -5       34

PRECIPITATION (IN)
  YESTERDAY        0.00          0.92 2016   0.04  -0.04     0.12
  MONTH TO DATE    0.17                      0.74  -0.57     0.50
  SINCE MAR 1      1.93                      1.45   0.48     1.35
  SINCE JAN 1      2.50                      2.43   0.07     2.49

DEGREE DAYS
 HEATING
  YESTERDAY       23                        18      5       31
  MONTH TO DATE  805                       549    256      479
  SINCE MAR 1   2064                      1656    408     1519
  SINCE JUL 1   8918                      8424    494     7541

 COOLING
  YESTERDAY        0                         0      0        0
  MONTH TO DATE    0                         0      0        0
  SINCE MAR 1      0                         0      0        0
  SINCE JAN 1      0                         0      0        0
..................................................................


WIND (MPH)
  HIGHEST WIND SPEED    15   HIGHEST WIND DIRECTION    SW (210)
  HIGHEST GUST SPEED    20   HIGHEST GUST DIRECTION    SW (230)
  AVERAGE WIND SPEED     4.9


SKY COVER
  POSSIBLE SUNSHINE  MM
  AVERAGE SKY COVER 0.0


WEATHER CONDITIONS
 THE FOLLOWING WEATHER WAS RECORDED YESTERDAY.
  NO SIGNIFICANT WEATHER WAS OBSERVED.


RELATIVE HUMIDITY (PERCENT)
 HIGHEST    88           300 AM
 LOWEST     20           500 PM
 AVERAGE    54

..........................................................


THE WILLISTON ND CLIMATE NORMALS FOR TODAY
                         NORMAL    RECORD    YEAR
 MAXIMUM TEMPERATURE (F)   61        84      1977
 MINIMUM TEMPERATURE (F)   33        15      1907


SUNRISE AND SUNSET
APRIL 25 2018.........SUNRISE   646 AM CDT   SUNSET   900 PM CDT
APRIL 26 2018.........SUNRISE   644 AM CDT   SUNSET   901 PM CDT


-  INDICATES NEGATIVE NUMBERS.
R  INDICATES RECORD WAS SET OR TIED.
MM INDICATES DATA IS MISSING.
T  INDICATES TRACE AMOUNT.




$$
