000
CDHW43 PHFO 171245
CLIITO


CLIMATE REPORT
NATIONAL WEATHER SERVICE HONOLULU HI
245 AM HST MON JUN 17 2019


...................................

...THE HILO HI CLIMATE SUMMARY FOR JUNE 16 2019...

CLIMATE NORMAL PERIOD 1981 TO 2010
CLIMATE RECORD PERIOD 1949 TO 2019


WEATHER ITEM   OBSERVED TIME   RECORD YEAR NORMAL DEPARTURE LAST
                VALUE   (LST)  VALUE       VALUE  FROM      YEAR
                                                  NORMAL
..................................................................
TEMPERATURE (F)
 YESTERDAY
  MAXIMUM         85   1143 AM  89    1971  82      3       83
                                      1969
  MINIMUM         69    609 AM  63    1999  68      1       69
  AVERAGE         77                        75      2       76

PRECIPITATION (IN)
  YESTERDAY        0.09          1.35 1990   0.25  -0.16     0.01
  MONTH TO DATE    3.01                      3.58  -0.57     3.96
  SINCE JUN 1      3.01                      3.58  -0.57     3.96
  SINCE JAN 1     37.54                     55.49 -17.95    67.29

SNOWFALL (IN)
  YESTERDAY        0.0
  MONTH TO DATE    0.0
  SINCE JUN 1      0.0
  SINCE JUL 1      0.0
  SNOW DEPTH      MM

DEGREE DAYS
 HEATING
  YESTERDAY        0                         0      0        0
  MONTH TO DATE    0                         0      0        0
  SINCE JUN 1      0                         0      0        0
  SINCE JUL 1      1                         0      1        0

 COOLING
  YESTERDAY       12                        10      2       11
  MONTH TO DATE  187                       160     27      183
  SINCE JUN 1    187                       160     27      183
  SINCE JAN 1   1380                      1228    152     1586
..................................................................


WIND (MPH)
  HIGHEST WIND SPEED    16   HIGHEST WIND DIRECTION     E (80)
  HIGHEST GUST SPEED    24   HIGHEST GUST DIRECTION     E (80)
  AVERAGE WIND SPEED     5.8


SKY COVER
  POSSIBLE SUNSHINE  MM
  AVERAGE SKY COVER  MM


WEATHER CONDITIONS
 THE FOLLOWING WEATHER WAS RECORDED YESTERDAY.
  FOG


RELATIVE HUMIDITY (PERCENT)
 HIGHEST    MM
 LOWEST     MM
 AVERAGE    MM

..........................................................


THE HILO HI CLIMATE NORMALS FOR TODAY
                         NORMAL    RECORD    YEAR
 MAXIMUM TEMPERATURE (F)   82        86      1995
                                             1971
                                             1969
 MINIMUM TEMPERATURE (F)   68        64      1958


SUNRISE AND SUNSET
JUNE 17 2019..........SUNRISE   542 AM HST   SUNSET   701 PM HST
JUNE 18 2019..........SUNRISE   542 AM HST   SUNSET   701 PM HST


-  INDICATES NEGATIVE NUMBERS.
R  INDICATES RECORD WAS SET OR TIED.
MM INDICATES DATA IS MISSING.
T  INDICATES TRACE AMOUNT.




$$
