000
CDHW43 PHFO 181245
CLIITO


CLIMATE REPORT
NATIONAL WEATHER SERVICE HONOLULU HI
245 AM HST THU APR 18 2019


...................................

...THE HILO HI CLIMATE SUMMARY FOR APRIL 17 2019...

CLIMATE NORMAL PERIOD 1981 TO 2010
CLIMATE RECORD PERIOD 1946 TO 2019


WEATHER ITEM   OBSERVED TIME   RECORD YEAR NORMAL DEPARTURE LAST
                VALUE   (LST)  VALUE       VALUE  FROM      YEAR
                                                  NORMAL
..................................................................
TEMPERATURE (F)
 YESTERDAY
  MAXIMUM         81    242 PM  87    1977  79      2       81
  MINIMUM         68   1159 PM  62    2000  66      2       67
                                      1955
  AVERAGE         75                        72      3       74

PRECIPITATION (IN)
  YESTERDAY        0.04          6.51 1963   0.38  -0.34     0.27
  MONTH TO DATE   11.22                      7.04   4.18     7.74
  SINCE MAR 1     15.89                     20.47  -4.58    18.67
  SINCE JAN 1     28.39                     39.29 -10.90    48.75

SNOWFALL (IN)
  YESTERDAY        0.0
  MONTH TO DATE    0.0
  SINCE MAR 1      0.0
  SINCE JUL 1      0.0
  SNOW DEPTH      MM

DEGREE DAYS
 HEATING
  YESTERDAY        0                         0      0        0
  MONTH TO DATE    0                         0      0        0
  SINCE MAR 1      0                         0      0        0
  SINCE JUL 1      1                         0      1        0

 COOLING
  YESTERDAY       10                         7      3        9
  MONTH TO DATE  144                       119     25      181
  SINCE MAR 1    339                       330      9      467
  SINCE JAN 1    731                       700     31      975
..................................................................


WIND (MPH)
  HIGHEST WIND SPEED    14   HIGHEST WIND DIRECTION    NE (40)
  HIGHEST GUST SPEED    19   HIGHEST GUST DIRECTION    NE (50)
  AVERAGE WIND SPEED     6.5


SKY COVER
  POSSIBLE SUNSHINE  MM
  AVERAGE SKY COVER  MM


WEATHER CONDITIONS
 THE FOLLOWING WEATHER WAS RECORDED YESTERDAY.
  FOG


RELATIVE HUMIDITY (PERCENT)
 HIGHEST    MM
 LOWEST     MM
 AVERAGE    MM

..........................................................


THE HILO HI CLIMATE NORMALS FOR TODAY
                         NORMAL    RECORD    YEAR
 MAXIMUM TEMPERATURE (F)   79        87      1986
 MINIMUM TEMPERATURE (F)   66        61      1973
                                             1970


SUNRISE AND SUNSET
APRIL 18 2019.........SUNRISE   600 AM HST   SUNSET   639 PM HST
APRIL 19 2019.........SUNRISE   559 AM HST   SUNSET   640 PM HST


-  INDICATES NEGATIVE NUMBERS.
R  INDICATES RECORD WAS SET OR TIED.
MM INDICATES DATA IS MISSING.
T  INDICATES TRACE AMOUNT.




$$
