000
CDHW43 PHFO 251245
CLIITO


CLIMATE REPORT
NATIONAL WEATHER SERVICE HONOLULU HI
245 AM HST WED APR 25 2018


...................................

...THE HILO HI CLIMATE SUMMARY FOR APRIL 24 2018...

CLIMATE NORMAL PERIOD 1981 TO 2010
CLIMATE RECORD PERIOD 1946 TO 2018


WEATHER ITEM   OBSERVED TIME   RECORD YEAR NORMAL DEPARTURE LAST
                VALUE   (LST)  VALUE       VALUE  FROM      YEAR
                                                  NORMAL
..................................................................
TEMPERATURE (F)
 YESTERDAY
  MAXIMUM         81    231 PM  85    1980  79      2       83
                                      1965
  MINIMUM         67    604 AM  63    2010  66      1       65
                                      2002
                                      1979
  AVERAGE         74                        72      2       74

PRECIPITATION (IN)
  YESTERDAY        0.59          3.57 1967   0.36   0.23     0.00
  MONTH TO DATE   10.26                      9.57   0.69     4.15
  SINCE MAR 1     21.19                     23.00  -1.81     7.55
  SINCE JAN 1     51.27                     41.82   9.45    26.04

SNOWFALL (IN)
  YESTERDAY        0.0
  MONTH TO DATE    0.0
  SINCE MAR 1      0.0
  SINCE JUL 1      0.0
  SNOW DEPTH      MM

DEGREE DAYS
 HEATING
  YESTERDAY        0                         0      0        0
  MONTH TO DATE    0                         0      0        0
  SINCE MAR 1      0                         0      0        0
  SINCE JUL 1      0                         0      0        0

 COOLING
  YESTERDAY        9                         7      2        9
  MONTH TO DATE  247                       168     79      223
  SINCE MAR 1    533                       379    154      525
  SINCE JAN 1   1041                       749    292      934
..................................................................


WIND (MPH)
  HIGHEST WIND SPEED    17   HIGHEST WIND DIRECTION     E (70)
  HIGHEST GUST SPEED    22   HIGHEST GUST DIRECTION     E (70)
  AVERAGE WIND SPEED     7.5


SKY COVER
  POSSIBLE SUNSHINE  MM
  AVERAGE SKY COVER  MM


WEATHER CONDITIONS
 THE FOLLOWING WEATHER WAS RECORDED YESTERDAY.
  FOG


RELATIVE HUMIDITY (PERCENT)
 HIGHEST    MM
 LOWEST     MM
 AVERAGE    MM

..........................................................


THE HILO HI CLIMATE NORMALS FOR TODAY
                         NORMAL    RECORD    YEAR
 MAXIMUM TEMPERATURE (F)   79        85      2017
                                             1980
                                             1977
 MINIMUM TEMPERATURE (F)   66        62      2007
                                             1982
                                             1974


SUNRISE AND SUNSET
APRIL 25 2018.........SUNRISE   555 AM HST   SUNSET   641 PM HST
APRIL 26 2018.........SUNRISE   554 AM HST   SUNSET   642 PM HST


-  INDICATES NEGATIVE NUMBERS.
R  INDICATES RECORD WAS SET OR TIED.
MM INDICATES DATA IS MISSING.
T  INDICATES TRACE AMOUNT.




$$
