984
CDUS43 KGLD 160740
CLIITR

CLIMATE REPORT
NATIONAL WEATHER SERVICE GOODLAND
138 AM MDT WED OCT 16 2019

...................................

...THE BURLINGTON CO CLIMATE SUMMARY FOR OCTOBER 15 2019...

CLIMATE NORMAL PERIOD 1981 TO 2010
CLIMATE RECORD PERIOD 1896 TO 2019


WEATHER ITEM   OBSERVED TIME   RECORD YEAR NORMAL DEPARTURE LAST
                VALUE   (LST)  VALUE       VALUE  FROM      YEAR
                                                  NORMAL
..................................................................
TEMPERATURE (F)
 YESTERDAY
  MAXIMUM         64    254 PM  89    1938  66     -2       48
  MINIMUM         29   1146 PM  14    2018  37     -8       14
  AVERAGE         47                        51     -4       31

PRECIPITATION (IN)
  YESTERDAY        0.00                      0.05  -0.05     0.00
  MONTH TO DATE    0.01                      0.59  -0.58     1.69
  SINCE SEP 1      0.33                      1.73  -1.40     2.41
  SINCE JAN 1     14.36                     15.88  -1.52    15.78

..................................................................

THE BURLINGTON CO CLIMATE NORMALS FOR TODAY
                         NORMAL    RECORD    YEAR
 MAXIMUM TEMPERATURE (F)   65        89      2016
                                             1991
 MINIMUM TEMPERATURE (F)   36        21      1969



-  INDICATES NEGATIVE NUMBERS.
R  INDICATES RECORD WAS SET OR TIED.
MM INDICATES DATA IS MISSING.
T  INDICATES TRACE AMOUNT.




$$
