000
CDUS43 KGLD 200039
CLIITR

CLIMATE REPORT
NATIONAL WEATHER SERVICE GOODLAND
637 PM MDT FRI APR 19 2019

...................................

...THE BURLINGTON CO CLIMATE SUMMARY FOR APRIL 19 2019...
VALID TODAY AS OF 0600 PM LOCAL TIME.

CLIMATE NORMAL PERIOD 1981 TO 2010
CLIMATE RECORD PERIOD 1896 TO 2019


WEATHER ITEM   OBSERVED TIME   RECORD YEAR NORMAL DEPARTURE LAST
                VALUE   (LST)  VALUE       VALUE  FROM      YEAR
                                                  NORMAL
..................................................................
TEMPERATURE (F)
 TODAY
  MAXIMUM         75    441 PM  89    2001  63     12       63
                                      1948
  MINIMUM         28    530 AM  17    1966  34     -6       24
  AVERAGE         52                        49      3       44

PRECIPITATION (IN)
  TODAY            0.00                      0.06  -0.06     0.00
  MONTH TO DATE    0.12                      0.75  -0.63     0.79
  SINCE MAR 1      1.01                      1.64  -0.63     1.10
  SINCE JAN 1      1.91                      2.44  -0.53     2.66

..................................................................

THE BURLINGTON CO CLIMATE NORMALS FOR TOMORROW
                         NORMAL    RECORD    YEAR
 MAXIMUM TEMPERATURE (F)   63        89      1962
 MINIMUM TEMPERATURE (F)   35        21      1953



-  INDICATES NEGATIVE NUMBERS.
R  INDICATES RECORD WAS SET OR TIED.
MM INDICATES DATA IS MISSING.
T  INDICATES TRACE AMOUNT.




$$
