000
CDUS44 KJAN 260636
CLIJAN


CLIMATE REPORT
NATIONAL WEATHER SERVICE JACKSON MS
134 AM CDT FRI APR 26 2019


...................................

...THE JACKSON CLIMATE SUMMARY FOR APRIL 25 2019...

CLIMATE NORMAL PERIOD 1981 TO 2010
CLIMATE RECORD PERIOD 1896 TO 2019


WEATHER ITEM   OBSERVED TIME   RECORD YEAR NORMAL DEPARTURE LAST
                VALUE   (LST)  VALUE       VALUE  FROM      YEAR
                                                  NORMAL
..................................................................
TEMPERATURE (F)
 YESTERDAY
  MAXIMUM         77    346 PM  90    1925  78     -1       79
  MINIMUM         63   1159 PM  31    1910  55      8       48
  AVERAGE         70                        66      4       64

PRECIPITATION (IN)
  YESTERDAY        1.24          3.48 1929   0.15   1.09      T
  MONTH TO DATE    8.70                      4.27   4.43     8.58
  SINCE MAR 1     12.58                      9.31   3.27    17.77
  SINCE JAN 1     22.22                     19.04   3.18    31.38

SNOWFALL (IN)
  YESTERDAY        0.0           0.0    MM   0.0    0.0      0.0
  MONTH TO DATE    0.0                       0.0    0.0      0.0
  SINCE MAR 1      0.0                       0.1   -0.1      0.0
  SINCE JUL 1      0.3                       0.8   -0.5      5.9

DEGREE DAYS
 HEATING
  YESTERDAY        0                         2     -2        1
  MONTH TO DATE   84                       100    -16      145
  SINCE MAR 1    384                       378      6      373
  SINCE JUL 1   2095                      2370   -275     2043

 COOLING
  YESTERDAY        5                         3      2        0
  MONTH TO DATE   60                        60      0       22
  SINCE MAR 1     82                        87     -5       62
  SINCE JAN 1    110                        97     13      127
..................................................................


WIND (MPH)
  HIGHEST WIND SPEED    23   HIGHEST WIND DIRECTION     W (290)
  HIGHEST GUST SPEED    34   HIGHEST GUST DIRECTION     W (280)
  AVERAGE WIND SPEED     8.4


SKY COVER
  POSSIBLE SUNSHINE  MM
  AVERAGE SKY COVER 0.7


WEATHER CONDITIONS
 THE FOLLOWING WEATHER WAS RECORDED YESTERDAY.
  THUNDERSTORM
  HEAVY RAIN
  RAIN
  LIGHT RAIN
  FOG


RELATIVE HUMIDITY (PERCENT)
 HIGHEST    93           100 AM
 LOWEST     64           400 PM
 AVERAGE    79

..........................................................


THE JACKSON CLIMATE NORMALS FOR TODAY
                         NORMAL    RECORD    YEAR
 MAXIMUM TEMPERATURE (F)   78        90      1989
                                             1925
 MINIMUM TEMPERATURE (F)   55        36      1910


SUNRISE AND SUNSET
APRIL 26 2019.........SUNRISE   619 AM CDT   SUNSET   738 PM CDT
APRIL 27 2019.........SUNRISE   618 AM CDT   SUNSET   738 PM CDT


-  INDICATES NEGATIVE NUMBERS.
R  INDICATES RECORD WAS SET OR TIED.
MM INDICATES DATA IS MISSING.
T  INDICATES TRACE AMOUNT.

&&

AT 1 AM:

THE PEARL RIVER STAGE AT JACKSON WAS 24.4 FEET. THE RIVER HAS
FALLEN 0.4 FEET OVER THE PAST 24 HOURS.

THE MISSISSIPPI RIVER STAGE AT VICKSBURG WAS 47.0 FEET. THE RIVER
HAS RISEN 0.2 FEET OVER THE PAST 24 HOURS.


$$
