896
CDUS44 KJAN 180630
CLIJAN


CLIMATE REPORT
NATIONAL WEATHER SERVICE JACKSON MS
129 AM CDT THU JUL 18 2019


...................................

...THE JACKSON CLIMATE SUMMARY FOR JULY 17 2019...

CLIMATE NORMAL PERIOD 1981 TO 2010
CLIMATE RECORD PERIOD 1896 TO 2019


WEATHER ITEM   OBSERVED TIME   RECORD YEAR NORMAL DEPARTURE LAST
                VALUE   (LST)  VALUE       VALUE  FROM      YEAR
                                                  NORMAL
..................................................................
TEMPERATURE (F)
 YESTERDAY
  MAXIMUM         92    403 PM 104    1902  92      0       88
  MINIMUM         75   1159 PM  61    1926  72      3       73
  AVERAGE         84                        82      2       81

PRECIPITATION (IN)
  YESTERDAY        0.00          4.98 1933   0.15  -0.15     0.11
  MONTH TO DATE    3.81                      2.63   1.18     1.92
  SINCE JUN 1      6.80                      6.75   0.05     4.38
  SINCE JAN 1     36.04                     30.86   5.18    43.78

SNOWFALL (IN)
  YESTERDAY        0.0           0.0  2002   0.0    0.0      0.0
                                      2001
  MONTH TO DATE    0.0                       0.0    0.0      0.0
  SINCE JUN 1      0.0                       0.0    0.0      0.0
  SINCE JUL 1      0.0                       0.0    0.0      0.0

DEGREE DAYS
 HEATING
  YESTERDAY        0                         0      0        0
  MONTH TO DATE    0                         0      0        0
  SINCE JUN 1      0                         0      0        0
  SINCE JUL 1      0                         0      0        0

 COOLING
  YESTERDAY       19                        17      2       16
  MONTH TO DATE  318                       282     36      302
  SINCE JUN 1    751                       704     47      780
  SINCE JAN 1   1207                      1062    145     1268
..................................................................


WIND (MPH)
  HIGHEST WIND SPEED    13   HIGHEST WIND DIRECTION     S (200)
  HIGHEST GUST SPEED    16   HIGHEST GUST DIRECTION    SW (210)
  AVERAGE WIND SPEED     5.0


SKY COVER
  POSSIBLE SUNSHINE  MM
  AVERAGE SKY COVER 0.4


WEATHER CONDITIONS
 THE FOLLOWING WEATHER WAS RECORDED YESTERDAY.
  FOG


RELATIVE HUMIDITY (PERCENT)
 HIGHEST    94           100 AM
 LOWEST     52           100 PM
 AVERAGE    73

..........................................................


THE JACKSON CLIMATE NORMALS FOR TODAY
                         NORMAL    RECORD    YEAR
 MAXIMUM TEMPERATURE (F)   92       104      1944
 MINIMUM TEMPERATURE (F)   72        61      1967


SUNRISE AND SUNSET
JULY 18 2019..........SUNRISE   606 AM CDT   SUNSET   807 PM CDT
JULY 19 2019..........SUNRISE   607 AM CDT   SUNSET   806 PM CDT


-  INDICATES NEGATIVE NUMBERS.
R  INDICATES RECORD WAS SET OR TIED.
MM INDICATES DATA IS MISSING.
T  INDICATES TRACE AMOUNT.

&&

AT 1 AM:

THE PEARL RIVER STAGE AT JACKSON WAS 15.6 FEET. THE RIVER HAS
RISEN BY 0.5 FEET OVER THE PAST 24 HOURS.

THE MISSISSIPPI RIVER STAGE AT VICKSBURG WAS 48.2 FEET. THE RIVER
HAS FALLEN BY 0.5 FEET OVER THE PAST 24 HOURS.


$$
