000
CDUS42 KJAX 200553
CLIJAX


CLIMATE REPORT
NATIONAL WEATHER SERVICE JACKSONVILLE FL
152 AM EDT SAT APR 20 2019


...................................

...THE JACKSONVILLE CLIMATE SUMMARY FOR APRIL 19 2019...

CLIMATE NORMAL PERIOD 1981 TO 2010
CLIMATE RECORD PERIOD 1871 TO 2019


WEATHER ITEM   OBSERVED TIME   RECORD YEAR NORMAL DEPARTURE LAST
                VALUE   (LST)  VALUE       VALUE  FROM      YEAR
                                                  NORMAL
..................................................................
TEMPERATURE (F)
 YESTERDAY
  MAXIMUM         84   1107 AM  92    1995  80      4       87
                                      1968
  MINIMUM         60   1159 PM  36    2001  55      5       58
  AVERAGE         72                        68      4       73

PRECIPITATION (IN)
  YESTERDAY        0.76          4.53 1900   0.09   0.67     0.00
  MONTH TO DATE    2.57                      1.82   0.75     2.10
  SINCE MAR 1      4.61                      5.77  -1.16     4.24
  SINCE JAN 1     10.81                     12.26  -1.45     9.61

SNOWFALL (IN)
  YESTERDAY        0.0           0.0  2002   0.0    0.0      0.0
                                      2001
  MONTH TO DATE    0.0                       0.0    0.0      0.0
  SINCE MAR 1      0.0                       T      0.0       T
  SINCE JUL 1      0.0                       T      0.0       T
  SNOW DEPTH       0

DEGREE DAYS
 HEATING
  YESTERDAY        0                         1     -1        0
  MONTH TO DATE   31                        45    -14       34
  SINCE MAR 1    161                       201    -40      236
  SINCE JUL 1    964                      1334   -370     1102

 COOLING
  YESTERDAY        7                         4      3        8
  MONTH TO DATE  123                        60     63       60
  SINCE MAR 1    181                       114     67      100
  SINCE JAN 1    275                       143    132      215
..................................................................


WIND (MPH)
  HIGHEST WIND SPEED    36   HIGHEST WIND DIRECTION    SW (240)
  HIGHEST GUST SPEED    52   HIGHEST GUST DIRECTION     W (270)
  AVERAGE WIND SPEED    15.3


SKY COVER
  POSSIBLE SUNSHINE  MM
  AVERAGE SKY COVER 0.8


WEATHER CONDITIONS
 THE FOLLOWING WEATHER WAS RECORDED YESTERDAY.
  THUNDERSTORM
  HEAVY RAIN
  RAIN
  LIGHT RAIN
  FOG
  HAZE


RELATIVE HUMIDITY (PERCENT)
 HIGHEST    93           500 AM
 LOWEST     63           800 PM
 AVERAGE    78

..........................................................


THE JACKSONVILLE CLIMATE NORMALS FOR TODAY
                         NORMAL    RECORD    YEAR
 MAXIMUM TEMPERATURE (F)   80        92      1995
                                             1968
 MINIMUM TEMPERATURE (F)   55        40      1983


SUNRISE AND SUNSET
APRIL 20 2019.........SUNRISE   654 AM EDT   SUNSET   758 PM EDT
APRIL 21 2019.........SUNRISE   653 AM EDT   SUNSET   758 PM EDT


-  INDICATES NEGATIVE NUMBERS.
R  INDICATES RECORD WAS SET OR TIED.
MM INDICATES DATA IS MISSING.
T  INDICATES TRACE AMOUNT.




$$
