000
CDUS42 KJAX 250533
CLIJAX


CLIMATE REPORT
NATIONAL WEATHER SERVICE JACKSONVILLE FL
132 AM EDT TUE JUN 25 2019


...................................

...THE JACKSONVILLE CLIMATE SUMMARY FOR JUNE 24 2019...

CLIMATE NORMAL PERIOD 1981 TO 2010
CLIMATE RECORD PERIOD 1871 TO 2019


WEATHER ITEM   OBSERVED TIME   RECORD YEAR NORMAL DEPARTURE LAST
                VALUE   (LST)  VALUE       VALUE  FROM      YEAR
                                                  NORMAL
..................................................................
TEMPERATURE (F)
 YESTERDAY
  MAXIMUM         99    312 PM 101    1914  91      8       95
  MINIMUM         72    456 AM  63    2003  71      1       76
                                      1947
  AVERAGE         86                        81      5       86

PRECIPITATION (IN)
  YESTERDAY        0.00          4.60 1945   0.23  -0.23     0.00
  MONTH TO DATE    4.15                      5.04  -0.89     6.53
  SINCE JUN 1      4.15                      5.04  -0.89     6.53
  SINCE JAN 1     16.71                     20.60  -3.89    25.18

SNOWFALL (IN)
  YESTERDAY        0.0           0.0  2002   0.0    0.0      0.0
                                      2001
  MONTH TO DATE    0.0                       0.0    0.0      0.0
  SINCE JUN 1      0.0                       0.0    0.0      0.0
  SINCE JUL 1      0.0                       T      0.0       T
  SNOW DEPTH       0

DEGREE DAYS
 HEATING
  YESTERDAY        0                         0      0        0
  MONTH TO DATE    0                         0      0        0
  SINCE JUN 1      0                         0      0        0
  SINCE JUL 1    972                      1349   -377     1103

 COOLING
  YESTERDAY       21                        16      5       21
  MONTH TO DATE  425                       351     74      404
  SINCE JUN 1    425                       351     74      404
  SINCE JAN 1   1171                       835    336     1000
..................................................................


WIND (MPH)
  HIGHEST WIND SPEED    18   HIGHEST WIND DIRECTION     W (250)
  HIGHEST GUST SPEED    26   HIGHEST GUST DIRECTION     W (250)
  AVERAGE WIND SPEED     5.8


SKY COVER
  POSSIBLE SUNSHINE  MM
  AVERAGE SKY COVER 0.4


WEATHER CONDITIONS
 THE FOLLOWING WEATHER WAS RECORDED YESTERDAY.
  NO SIGNIFICANT WEATHER WAS OBSERVED.


RELATIVE HUMIDITY (PERCENT)
 HIGHEST    93           300 AM
 LOWEST     31           300 PM
 AVERAGE    62

..........................................................


THE JACKSONVILLE CLIMATE NORMALS FOR TODAY
                         NORMAL    RECORD    YEAR
 MAXIMUM TEMPERATURE (F)   91        99      2016
                                             1952
                                             1914
 MINIMUM TEMPERATURE (F)   71        64      1889


SUNRISE AND SUNSET
JUNE 25 2019..........SUNRISE   626 AM EDT   SUNSET   833 PM EDT
JUNE 26 2019..........SUNRISE   626 AM EDT   SUNSET   833 PM EDT


-  INDICATES NEGATIVE NUMBERS.
R  INDICATES RECORD WAS SET OR TIED.
MM INDICATES DATA IS MISSING.
T  INDICATES TRACE AMOUNT.




$$
