000
CDUS44 KMEG 250639
CLIJBR


CLIMATE REPORT
NATIONAL WEATHER SERVICE MEMPHIS TN
138 AM CDT THU APR 25 2019


...................................

...THE JONESBORO CLIMATE SUMMARY FOR APRIL 24 2019...

CLIMATE NORMAL PERIOD 1981 TO 2010
CLIMATE RECORD PERIOD 1897 TO 2019


WEATHER ITEM   OBSERVED TIME   RECORD YEAR NORMAL DEPARTURE LAST
                VALUE   (LST)  VALUE       VALUE  FROM      YEAR
                                                  NORMAL
..................................................................
TEMPERATURE (F)
 YESTERDAY
  MAXIMUM         80    308 PM  90    1965  73      7       70
  MINIMUM         57    349 AM  30    1910  52      5       52
  AVERAGE         69                        62      7       61

PRECIPITATION (IN)
  YESTERDAY        T             2.60 1908   0.18  -0.18     0.00
  MONTH TO DATE    4.06                      3.89   0.17     4.88
  SINCE MAR 1      8.50                      8.39   0.11     8.75
  SINCE JAN 1     23.54                     15.54   8.00    25.40

DEGREE DAYS
 HEATING
  YESTERDAY        0                         4     -4        4
  MONTH TO DATE  134                       176    -42      307
  SINCE MAR 1    667                       640     27      705
  SINCE JUL 1   3483                      3596   -113     3488

 COOLING
  YESTERDAY        4                         2      2        0
  MONTH TO DATE   21                        29     -8        9
  SINCE MAR 1     21                        35    -14       11
  SINCE JAN 1     21                        35    -14       16
..................................................................


WIND (MPH)
  HIGHEST WIND SPEED    22   HIGHEST WIND DIRECTION     S (200)
  HIGHEST GUST SPEED    27   HIGHEST GUST DIRECTION    SW (240)
  AVERAGE WIND SPEED     7.4


SKY COVER
  POSSIBLE SUNSHINE  MM
  AVERAGE SKY COVER 0.4


WEATHER CONDITIONS
 THE FOLLOWING WEATHER WAS RECORDED YESTERDAY.
  LIGHT RAIN


RELATIVE HUMIDITY (PERCENT)
 HIGHEST   100           200 AM
 LOWEST     58           100 PM
 AVERAGE    79

..........................................................


THE JONESBORO CLIMATE NORMALS FOR TODAY
                         NORMAL    RECORD    YEAR
 MAXIMUM TEMPERATURE (F)   73        95      1901
 MINIMUM TEMPERATURE (F)   52        30      1910


SUNRISE AND SUNSET
APRIL 25 2019.........SUNRISE   617 AM CDT   SUNSET   744 PM CDT
APRIL 26 2019.........SUNRISE   616 AM CDT   SUNSET   745 PM CDT


-  INDICATES NEGATIVE NUMBERS.
R  INDICATES RECORD WAS SET OR TIED.
MM INDICATES DATA IS MISSING.
T  INDICATES TRACE AMOUNT.




$$
