182
CDUS44 KMEG 230633
CLIJBR


CLIMATE REPORT
NATIONAL WEATHER SERVICE MEMPHIS TN
132 AM CDT TUE JUL 23 2019


...................................

...THE JONESBORO CLIMATE SUMMARY FOR JULY 22 2019...

CLIMATE NORMAL PERIOD 1981 TO 2010
CLIMATE RECORD PERIOD 1897 TO 2019


WEATHER ITEM   OBSERVED TIME   RECORD YEAR NORMAL DEPARTURE LAST
                VALUE   (LST)  VALUE       VALUE  FROM      YEAR
                                                  NORMAL
..................................................................
TEMPERATURE (F)
 YESTERDAY
  MAXIMUM         85    232 PM 108    1901  91     -6       91
  MINIMUM         72   1152 PM  56    1944  71      1       70
                                      1902
  AVERAGE         79                        81     -2       81

PRECIPITATION (IN)
  YESTERDAY        T             1.78 1992   0.11  -0.11     0.00
  MONTH TO DATE    4.53                      2.73   1.80     1.12
  SINCE JUN 1      7.96                      6.48   1.48     3.95
  SINCE JAN 1     43.01                     27.76  15.25    34.54

DEGREE DAYS
 HEATING
  YESTERDAY        0                         0      0        0
  MONTH TO DATE    0                         0      0        0
  SINCE JUN 1      0                         1     -1        0
  SINCE JUL 1      0                         0      0        0

 COOLING
  YESTERDAY       14                        16     -2       16
  MONTH TO DATE  391                       351     40      418
  SINCE JUN 1    776                       734     42      917
  SINCE JAN 1   1060                       947    113     1299
..................................................................


WIND (MPH)
  HIGHEST WIND SPEED    17   HIGHEST WIND DIRECTION     N (10)
  HIGHEST GUST SPEED    25   HIGHEST GUST DIRECTION    NW (330)
  AVERAGE WIND SPEED     8.1


SKY COVER
  POSSIBLE SUNSHINE  MM
  AVERAGE SKY COVER 0.5


WEATHER CONDITIONS
 THE FOLLOWING WEATHER WAS RECORDED YESTERDAY.
  NO SIGNIFICANT WEATHER WAS OBSERVED.


RELATIVE HUMIDITY (PERCENT)
 HIGHEST    91           500 AM
 LOWEST     64           700 PM
 AVERAGE    78

..........................................................


THE JONESBORO CLIMATE NORMALS FOR TODAY
                         NORMAL    RECORD    YEAR
 MAXIMUM TEMPERATURE (F)   91       113      1901
 MINIMUM TEMPERATURE (F)   71        54      1897


SUNRISE AND SUNSET
JULY 23 2019..........SUNRISE   603 AM CDT   SUNSET   814 PM CDT
JULY 24 2019..........SUNRISE   604 AM CDT   SUNSET   814 PM CDT


-  INDICATES NEGATIVE NUMBERS.
R  INDICATES RECORD WAS SET OR TIED.
MM INDICATES DATA IS MISSING.
T  INDICATES TRACE AMOUNT.




$$
