000
CDUS45 KBOI 240931
CLIJER


CLIMATE REPORT
NATIONAL WEATHER SERVICE BOISE ID
330 AM MDT MON JUN 24 2019


...................................

...THE JEROME ID CLIMATE SUMMARY FOR JUNE 23 2019...

CLIMATE NORMAL PERIOD 1981 TO 2010
CLIMATE RECORD PERIOD 1915 TO 2019


WEATHER ITEM   OBSERVED TIME   RECORD YEAR NORMAL DEPARTURE LAST
                VALUE   (LST)  VALUE       VALUE  FROM      YEAR
                                                  NORMAL
..................................................................
TEMPERATURE (F)
 YESTERDAY
  MAXIMUM         78    250 PM 101    1988  80     -2       78
  MINIMUM         46    529 AM  37    2003  52     -6       56
                                      1916
  AVERAGE         62                        66     -4       67

PRECIPITATION (IN)
  YESTERDAY        0.00          0.25 1969   0.01  -0.01      T
  MONTH TO DATE    0.16                      0.72  -0.56     0.38
  SINCE OCT 1     10.77                      9.84   0.93     8.03
  SINCE JAN 1      7.58                      6.32   1.26     5.48

DEGREE DAYS
 HEATING
  YESTERDAY        3                         2      1        0
  MONTH TO DATE   83                        96    -13       62
  SINCE JUN 1     83                        96    -13       62
  SINCE JUL 1   6108                      6623   -515     5876

 COOLING
  YESTERDAY        0                         3     -3        2
  MONTH TO DATE   61                        41     20       50
  SINCE JUN 1     61                        41     20       50
  SINCE JAN 1     63                        54      9       71
..................................................................


WIND (MPH)
  HIGHEST WIND SPEED    24   HIGHEST WIND DIRECTION    NW (310)
  HIGHEST GUST SPEED    32   HIGHEST GUST DIRECTION    NW (310)
  AVERAGE WIND SPEED     9.9


SKY COVER
  AVERAGE SKY COVER 0.1


WEATHER CONDITIONS
 THE FOLLOWING WEATHER WAS RECORDED YESTERDAY.
  HAZE


RELATIVE HUMIDITY (PERCENT)
 HIGHEST    52           500 AM
 LOWEST     22           500 PM
 AVERAGE    37

..........................................................


THE JEROME ID CLIMATE NORMALS FOR TODAY
                         NORMAL    RECORD    YEAR
 MAXIMUM TEMPERATURE (F)   81       100      1992
                                             1988
                                             1974
 MINIMUM TEMPERATURE (F)   52        37      1985


SUNRISE AND SUNSET
JUNE 24 2019..........SUNRISE   601 AM MDT   SUNSET   920 PM MDT
JUNE 25 2019..........SUNRISE   601 AM MDT   SUNSET   920 PM MDT


-  INDICATES NEGATIVE NUMBERS.
R  INDICATES RECORD WAS SET OR TIED.
MM INDICATES DATA IS MISSING.
T  INDICATES TRACE AMOUNT.




$$
