585
CDUS45 KBOI 190939
CLIJER


CLIMATE REPORT
NATIONAL WEATHER SERVICE BOISE ID
338 AM MDT THU APR 19 2018


...................................

...THE JEROME ID CLIMATE SUMMARY FOR APRIL 18 2018...

CLIMATE NORMAL PERIOD 1981 TO 2010
CLIMATE RECORD PERIOD 1915 TO 2018


WEATHER ITEM   OBSERVED TIME   RECORD YEAR NORMAL DEPARTURE LAST
                VALUE   (LST)  VALUE       VALUE  FROM      YEAR
                                                  NORMAL
..................................................................
TEMPERATURE (F)
 YESTERDAY
  MAXIMUM         61    256 PM  86    1936  59      2       53
  MINIMUM         28    543 AM  20    1968  35     -7       40
  AVERAGE         45                        47     -2       47

PRECIPITATION (IN)
  YESTERDAY        0.00          0.42 1992   0.04  -0.04     0.26
  MONTH TO DATE    0.57                      0.78  -0.21     0.74
  SINCE OCT 1      5.83                      7.32  -1.49     9.28
  SINCE JAN 1      3.28                      3.80  -0.52     4.76

DEGREE DAYS
 HEATING
  YESTERDAY       20                        18      2       18
  MONTH TO DATE  329                       351    -22      352
  SINCE MAR 1   1096                      1120    -24      978
  SINCE JUL 1   5517                      6007   -490     5401

 COOLING
  YESTERDAY        0                         0      0        0
  MONTH TO DATE    0                         0      0        0
  SINCE MAR 1      0                         0      0        0
  SINCE JAN 1      0                         0      0        0
..................................................................


WIND (MPH)
  HIGHEST WIND SPEED    21   HIGHEST WIND DIRECTION     E (70)
  HIGHEST GUST SPEED    28   HIGHEST GUST DIRECTION    NE (50)
  AVERAGE WIND SPEED    11.6


SKY COVER
  AVERAGE SKY COVER 0.2


WEATHER CONDITIONS
 THE FOLLOWING WEATHER WAS RECORDED YESTERDAY.
  NO SIGNIFICANT WEATHER WAS OBSERVED.


RELATIVE HUMIDITY (PERCENT)
 HIGHEST    69           200 AM
 LOWEST     20           300 PM
 AVERAGE    45

..........................................................


THE JEROME ID CLIMATE NORMALS FOR TODAY
                         NORMAL    RECORD    YEAR
 MAXIMUM TEMPERATURE (F)   59        89      1962
 MINIMUM TEMPERATURE (F)   36        23      1982


SUNRISE AND SUNSET
APRIL 19 2018.........SUNRISE   650 AM MDT   SUNSET   825 PM MDT
APRIL 20 2018.........SUNRISE   648 AM MDT   SUNSET   826 PM MDT


-  INDICATES NEGATIVE NUMBERS.
R  INDICATES RECORD WAS SET OR TIED.
MM INDICATES DATA IS MISSING.
T  INDICATES TRACE AMOUNT.




$$
