000
CDUS45 KBOI 180930
CLIJER


CLIMATE REPORT
NATIONAL WEATHER SERVICE BOISE ID
330 AM MDT THU APR 18 2019


...................................

...THE JEROME ID CLIMATE SUMMARY FOR APRIL 17 2019...

CLIMATE NORMAL PERIOD 1981 TO 2010
CLIMATE RECORD PERIOD 1915 TO 2019


WEATHER ITEM   OBSERVED TIME   RECORD YEAR NORMAL DEPARTURE LAST
                VALUE   (LST)  VALUE       VALUE  FROM      YEAR
                                                  NORMAL
..................................................................
TEMPERATURE (F)
 YESTERDAY
  MAXIMUM         61    325 PM  89    1936  59      2       49
  MINIMUM         36    625 AM  18    1964  35      1       30
  AVERAGE         49                        47      2       40

PRECIPITATION (IN)
  YESTERDAY        0.00          0.65 2006   0.05  -0.05      T
  MONTH TO DATE    1.34                      0.74   0.60     0.57
  SINCE OCT 1      8.53                      7.28   1.25     5.83
  SINCE JAN 1      5.34                      3.76   1.58     3.28

DEGREE DAYS
 HEATING
  YESTERDAY       16                        18     -2       25
  MONTH TO DATE  279                       333    -54      309
  SINCE MAR 1   1047                      1102    -55     1076
  SINCE JUL 1   5581                      5989   -408     5497

 COOLING
  YESTERDAY        0                         0      0        0
  MONTH TO DATE    0                         0      0        0
  SINCE MAR 1      0                         0      0        0
  SINCE JAN 1      0                         0      0        0
..................................................................


WIND (MPH)
  HIGHEST WIND SPEED    31   HIGHEST WIND DIRECTION     W (250)
  HIGHEST GUST SPEED    37   HIGHEST GUST DIRECTION     W (250)
  AVERAGE WIND SPEED    16.2


SKY COVER
  AVERAGE SKY COVER 0.2


WEATHER CONDITIONS
 THE FOLLOWING WEATHER WAS RECORDED YESTERDAY.
  NO SIGNIFICANT WEATHER WAS OBSERVED.


RELATIVE HUMIDITY (PERCENT)
 HIGHEST    82           200 AM
 LOWEST     40           300 PM
 AVERAGE    61

..........................................................


THE JEROME ID CLIMATE NORMALS FOR TODAY
                         NORMAL    RECORD    YEAR
 MAXIMUM TEMPERATURE (F)   59        86      1936
 MINIMUM TEMPERATURE (F)   35        20      1968


SUNRISE AND SUNSET
APRIL 18 2019.........SUNRISE   652 AM MDT   SUNSET   823 PM MDT
APRIL 19 2019.........SUNRISE   650 AM MDT   SUNSET   824 PM MDT


-  INDICATES NEGATIVE NUMBERS.
R  INDICATES RECORD WAS SET OR TIED.
MM INDICATES DATA IS MISSING.
T  INDICATES TRACE AMOUNT.




$$
