000
CDUS41 KOKX 182035
CLIJFK


CLIMATE REPORT
NATIONAL WEATHER SERVICE NEW YORK NY
435 PM EDT THU APR 18 2019


...................................

...THE KENNEDY NY CLIMATE SUMMARY FOR APRIL 18 2019...
VALID TODAY AS OF 0400 PM LOCAL TIME.

CLIMATE NORMAL PERIOD 1981 TO 2010
CLIMATE RECORD PERIOD 1948 TO 2019


WEATHER ITEM   OBSERVED TIME   RECORD YEAR NORMAL DEPARTURE LAST
                VALUE   (LST)  VALUE       VALUE  FROM      YEAR
                                                  NORMAL
..................................................................
TEMPERATURE (F)
 TODAY
  MAXIMUM         58    235 PM  86    2002  60     -2       53
  MINIMUM         49    423 AM  35    2003  44      5       37
  AVERAGE         54                        52      2       45

PRECIPITATION (IN)
  TODAY            T             0.56 1997   0.13  -0.13     0.00
  MONTH TO DATE    2.06                      2.40  -0.34     2.51
  SINCE MAR 1      6.02                      6.18  -0.16     7.59
  SINCE JAN 1     13.59                     11.93   1.66    15.36

SNOWFALL (IN)
  TODAY            0.0          MM      MM   0.0    0.0      0.0
  MONTH TO DATE    0.0                       0.7   -0.7      3.7
  SINCE OCT 1     14.7                      23.7   -9.0     35.5
  SINCE JUL 1     14.7                      23.7   -9.0     35.5
  SNOW DEPTH       0

DEGREE DAYS
 HEATING
  TODAY           11                        13     -2       20
  MONTH TO DATE  255                       285    -30      365
  SINCE MAR 1   1020                      1010     10     1153
  SINCE JUL 1   4511                      4521    -10     4532

 COOLING
  TODAY            0                         0      0        0
  MONTH TO DATE    0                         0      0        0
  SINCE MAR 1      0                         0      0        0
  SINCE JAN 1      0                         0      0        0
..................................................................


WIND (MPH)
  HIGHEST WIND SPEED    29   HIGHEST WIND DIRECTION     E (110)
  HIGHEST GUST SPEED    37   HIGHEST GUST DIRECTION     E (110)
  AVERAGE WIND SPEED    15.5


SKY COVER
  AVERAGE SKY COVER 1.0


WEATHER CONDITIONS
 THE FOLLOWING WEATHER WAS RECORDED TODAY.
  LIGHT RAIN
  FOG


RELATIVE HUMIDITY (PERCENT)
 HIGHEST    93           300 PM
 LOWEST     63           600 AM
 AVERAGE    78

..........................................................


THE KENNEDY NY CLIMATE NORMALS FOR TOMORROW
                         NORMAL    RECORD    YEAR
 MAXIMUM TEMPERATURE (F)   60        84      1985
 MINIMUM TEMPERATURE (F)   45        34      2001


SUNRISE AND SUNSET
APRIL 18 2019.........SUNRISE   612 AM EDT   SUNSET   737 PM EDT
APRIL 19 2019.........SUNRISE   611 AM EDT   SUNSET   738 PM EDT


-  INDICATES NEGATIVE NUMBERS.
R  INDICATES RECORD WAS SET OR TIED.
MM INDICATES DATA IS MISSING.
T  INDICATES TRACE AMOUNT.




$$
