000
CDUS41 KOKX 200618
CLIJFK


CLIMATE REPORT
NATIONAL WEATHER SERVICE NEW YORK NY
218 AM EDT THU JUN 20 2019


...................................

...THE KENNEDY NY CLIMATE SUMMARY FOR JUNE 19 2019...

CLIMATE NORMAL PERIOD 1981 TO 2010
CLIMATE RECORD PERIOD 1948 TO 2019


WEATHER ITEM   OBSERVED TIME   RECORD YEAR NORMAL DEPARTURE LAST
                VALUE   (LST)  VALUE       VALUE  FROM      YEAR
                                                  NORMAL
..................................................................
TEMPERATURE (F)
 YESTERDAY
  MAXIMUM         69    159 PM  98    1994  79    -10       89
  MINIMUM         65   1034 PM  54    1965  64      1       72
  AVERAGE         67                        72     -5       81

PRECIPITATION (IN)
  YESTERDAY        0.03          1.22 1967   0.12  -0.09     0.02
  MONTH TO DATE    3.70                      2.60   1.10     2.43
  SINCE JUN 1      3.70                      2.60   1.10     2.43
  SINCE JAN 1     26.47                     19.94   6.53    22.65

SNOWFALL (IN)
  YESTERDAY        0.0          MM      MM   0.0    0.0      0.0
  MONTH TO DATE    0.0                       0.0    0.0      0.0
  SINCE OCT 1     14.7                      23.8   -9.1     35.5
  SINCE JUL 1     14.7                      23.8   -9.1     35.5
  SNOW DEPTH       0

DEGREE DAYS
 HEATING
  YESTERDAY        0                         0      0        0
  MONTH TO DATE    7                        20    -13       21
  SINCE JUN 1      7                        20    -13       21
  SINCE JUL 1   4794                      4838    -44     4816

 COOLING
  YESTERDAY        2                         7     -5       16
  MONTH TO DATE   63                        90    -27       82
  SINCE JUN 1     63                        90    -27       82
  SINCE JAN 1    100                       125    -25      135
..................................................................


WIND (MPH)
  HIGHEST WIND SPEED    14   HIGHEST WIND DIRECTION     E (100)
  HIGHEST GUST SPEED    16   HIGHEST GUST DIRECTION     E (100)
  AVERAGE WIND SPEED     7.8


SKY COVER
  POSSIBLE SUNSHINE  MM
  AVERAGE SKY COVER 1.0


WEATHER CONDITIONS
 THE FOLLOWING WEATHER WAS RECORDED YESTERDAY.
  LIGHT RAIN
  FOG


RELATIVE HUMIDITY (PERCENT)
 HIGHEST   100          1200 AM
 LOWEST     90           200 PM
 AVERAGE    95

..........................................................


THE KENNEDY NY CLIMATE NORMALS FOR TODAY
                         NORMAL    RECORD    YEAR
 MAXIMUM TEMPERATURE (F)   80        94      2012
 MINIMUM TEMPERATURE (F)   64        55      2005
                                             1959


SUNRISE AND SUNSET
JUNE 20 2019..........SUNRISE   524 AM EDT   SUNSET   829 PM EDT
JUNE 21 2019..........SUNRISE   524 AM EDT   SUNSET   830 PM EDT


-  INDICATES NEGATIVE NUMBERS.
R  INDICATES RECORD WAS SET OR TIED.
MM INDICATES DATA IS MISSING.
T  INDICATES TRACE AMOUNT.




$$
