000
CDUS43 KJKL 232054
CLIJKL

CLIMATE REPORT
NATIONAL WEATHER SERVICE JACKSON KY
453 PM EDT TUE APR 23 2019

...................................

...THE JACKSON KY CLIMATE SUMMARY FOR APRIL 23 2019...
VALID TODAY AS OF 0400 PM LOCAL TIME.

CLIMATE NORMAL PERIOD 1981 TO 2010
CLIMATE RECORD PERIOD 1981 TO 2019


WEATHER ITEM   OBSERVED TIME   RECORD YEAR NORMAL DEPARTURE LAST
                VALUE   (LST)  VALUE       VALUE  FROM      YEAR
                                                  NORMAL
..................................................................
TEMPERATURE (F)
 TODAY
  MAXIMUM         82    241 PM  88    1988  70     12       61
  MINIMUM         56    608 AM  25    1986  49      7       52
  AVERAGE         69                        60      9       57

PRECIPITATION (IN)
  TODAY            0.00          1.82 1995   0.14  -0.14     0.57
  MONTH TO DATE    2.38                      2.88  -0.50     3.78
  SINCE MAR 1      4.78                      7.00  -2.22    10.75
  SINCE JAN 1     17.91                     14.36   3.55    20.67

SNOWFALL (IN)
  TODAY            0.0           T    2005   0.0    0.0      0.0
  MONTH TO DATE    T                         1.0   -1.0      0.7
  SINCE MAR 1      2.3                       3.9   -1.6     12.1
  SINCE JUL 1     10.4                      23.5  -13.1     22.5
  SNOW DEPTH       0

DEGREE DAYS
 HEATING
  TODAY            0                         7     -7        8
  MONTH TO DATE  155                       226    -71      322
  SINCE MAR 1    781                       779      2      974
  SINCE JUL 1   3931                      4079   -148     4076

 COOLING
  TODAY            4                         2      2        0
  MONTH TO DATE   25                        27     -2       13
  SINCE MAR 1     25                        34     -9       13
  SINCE JAN 1     25                        34     -9       25
..................................................................


WIND (MPH)
  HIGHEST WIND SPEED    15   HIGHEST WIND DIRECTION    SW (240)
  HIGHEST GUST SPEED    27   HIGHEST GUST DIRECTION     W (260)
  AVERAGE WIND SPEED     5.2


SKY COVER
  POSSIBLE SUNSHINE  MM
  AVERAGE SKY COVER 0.0


WEATHER CONDITIONS
 THE FOLLOWING WEATHER WAS RECORDED TODAY.
  NO SIGNIFICANT WEATHER WAS OBSERVED.


RELATIVE HUMIDITY (PERCENT)
 HIGHEST    62           500 AM
 LOWEST     26           300 PM
 AVERAGE    44

..........................................................


THE JACKSON KY CLIMATE NORMALS FOR TOMORROW
                         NORMAL    RECORD    YEAR
 MAXIMUM TEMPERATURE (F)   70        90      2009
 MINIMUM TEMPERATURE (F)   49        32      2005


SUNRISE AND SUNSET
APRIL 23 2019.........SUNRISE   648 AM EDT   SUNSET   816 PM EDT
APRIL 24 2019.........SUNRISE   647 AM EDT   SUNSET   817 PM EDT


-  INDICATES NEGATIVE NUMBERS.
R  INDICATES RECORD WAS SET OR TIED.
MM INDICATES DATA IS MISSING.
T  INDICATES TRACE AMOUNT.




$$
