000
CDUS43 KSGF 162227
CLIJLN


CLIMATE REPORT
NATIONAL WEATHER SERVICE SPRINGFIELD MO
527 PM CDT SUN JUN 16 2019


...................................

...THE JOPLIN MO CLIMATE SUMMARY FOR JUNE 16 2019...
VALID TODAY AS OF 0500 PM LOCAL TIME.

CLIMATE NORMAL PERIOD 1981 TO 2010
CLIMATE RECORD PERIOD 1902 TO 2019


WEATHER ITEM   OBSERVED TIME   RECORD YEAR NORMAL DEPARTURE LAST
                VALUE   (LST)  VALUE       VALUE  FROM      YEAR
                                                  NORMAL
..................................................................
TEMPERATURE (F)
 TODAY
  MAXIMUM         77    359 PM  95    2016  86     -9       92
                                      1952
  MINIMUM         64    349 AM  46    1989  65     -1       74
  AVERAGE         71                        76     -5       83

PRECIPITATION (IN)
  TODAY            1.16          1.53 1988   0.21   0.95     0.00
  MONTH TO DATE    2.25                      3.24  -0.99     1.23
  SINCE JUN 1      2.25                      3.24  -0.99     1.23
  SINCE JAN 1     30.40                     21.19   9.21    14.58

DEGREE DAYS
 HEATING
  TODAY            0                         0      0        0
  MONTH TO DATE    1                         2     -1        0
  SINCE JUN 1      1                         2     -1        0
  SINCE JUL 1   4416                      4071    345     4087

 COOLING
  TODAY            6                        11     -5       18
  MONTH TO DATE  110                       142    -32      224
  SINCE JUN 1    110                       142    -32      224
  SINCE JAN 1    263                       322    -59      522
..................................................................


WIND (MPH)
  HIGHEST WIND SPEED    24   HIGHEST WIND DIRECTION     N (350)
  HIGHEST GUST SPEED    35   HIGHEST GUST DIRECTION     N (340)


SKY COVER
  AVERAGE SKY COVER 0.9


WEATHER CONDITIONS
 THE FOLLOWING WEATHER WAS RECORDED TODAY.
  THUNDERSTORM
  HEAVY RAIN
  RAIN
  LIGHT RAIN
  FOG


RELATIVE HUMIDITY (PERCENT)
 HIGHEST    84           800 AM
 LOWEST     64           200 AM
 AVERAGE    74

..........................................................


THE JOPLIN MO CLIMATE NORMALS FOR TOMORROW
                         NORMAL    RECORD    YEAR
 MAXIMUM TEMPERATURE (F)   86       100      1953
 MINIMUM TEMPERATURE (F)   66        51      1960


SUNRISE AND SUNSET
JUNE 16 2019..........SUNRISE   557 AM CDT   SUNSET   840 PM CDT
JUNE 17 2019..........SUNRISE   558 AM CDT   SUNSET   840 PM CDT


-  INDICATES NEGATIVE NUMBERS.
R  INDICATES RECORD WAS SET OR TIED.
MM INDICATES DATA IS MISSING.
T  INDICATES TRACE AMOUNT.




$$
