001
CDUS43 KSGF 210636
CLIJLN


CLIMATE REPORT
NATIONAL WEATHER SERVICE SPRINGFIELD MO
136 AM CDT SUN APR 21 2019


...................................

...THE JOPLIN MO CLIMATE SUMMARY FOR APRIL 20 2019...

CLIMATE NORMAL PERIOD 1981 TO 2010
CLIMATE RECORD PERIOD 1902 TO 2019


WEATHER ITEM   OBSERVED TIME   RECORD YEAR NORMAL DEPARTURE LAST
                VALUE   (LST)  VALUE       VALUE  FROM      YEAR
                                                  NORMAL
..................................................................
TEMPERATURE (F)
 YESTERDAY
  MAXIMUM         72    515 PM  92    1987  72      0       65
  MINIMUM         35    557 AM  29    1953  48    -13       36
  AVERAGE         54                        60     -6       51

PRECIPITATION (IN)
  YESTERDAY        0.00          2.48 1966   0.16  -0.16     0.00
  MONTH TO DATE    1.67                      2.70  -1.03     0.42
  SINCE MAR 1      4.51                      6.12  -1.61     2.72
  SINCE JAN 1      9.10                     10.47  -1.37     8.13

DEGREE DAYS
 HEATING
  YESTERDAY       11                         7      4       14
  MONTH TO DATE  171                       186    -15      341
  SINCE MAR 1    800                       694    106      833
  SINCE JUL 1   4314                      3948    366     4021

 COOLING
  YESTERDAY        0                         2     -2        0
  MONTH TO DATE   22                        24     -2       12
  SINCE MAR 1     22                        33    -11       12
  SINCE JAN 1     22                        34    -12       12
..................................................................


WIND (MPH)
  HIGHEST WIND SPEED    14   HIGHEST WIND DIRECTION    SW (210)
  HIGHEST GUST SPEED    21   HIGHEST GUST DIRECTION     S (200)
  AVERAGE WIND SPEED     5.7


SKY COVER
  AVERAGE SKY COVER 0.0


WEATHER CONDITIONS
 THE FOLLOWING WEATHER WAS RECORDED YESTERDAY.
  NO SIGNIFICANT WEATHER WAS OBSERVED.


RELATIVE HUMIDITY (PERCENT)
 HIGHEST    92           200 AM
 LOWEST     33           200 PM
 AVERAGE    63

..........................................................


THE JOPLIN MO CLIMATE NORMALS FOR TODAY
                         NORMAL    RECORD    YEAR
 MAXIMUM TEMPERATURE (F)   72        90      1963
 MINIMUM TEMPERATURE (F)   49        30      1966
                                             1978


SUNRISE AND SUNSET
APRIL 21 2019.........SUNRISE   636 AM CDT   SUNSET   758 PM CDT
APRIL 22 2019.........SUNRISE   635 AM CDT   SUNSET   759 PM CDT


-  INDICATES NEGATIVE NUMBERS.
R  INDICATES RECORD WAS SET OR TIED.
MM INDICATES DATA IS MISSING.
T  INDICATES TRACE AMOUNT.




$$
