000
CDUS43 KBIS 220724
CLIJMS


CLIMATE REPORT
NATIONAL WEATHER SERVICE BISMARCK ND
223 AM CDT MON APR 22 2019


...................................

...THE JAMESTOWN ND CLIMATE SUMMARY FOR APRIL 21 2019...

CLIMATE NORMAL PERIOD 1981 TO 2010
CLIMATE RECORD PERIOD 1891 TO 2019


WEATHER ITEM   OBSERVED TIME   RECORD YEAR NORMAL DEPARTURE LAST
                VALUE   (LST)  VALUE       VALUE  FROM      YEAR
                                                  NORMAL
..................................................................
TEMPERATURE (F)
 YESTERDAY
  MAXIMUM         59    237 PM  96    1980  58      1       62
  MINIMUM         43   1159 PM  15    1936  32     11       33
  AVERAGE         51                        45      6       48

PRECIPITATION (IN)
  YESTERDAY        0.11          0.79 1964   0.04   0.07     0.00
  MONTH TO DATE    0.38                      0.70  -0.32     0.02
  SINCE MAR 1      0.41                      1.54  -1.13     0.55
  SINCE JAN 1      0.72                      2.39  -1.67     0.68

DEGREE DAYS
 HEATING
  YESTERDAY       14                        20     -6       17
  MONTH TO DATE  523                       520      3      795
  SINCE MAR 1   1914                      1681    233     2028
  SINCE JUL 1   9267                      8440    827     8739

 COOLING
  YESTERDAY        0                         0      0        0
  MONTH TO DATE    0                         0      0        0
  SINCE MAR 1      0                         0      0        0
  SINCE JAN 1      0                         0      0        0
..................................................................


WIND (MPH)
  HIGHEST WIND SPEED    23   HIGHEST WIND DIRECTION    NE (50)
  HIGHEST GUST SPEED    31   HIGHEST GUST DIRECTION     E (70)
  AVERAGE WIND SPEED    11.7


SKY COVER
  POSSIBLE SUNSHINE  MM
  AVERAGE SKY COVER 0.4


WEATHER CONDITIONS
 THE FOLLOWING WEATHER WAS RECORDED YESTERDAY.
  LIGHT RAIN
  FOG


RELATIVE HUMIDITY (PERCENT)
 HIGHEST    96           600 AM
 LOWEST     51           100 PM
 AVERAGE    74

..........................................................


THE JAMESTOWN ND CLIMATE NORMALS FOR TODAY
                         NORMAL    RECORD    YEAR
 MAXIMUM TEMPERATURE (F)   59        91      1990
 MINIMUM TEMPERATURE (F)   33        12      1909


SUNRISE AND SUNSET
APRIL 22 2019.........SUNRISE   635 AM CDT   SUNSET   833 PM CDT
APRIL 23 2019.........SUNRISE   633 AM CDT   SUNSET   834 PM CDT


-  INDICATES NEGATIVE NUMBERS.
R  INDICATES RECORD WAS SET OR TIED.
MM INDICATES DATA IS MISSING.
T  INDICATES TRACE AMOUNT.




$$
