000
CDUS43 KBIS 200719
CLIJMS


CLIMATE REPORT
NATIONAL WEATHER SERVICE BISMARCK ND
218 AM CDT SAT JUL 20 2019


...................................

...THE JAMESTOWN ND CLIMATE SUMMARY FOR JULY 19 2019...

CLIMATE NORMAL PERIOD 1981 TO 2010
CLIMATE RECORD PERIOD 1891 TO 2019


WEATHER ITEM   OBSERVED TIME   RECORD YEAR NORMAL DEPARTURE LAST
                VALUE   (LST)  VALUE       VALUE  FROM      YEAR
                                                  NORMAL
..................................................................
TEMPERATURE (F)
 YESTERDAY
  MAXIMUM         82    143 PM 101    2012  83     -1       81
                                      1899
  MINIMUM         63   1148 PM  41    1949  58      5       63
  AVERAGE         73                        70      3       72

PRECIPITATION (IN)
  YESTERDAY        0.09          2.49 2018   0.11  -0.02     2.49
  MONTH TO DATE    4.22                      2.27   1.95     3.53
  SINCE JUN 1      6.83                      5.46   1.37     7.66
  SINCE JAN 1      9.61                     11.01  -1.40    11.43

DEGREE DAYS
 HEATING
  YESTERDAY        0                         1     -1        0
  MONTH TO DATE    0                        19    -19        0
  SINCE JUN 1     72                       116    -44       17
  SINCE JUL 1      0                        19    -19        0

 COOLING
  YESTERDAY        8                         6      2        7
  MONTH TO DATE  142                       103     39      145
  SINCE JUN 1    235                       183     52      309
  SINCE JAN 1    243                       203     40      383
..................................................................


WIND (MPH)
  HIGHEST WIND SPEED    20   HIGHEST WIND DIRECTION     N (350)
  HIGHEST GUST SPEED    27   HIGHEST GUST DIRECTION     N (340)
  AVERAGE WIND SPEED     5.3


SKY COVER
  POSSIBLE SUNSHINE  MM
  AVERAGE SKY COVER 0.3


WEATHER CONDITIONS
 THE FOLLOWING WEATHER WAS RECORDED YESTERDAY.
  RAIN
  LIGHT RAIN
  FOG


RELATIVE HUMIDITY (PERCENT)
 HIGHEST    93          1200 AM
 LOWEST     50           600 PM
 AVERAGE    72

..........................................................


THE JAMESTOWN ND CLIMATE NORMALS FOR TODAY
                         NORMAL    RECORD    YEAR
 MAXIMUM TEMPERATURE (F)   83       101      1917
 MINIMUM TEMPERATURE (F)   58        38      1898


SUNRISE AND SUNSET
JULY 20 2019..........SUNRISE   600 AM CDT   SUNSET   921 PM CDT
JULY 21 2019..........SUNRISE   601 AM CDT   SUNSET   920 PM CDT


-  INDICATES NEGATIVE NUMBERS.
R  INDICATES RECORD WAS SET OR TIED.
MM INDICATES DATA IS MISSING.
T  INDICATES TRACE AMOUNT.




$$
