000
CDAK47 PAJK 231129
CLIJNU
CLIMATE REPORT
NATIONAL WEATHER SERVICE JUNEAU, AK
327 AM AKDT WED MAY 23 2018


...................................

...THE JUNEAU CLIMATE SUMMARY FOR MAY 22 2018...

CLIMATE NORMAL PERIOD 1981 TO 2010
CLIMATE RECORD PERIOD 1936 TO 2018


WEATHER ITEM   OBSERVED RECORD YEAR NORMAL DEPARTURE LAST
                VALUE   VALUE       VALUE  FROM      YEAR
                                           NORMAL
...........................................................
TEMPERATURE (F)
 YESTERDAY
  MAXIMUM         53     75    1974  58     -5       55
  MINIMUM         43     30    1955  42      1       49
  AVERAGE         48                 50     -2       52

PRECIPITATION (IN)
  YESTERDAY        0.81R  0.60 1970   0.11   0.70     0.17
  MONTH TO DATE    4.08               2.39   1.69     4.91
  SINCE JAN 1     17.81              18.59  -0.78    21.89

DEGREE DAYS
 HEATING
  YESTERDAY       17                 15      2       13
  MONTH TO DATE  343                386    -43      369
...........................................................


WIND (MPH)
  HIGHEST WIND SPEED    24   HIGHEST WIND DIRECTION    SE (120)
  HIGHEST GUST SPEED    28   HIGHEST GUST DIRECTION    SE (120)
  AVERAGE WIND SPEED     9.4


SKY COVER
  AVERAGE SKY COVER 1.0


WEATHER CONDITIONS
 THE FOLLOWING WEATHER WAS RECORDED YESTERDAY.
  HEAVY RAIN
  RAIN
  LIGHT RAIN
  FOG


..........................................................


THE JUNEAU CLIMATE NORMALS FOR TODAY
                         NORMAL    RECORD    YEAR
 MAXIMUM TEMPERATURE (F)   58        75      1969
 MINIMUM TEMPERATURE (F)   43        29      1973


SUNRISE AND SUNSET
MAY 23 2018...........SUNRISE   416 AM AKDT  SUNSET   936 PM AKDT
MAY 24 2018...........SUNRISE   414 AM AKDT  SUNSET   938 PM AKDT


-  INDICATES NEGATIVE NUMBERS.
R  INDICATES RECORD WAS SET OR TIED.
MM INDICATES DATA IS MISSING.
T  INDICATES TRACE AMOUNT.




$$
--------------------------------------------------------------

AMOUNT OF DAYLIGHT TODAY (HOUR:MIN)......... 17 HOURS 20 MINUTES
GAIN/LOSS SINCE YESTERDAY (HOUR:MIN:SEC).... +0:03:42

$$
