000
CDAK47 PAJK 201228
CLIJNU
CLIMATE REPORT
NATIONAL WEATHER SERVICE JUNEAU, AK
426 AM AKDT SAT APR 20 2019


...................................

...THE JUNEAU CLIMATE SUMMARY FOR APRIL 19 2019...

CLIMATE NORMAL PERIOD 1981 TO 2010
CLIMATE RECORD PERIOD 1936 TO 2019


WEATHER ITEM   OBSERVED RECORD YEAR NORMAL DEPARTURE LAST
                VALUE   VALUE       VALUE  FROM      YEAR
                                           NORMAL
...........................................................
TEMPERATURE (F)
 YESTERDAY
  MAXIMUM         46     62    1978  50     -4       45
  MINIMUM         38     17    1948  34      4       38
  AVERAGE         42                 42      0       42

PRECIPITATION (IN)
  YESTERDAY        0.09   1.07 2005   0.09   0.00     0.38
  MONTH TO DATE    2.25               1.88   0.37     1.01
  SINCE JAN 1     14.14              15.14  -1.00    11.59

SNOWFALL (IN)
  YESTERDAY        0.0    3.9  1959   0.1   -0.1      0.0
  MONTH TO DATE    0.0                1.0   -1.0      0.0
  SINCE MAR 1      0.3               12.6  -12.3     19.4
  SINCE JUL 1     52.3               86.6  -34.3     77.3

DEGREE DAYS
 HEATING
  YESTERDAY       23                 23      0       23
  MONTH TO DATE  424                487    -63      490
...........................................................


WIND (MPH)
  HIGHEST WIND SPEED    15   HIGHEST WIND DIRECTION     S (200)
  HIGHEST GUST SPEED    22   HIGHEST GUST DIRECTION     S (190)
  AVERAGE WIND SPEED     7.4


SKY COVER
  AVERAGE SKY COVER 0.9


WEATHER CONDITIONS
 THE FOLLOWING WEATHER WAS RECORDED YESTERDAY.
  LIGHT RAIN
  FOG


..........................................................


THE JUNEAU CLIMATE NORMALS FOR TODAY
                         NORMAL    RECORD    YEAR
 MAXIMUM TEMPERATURE (F)   50        66      1978
 MINIMUM TEMPERATURE (F)   34        18      1965


SUNRISE AND SUNSET
APRIL 20 2019.........SUNRISE   533 AM AKDT  SUNSET   823 PM AKDT
APRIL 21 2019.........SUNRISE   530 AM AKDT  SUNSET   825 PM AKDT


-  INDICATES NEGATIVE NUMBERS.
R  INDICATES RECORD WAS SET OR TIED.
MM INDICATES DATA IS MISSING.
T  INDICATES TRACE AMOUNT.




$$
--------------------------------------------------------------

AMOUNT OF DAYLIGHT TODAY (HOUR:MIN)......... 14 HOURS 50 MINUTES
GAIN/LOSS SINCE YESTERDAY (HOUR:MIN:SEC).... +0:04:59

$$
