000
CDUS41 KCTP 232122
CLIJST


CLIMATE REPORT
NATIONAL WEATHER SERVICE STATE COLLEGE PA
522 PM EDT TUE APR 23 2019


...................................

...THE JOHNSTOWN CLIMATE SUMMARY FOR APRIL 23 2019...
VALID TODAY AS OF 0500 PM LOCAL TIME.

CLIMATE NORMAL PERIOD 1981 TO 2010
CLIMATE RECORD PERIOD 1892 TO 2019


WEATHER ITEM   OBSERVED TIME   RECORD YEAR NORMAL DEPARTURE LAST
                VALUE   (LST)  VALUE       VALUE  FROM      YEAR
                                                  NORMAL
..................................................................
TEMPERATURE (F)
 TODAY
  MAXIMUM         77    150 PM  92    1985  60     17       64
  MINIMUM         48    548 AM  27    1982  40      8       45
  AVERAGE         63                        50     13       55

PRECIPITATION (IN)
  TODAY            0.05          1.09 1944   0.10  -0.05     0.00
  MONTH TO DATE    2.73                      2.81  -0.08     2.99
  SINCE MAR 1      4.33                      6.10  -1.77     6.17
  SINCE JAN 1     10.15                     11.33  -1.18    16.12

DEGREE DAYS
 HEATING
  TODAY            2                        15    -13       10
  MONTH TO DATE  317                       442   -125      551
  SINCE MAR 1   1259                      1355    -96     1614
  SINCE JUL 1   5860                      6238   -378     6049

 COOLING
  TODAY            0                         0      0        0
  MONTH TO DATE    0                         0      0       12
  SINCE MAR 1      0                         0      0       12
  SINCE JAN 1      0                         0      0       12
..................................................................


WIND (MPH)
  HIGHEST WIND SPEED    26   HIGHEST WIND DIRECTION     W (250)
  HIGHEST GUST SPEED    36   HIGHEST GUST DIRECTION    SW (230)
  AVERAGE WIND SPEED     8.7


SKY COVER
  POSSIBLE SUNSHINE  MM
  AVERAGE SKY COVER 0.1


WEATHER CONDITIONS
 THE FOLLOWING WEATHER WAS RECORDED TODAY.
  THUNDERSTORM
  RAIN
  LIGHT RAIN


RELATIVE HUMIDITY (PERCENT)
 HIGHEST    77           600 AM
 LOWEST     27           200 PM
 AVERAGE    52

..........................................................


THE JOHNSTOWN CLIMATE NORMALS FOR TOMORROW
                         NORMAL    RECORD    YEAR
 MAXIMUM TEMPERATURE (F)   60        93      1925
 MINIMUM TEMPERATURE (F)   41        25      1930


SUNRISE AND SUNSET
APRIL 23 2019.........SUNRISE   626 AM EDT   SUNSET   802 PM EDT
APRIL 24 2019.........SUNRISE   624 AM EDT   SUNSET   803 PM EDT


-  INDICATES NEGATIVE NUMBERS.
R  INDICATES RECORD WAS SET OR TIED.
MM INDICATES DATA IS MISSING.
T  INDICATES TRACE AMOUNT.




$$
