031
CDUS41 KCTP 222118
CLIJST


CLIMATE REPORT
NATIONAL WEATHER SERVICE STATE COLLEGE PA
518 PM EDT TUE OCT 22 2019

...................................

...THE JOHNSTOWN CLIMATE SUMMARY FOR OCTOBER 22 2019...
VALID TODAY AS OF 0500 PM LOCAL TIME.

CLIMATE NORMAL PERIOD 1981 TO 2010
CLIMATE RECORD PERIOD 1892 TO 2019


WEATHER ITEM   OBSERVED TIME   RECORD YEAR NORMAL DEPARTURE LAST
                VALUE   (LST)  VALUE       VALUE  FROM      YEAR
                                                  NORMAL
...................................................................
TEMPERATURE (F)
 TODAY
  MAXIMUM         55    351 PM  89    1979  56     -1       51
  MINIMUM         52    856 AM  21    1940  40     12       29
  AVERAGE         54                        48      6       40

PRECIPITATION (IN)
  TODAY            0.49          2.32 1898   0.10   0.39     0.00
  MONTH TO DATE    2.38                      2.23   0.15     3.09
  SINCE SEP 1      4.27                      5.65  -1.38    12.73
  SINCE JAN 1     33.22                     34.00  -0.78    51.10

DEGREE DAYS
 HEATING
  TODAY           11                        17     -6       25
  MONTH TO DATE  263                       312    -49      241
  SINCE SEP 1    305                       492   -187      327
  SINCE JUL 1    323                       534   -211      337

 COOLING
  TODAY            0                         0      0        0
  MONTH TO DATE   27                         0     27       40
  SINCE SEP 1     97                        25     72      171
  SINCE JAN 1    564                       385    179      711
...................................................................


WIND (MPH)
  HIGHEST WIND SPEED    20   HIGHEST WIND DIRECTION     S (160)
  HIGHEST GUST SPEED    25   HIGHEST GUST DIRECTION     S (170)
  AVERAGE WIND SPEED     8.3


SKY COVER
  POSSIBLE SUNSHINE  MM
  AVERAGE SKY COVER 0.9


WEATHER CONDITIONS
THE FOLLOWING WEATHER WAS RECORDED TODAY.
  HEAVY RAIN
  RAIN
  LIGHT RAIN
  FOG
  FOG W/VISIBILITY <= 1/4 MILE


RELATIVE HUMIDITY (PERCENT)
 HIGHEST    97          1000 AM
 LOWEST     80          1200 AM
 AVERAGE    89

..........................................................


THE JOHNSTOWN CLIMATE NORMALS FOR TOMORROW
                         NORMAL    RECORD    YEAR
 MAXIMUM TEMPERATURE (F)   56        86      1947
 MINIMUM TEMPERATURE (F)   40        23      1944


SUNRISE AND SUNSET
OCTOBER 22 2019.......SUNRISE   733 AM EDT   SUNSET   626 PM EDT
OCTOBER 23 2019.......SUNRISE   735 AM EDT   SUNSET   624 PM EDT


-  INDICATES NEGATIVE NUMBERS.
R  INDICATES RECORD WAS SET OR TIED.
MM INDICATES DATA IS MISSING.
T  INDICATES TRACE AMOUNT.




$$
