000
CDUS41 KCTP 172117
CLIJST


CLIMATE REPORT
NATIONAL WEATHER SERVICE STATE COLLEGE PA
517 PM EDT MON JUN 17 2019


...................................

...THE JOHNSTOWN CLIMATE SUMMARY FOR JUNE 17 2019...
VALID TODAY AS OF 0500 PM LOCAL TIME.

CLIMATE NORMAL PERIOD 1981 TO 2010
CLIMATE RECORD PERIOD 1892 TO 2019


WEATHER ITEM   OBSERVED TIME   RECORD YEAR NORMAL DEPARTURE LAST
                VALUE   (LST)  VALUE       VALUE  FROM      YEAR
                                                  NORMAL
..................................................................
TEMPERATURE (F)
 TODAY
  MAXIMUM         72    359 PM  97    1952  74     -2       82
  MINIMUM         63    645 AM  37    1914  57      6       64
  AVERAGE         68                        65      3       73

PRECIPITATION (IN)
  TODAY            0.71          2.44 1978   0.14   0.57     0.27
  MONTH TO DATE    1.87                      2.48  -0.61     3.03
  SINCE JUN 1      1.87                      2.48  -0.61     3.03
  SINCE JAN 1     18.16                     19.12  -0.96    26.64

DEGREE DAYS
 HEATING
  TODAY            0                         2     -2        0
  MONTH TO DATE   58                        62     -4       55
  SINCE JUN 1     58                        62     -4       55
  SINCE JUL 1   6180                      6673   -493     6289

 COOLING
  TODAY            3                         2      1        8
  MONTH TO DATE   13                        31    -18       29
  SINCE JUN 1     13                        31    -18       29
  SINCE JAN 1     47                        55     -8      130
..................................................................


WIND (MPH)
  HIGHEST WIND SPEED    16   HIGHEST WIND DIRECTION    SW (240)
  HIGHEST GUST SPEED    25   HIGHEST GUST DIRECTION    SW (220)
  AVERAGE WIND SPEED     8.1


SKY COVER
  POSSIBLE SUNSHINE  MM
  AVERAGE SKY COVER 0.9


WEATHER CONDITIONS
 THE FOLLOWING WEATHER WAS RECORDED TODAY.
  HEAVY RAIN
  RAIN
  LIGHT RAIN
  FOG


RELATIVE HUMIDITY (PERCENT)
 HIGHEST    93          1200 AM
 LOWEST     73           400 PM
 AVERAGE    83

..........................................................


THE JOHNSTOWN CLIMATE NORMALS FOR TOMORROW
                         NORMAL    RECORD    YEAR
 MAXIMUM TEMPERATURE (F)   75        97      1923
 MINIMUM TEMPERATURE (F)   57        39      1966


SUNRISE AND SUNSET
JUNE 17 2019..........SUNRISE   545 AM EDT   SUNSET   848 PM EDT
JUNE 18 2019..........SUNRISE   545 AM EDT   SUNSET   848 PM EDT


-  INDICATES NEGATIVE NUMBERS.
R  INDICATES RECORD WAS SET OR TIED.
MM INDICATES DATA IS MISSING.
T  INDICATES TRACE AMOUNT.




$$
