000
CDUS43 KGRR 162136
CLIJXN


CLIMATE REPORT
NATIONAL WEATHER SERVICE GRAND RAPIDS, MI
535 PM EDT TUE JUL 16 2019


...................................

...THE JACKSON MI CLIMATE SUMMARY FOR JULY 16 2019...
VALID TODAY AS OF 0500 PM LOCAL TIME.

CLIMATE NORMAL PERIOD 1981 TO 2010
CLIMATE RECORD PERIOD 1944 TO 9999


WEATHER ITEM   OBSERVED TIME   NORMAL DEPARTURE LAST
                VALUE   (LST)  VALUE  FROM      YEAR
                                      NORMAL
......................................................
TEMPERATURE (F)
 TODAY
  MAXIMUM         83    228 PM  82      1       88
  MINIMUM         66    420 AM  60      6       69
  AVERAGE         75            71      4       79

PRECIPITATION (IN)
  TODAY            0.09          0.12  -0.03     0.10
  MONTH TO DATE    1.45          1.77  -0.32     0.16
  SINCE JUN 1      6.16          5.04   1.12     3.01
  SINCE JAN 1     18.17         15.64   2.53    20.45

DEGREE DAYS
 HEATING
  TODAY            0             0      0        0
  MONTH TO DATE    0             1     -1        0
  SINCE JUN 1     58            56      2       14
  SINCE JUL 1      0             1     -1        0

 COOLING
  TODAY           10             7      3       14
  MONTH TO DATE  157           110     47      168
  SINCE JUN 1    250           236     14      331
  SINCE JAN 1    260           273    -13      438
......................................................


WIND (MPH)
  RESULTANT WIND SPEED   5   RESULTANT WIND DIRECTION   S (200)
  HIGHEST WIND SPEED    14   HIGHEST WIND DIRECTION    SW (210)
  HIGHEST GUST SPEED    19   HIGHEST GUST DIRECTION     S (200)
  AVERAGE WIND SPEED     5.0


SKY COVER
  AVERAGE SKY COVER 0.3


WEATHER CONDITIONS
 THE FOLLOWING WEATHER WAS RECORDED TODAY.
  THUNDERSTORM
  LIGHT RAIN
  FOG
  HAZE


RELATIVE HUMIDITY (PERCENT)
 HIGHEST    93           400 AM
 LOWEST     69           300 PM
 AVERAGE    81

..........................................................


THE JACKSON MI CLIMATE NORMALS FOR TOMORROW
                         NORMAL
 MAXIMUM TEMPERATURE (F)   82
 MINIMUM TEMPERATURE (F)   60


SUNRISE AND SUNSET
JULY 16 2019..........SUNRISE   615 AM EDT   SUNSET   912 PM EDT
JULY 17 2019..........SUNRISE   616 AM EDT   SUNSET   911 PM EDT


-  INDICATES NEGATIVE NUMBERS.
R  INDICATES RECORD WAS SET OR TIED.
MM INDICATES DATA IS MISSING.
T  INDICATES TRACE AMOUNT.




$$
