000
CDAK47 PAJK 181236
CLIKTN
CLIMATE REPORT
NATIONAL WEATHER SERVICE JUNEAU, AK
427 AM AKDT THU APR 18 2019


...................................

...THE KETCHIKAN CLIMATE SUMMARY FOR APRIL 17 2019...

CLIMATE NORMAL PERIOD 1981 TO 2010
CLIMATE RECORD PERIOD 1910 TO 2019


WEATHER ITEM   OBSERVED RECORD YEAR NORMAL DEPARTURE LAST
                VALUE   VALUE       VALUE  FROM      YEAR
                                           NORMAL
...........................................................
TEMPERATURE (F)
 YESTERDAY
  MAXIMUM         48     63    1965  49     -1       49
  MINIMUM         39     23    1927  36      3       32
  AVERAGE         44                 42      2       41

PRECIPITATION (IN)
  YESTERDAY        0.79   3.95 1968   0.26   0.53     0.09
  MONTH TO DATE    7.41               5.47   1.94     4.58
  SINCE JAN 1     38.89              42.29  -3.40    31.53

DEGREE DAYS
 HEATING
  YESTERDAY       21                 22     -1       24
  MONTH TO DATE  341                399    -58      382
...........................................................


WIND (MPH)
  HIGHEST WIND SPEED    37   HIGHEST WIND DIRECTION    SE (120)
  HIGHEST GUST SPEED    44   HIGHEST GUST DIRECTION    SE (120)
  AVERAGE WIND SPEED    16.7


SKY COVER
  AVERAGE SKY COVER 0.9


WEATHER CONDITIONS
 THE FOLLOWING WEATHER WAS RECORDED YESTERDAY.
  RAIN
  LIGHT RAIN
  FOG


..........................................................


THE KETCHIKAN      ASOS CLIMATE NORMALS FOR TODAY
                         NORMAL    RECORD    YEAR
 MAXIMUM TEMPERATURE (F)   49        64      1934
 MINIMUM TEMPERATURE (F)   36        22      1927


SUNRISE AND SUNSET
APRIL 18 2019.........SUNRISE   536 AM AKDT  SUNSET   758 PM AKDT
APRIL 19 2019.........SUNRISE   533 AM AKDT  SUNSET   800 PM AKDT


-  INDICATES NEGATIVE NUMBERS.
R  INDICATES RECORD WAS SET OR TIED.
MM INDICATES DATA IS MISSING.
T  INDICATES TRACE AMOUNT.




$$
--------------------------------------------------------------

AMOUNT OF DAYLIGHT TODAY (HOUR:MIN)......... 14 HOURS 23 MINUTES
GAIN/LOSS SINCE YESTERDAY (HOUR:MIN:SEC).... +0:04:24

$$
