000
CDAK47 PAJK 191230
CLIKTN
CLIMATE REPORT
NATIONAL WEATHER SERVICE JUNEAU, AK
426 AM AKDT WED JUN 19 2019


...................................

...THE KETCHIKAN CLIMATE SUMMARY FOR JUNE 18 2019...

CLIMATE NORMAL PERIOD 1981 TO 2010
CLIMATE RECORD PERIOD 1910 TO 2019


WEATHER ITEM   OBSERVED RECORD YEAR NORMAL DEPARTURE LAST
                VALUE   VALUE       VALUE  FROM      YEAR
                                           NORMAL
...........................................................
TEMPERATURE (F)
 YESTERDAY
  MAXIMUM         54     82    1950  61     -7       79
  MINIMUM         48     38    1968  48      0       61
  AVERAGE         51                 55     -4       70

PRECIPITATION (IN)
  YESTERDAY        0.28   2.82 1988   0.23   0.05     0.00
  MONTH TO DATE    6.15               3.88   2.27     5.19
  SINCE JAN 1     53.89              58.28  -4.39    56.14

DEGREE DAYS
 HEATING
  YESTERDAY       14                 10      4        0
  MONTH TO DATE  179                198    -19      195
...........................................................


WIND (MPH)
  HIGHEST WIND SPEED    13   HIGHEST WIND DIRECTION    SE (130)
  HIGHEST GUST SPEED    MM   HIGHEST GUST DIRECTION    MM
  AVERAGE WIND SPEED     7.7


SKY COVER
  AVERAGE SKY COVER 1.0


WEATHER CONDITIONS
 THE FOLLOWING WEATHER WAS RECORDED YESTERDAY.
  RAIN
  LIGHT RAIN
  FOG


..........................................................


THE KETCHIKAN      ASOS CLIMATE NORMALS FOR TODAY
                         NORMAL    RECORD    YEAR
 MAXIMUM TEMPERATURE (F)   60        84      1958
 MINIMUM TEMPERATURE (F)   48        36      2008


SUNRISE AND SUNSET
JUNE 19 2019..........SUNRISE   405 AM AKDT  SUNSET   932 PM AKDT
JUNE 20 2019..........SUNRISE   405 AM AKDT  SUNSET   932 PM AKDT


-  INDICATES NEGATIVE NUMBERS.
R  INDICATES RECORD WAS SET OR TIED.
MM INDICATES DATA IS MISSING.
T  INDICATES TRACE AMOUNT.




$$
--------------------------------------------------------------

AMOUNT OF DAYLIGHT TODAY (HOUR:MIN)......... 17 HOURS 28 MINUTES
GAIN/LOSS SINCE YESTERDAY (HOUR:MIN:SEC).... +0:00:17

$$
