000
CDUS43 KGRR 200517
CLILAN


CLIMATE REPORT
NATIONAL WEATHER SERVICE GRAND RAPIDS, MI
116 AM EDT SAT JUL 20 2019


...................................

...THE LANSING MI CLIMATE SUMMARY FOR JULY 19 2019...

CLIMATE NORMAL PERIOD 1981 TO 2010
CLIMATE RECORD PERIOD 1864 TO 2019


WEATHER ITEM   OBSERVED TIME   RECORD YEAR NORMAL DEPARTURE LAST
                VALUE   (LST)  VALUE       VALUE  FROM      YEAR
                                                  NORMAL
..................................................................
TEMPERATURE (F)
 YESTERDAY
  MAXIMUM         93    420 PM 102    1894  83     10       85
  MINIMUM         77    113 AM  42    1910  61     16       55
  AVERAGE         85                        72     13       70

PRECIPITATION (IN)
  YESTERDAY        0.09          1.11 1935   0.09   0.00     0.00
  MONTH TO DATE    1.98                      1.73   0.25     0.50
  SINCE JUN 1      9.43                      5.18   4.25     2.36
  SINCE JAN 1     21.94                     16.75   5.19    18.30

SNOWFALL (IN)
  YESTERDAY        0.0           0.0    MM   0.0    0.0      0.0
  MONTH TO DATE    0.0                       0.0    0.0      0.0
  SINCE JUN 1      0.0                       0.0    0.0      0.0
  SINCE JUL 1      0.0                       0.0    0.0      0.0
  SNOW DEPTH       0

DEGREE DAYS
 HEATING
  YESTERDAY        0                         0      0        0
  MONTH TO DATE    0                         2     -2        0
  SINCE JUN 1     54                        57     -3       21
  SINCE JUL 1      0                         2     -2        0

 COOLING
  YESTERDAY       20                         7     13        5
  MONTH TO DATE  210                       133     77      192
  SINCE JUN 1    304                       265     39      331
  SINCE JAN 1    308                       306      2      441
..................................................................


WIND (MPH)
  RESULTANT WIND SPEED   9   RESULTANT WIND DIRECTION  SW (230)
  HIGHEST WIND SPEED    23   HIGHEST WIND DIRECTION     W (260)
  HIGHEST GUST SPEED    29   HIGHEST GUST DIRECTION     W (260)
  AVERAGE WIND SPEED    10.4


SKY COVER
  AVERAGE SKY COVER 0.4


WEATHER CONDITIONS
 THE FOLLOWING WEATHER WAS RECORDED YESTERDAY.
  THUNDERSTORM
  HEAVY RAIN
  LIGHT RAIN
  FOG
  HAZE


RELATIVE HUMIDITY (PERCENT)
 HIGHEST    91           400 AM
 LOWEST     64           100 PM
 AVERAGE    78

..........................................................


THE LANSING MI CLIMATE NORMALS FOR TODAY
                         NORMAL    RECORD    YEAR
 MAXIMUM TEMPERATURE (F)   83        99      1930
 MINIMUM TEMPERATURE (F)   61        39      1965


SUNRISE AND SUNSET
JULY 20 2019..........SUNRISE   618 AM EDT   SUNSET   911 PM EDT
JULY 21 2019..........SUNRISE   619 AM EDT   SUNSET   910 PM EDT


-  INDICATES NEGATIVE NUMBERS.
R  INDICATES RECORD WAS SET OR TIED.
MM INDICATES DATA IS MISSING.
T  INDICATES TRACE AMOUNT.




$$
