000
CDUS44 KOUN 230629 RRA
CLILAW

CLIMATE REPORT
NATIONAL WEATHER SERVICE NORMAN OK
126 AM CDT TUE JUL 23 2019


...................................

...THE LAWTON CLIMATE SUMMARY FOR JULY 22 2019...

CLIMATE NORMAL PERIOD 1981 TO 2010
CLIMATE RECORD PERIOD 1912 TO 2019


WEATHER ITEM   OBSERVED TIME   RECORD YEAR NORMAL DEPARTURE LAST
                VALUE   (LST)  VALUE       VALUE  FROM      YEAR
                                                  NORMAL
..................................................................
TEMPERATURE (F)
 YESTERDAY
  MAXIMUM         91    353 PM 110    2018  98     -7      110
                                      1974
                                      1939
  MINIMUM         71   1159 PM  57    1915  72     -1       73
  AVERAGE         81                        85     -4       92

PRECIPITATION (IN)
  YESTERDAY        0.00          0.83 1961   0.05  -0.05     0.00
  MONTH TO DATE    0.61                      1.72  -1.11     1.72
  SINCE JUN 1      1.91                      5.67  -3.76     3.18
  SINCE JAN 1     18.30                     17.47   0.83    10.60

SNOWFALL (IN)
  YESTERDAY        0.0

DEGREE DAYS
 HEATING
  YESTERDAY        0                         0      0        0
  MONTH TO DATE    0                         0      0        0
  SINCE JUN 1      0                         0      0        0
  SINCE JUL 1      0                         0      0        0

 COOLING
  YESTERDAY       16                        20     -4       27
  MONTH TO DATE  436                       413     23      496
  SINCE JUN 1    868                       850     18     1068
  SINCE JAN 1   1153                      1143     10     1491
..................................................................


WIND (MPH)
  HIGHEST WIND SPEED    23   HIGHEST WIND DIRECTION    NE (40)
  HIGHEST GUST SPEED    28   HIGHEST GUST DIRECTION    NE (40)
  AVERAGE WIND SPEED    13.4


SKY COVER
  AVERAGE SKY COVER 0.3


WEATHER CONDITIONS
 THE FOLLOWING WEATHER WAS RECORDED YESTERDAY.
  NO SIGNIFICANT WEATHER WAS OBSERVED.


RELATIVE HUMIDITY (PERCENT)
 HIGHEST    82
 LOWEST     36
 AVERAGE    59

..........................................................


THE LAWTON CLIMATE NORMALS FOR TODAY
                         NORMAL    RECORD    YEAR
 MAXIMUM TEMPERATURE (F)   99       109      1974
 MINIMUM TEMPERATURE (F)   72        58      1915


SUNRISE AND SUNSET
JULY 23 2019..........SUNRISE   637 AM CDT   SUNSET   843 PM CDT
JULY 24 2019..........SUNRISE   638 AM CDT   SUNSET   842 PM CDT


-  INDICATES NEGATIVE NUMBERS.
R  INDICATES RECORD WAS SET OR TIED.
MM INDICATES DATA IS MISSING.
T  INDICATES TRACE AMOUNT.




$$
