593
CDUS44 KOUN 250632 RRA
CLILAW

CLIMATE REPORT
NATIONAL WEATHER SERVICE NORMAN OK
130 AM CDT THU APR 25 2019


...................................

...THE LAWTON CLIMATE SUMMARY FOR APRIL 24 2019...

CLIMATE NORMAL PERIOD 1981 TO 2010
CLIMATE RECORD PERIOD 1912 TO 2019


WEATHER ITEM   OBSERVED TIME   RECORD YEAR NORMAL DEPARTURE LAST
                VALUE   (LST)  VALUE       VALUE  FROM      YEAR
                                                  NORMAL
..................................................................
TEMPERATURE (F)
 YESTERDAY
  MAXIMUM         69    206 PM  93    2008  77     -8       82
  MINIMUM         56   1145 PM  30    2013  51      5       48
  AVERAGE         63                        64     -1       65

PRECIPITATION (IN)
  YESTERDAY        0.00          2.14 1915   0.12  -0.12     0.00
  MONTH TO DATE    3.67                      2.08   1.59     0.99
  SINCE MAR 1      6.33                      4.41   1.92     2.11
  SINCE JAN 1      8.17                      6.90   1.27     3.79

SNOWFALL (IN)
  YESTERDAY        0.0

DEGREE DAYS
 HEATING
  YESTERDAY        2                         3     -1        0
  MONTH TO DATE   95                       130    -35      234
  SINCE MAR 1    529                       494     35      508
  SINCE JUL 1   3266                      3112    154     3125

 COOLING
  YESTERDAY        0                         2     -2        0
  MONTH TO DATE   45                        40      5       22
  SINCE MAR 1     49                        57     -8       37
  SINCE JAN 1     50                        58     -8       48
..................................................................


WIND (MPH)
  HIGHEST WIND SPEED    14   HIGHEST WIND DIRECTION    NE (40)
  HIGHEST GUST SPEED    17   HIGHEST GUST DIRECTION     N (360)
  AVERAGE WIND SPEED     5.8


SKY COVER
  AVERAGE SKY COVER 0.7


WEATHER CONDITIONS
 THE FOLLOWING WEATHER WAS RECORDED YESTERDAY.
  FOG


RELATIVE HUMIDITY (PERCENT)
 HIGHEST   100
 LOWEST     63
 AVERAGE    82

..........................................................


THE LAWTON CLIMATE NORMALS FOR TODAY
                         NORMAL    RECORD    YEAR
 MAXIMUM TEMPERATURE (F)   77        95      2012
                                             1959
 MINIMUM TEMPERATURE (F)   52        30      2013
                                             1982


SUNRISE AND SUNSET
APRIL 25 2019.........SUNRISE   650 AM CDT   SUNSET   813 PM CDT
APRIL 26 2019.........SUNRISE   649 AM CDT   SUNSET   814 PM CDT


-  INDICATES NEGATIVE NUMBERS.
R  INDICATES RECORD WAS SET OR TIED.
MM INDICATES DATA IS MISSING.
T  INDICATES TRACE AMOUNT.




$$
