000
CDUS46 KLOX 231015
CLILAX


CLIMATE REPORT
NATIONAL WEATHER SERVICE LOS ANGELES/OXNARD CA
315 AM PDT TUE APR 23 2019


...................................

...THE LOS ANGELES INTL AIRPORT CA CLIMATE SUMMARY FOR APRIL 22 2019...

CLIMATE NORMAL PERIOD 1981 TO 2010
CLIMATE RECORD PERIOD 1944 TO 2019


WEATHER ITEM   OBSERVED TIME   RECORD YEAR NORMAL DEPARTURE LAST
                VALUE   (LST)  VALUE       VALUE  FROM      YEAR
                                                  NORMAL
..................................................................
TEMPERATURE (F)
 YESTERDAY
  MAXIMUM         66    105 PM  90    1987  67     -1       73
  MINIMUM         53    426 AM  45    1971  55     -2       56
                                      1963
  AVERAGE         60                        61     -1       65

PRECIPITATION (IN)
  YESTERDAY        0.00          0.52 1955   0.02  -0.02     0.00
  MONTH TO DATE    T                         0.57  -0.57     0.05
  SINCE OCT 1     16.16                     12.10   4.06     3.73
  SINCE JAN 1     12.04                      8.38   3.66     3.62

SNOWFALL (IN)
  YESTERDAY        0.0
  MONTH TO DATE    0.0
  SINCE MAR 1      0.0
  SINCE JUL 1      0.0

DEGREE DAYS
 HEATING
  YESTERDAY        5                         5      0        0
  MONTH TO DATE   57                       123    -66       66
  SINCE MAR 1    228                       344   -116      255
  SINCE JUL 1    992                      1273   -281      704

 COOLING
  YESTERDAY        0                         1     -1        0
  MONTH TO DATE   17                         1     16       19
  SINCE MAR 1     25                         7     18       19
  SINCE JAN 1     25                        16      9       50
..................................................................


WIND (MPH)
  HIGHEST WIND SPEED    18   HIGHEST WIND DIRECTION     W (260)
  HIGHEST GUST SPEED    24   HIGHEST GUST DIRECTION     W (250)
  AVERAGE WIND SPEED     7.3


SKY COVER
  POSSIBLE SUNSHINE  MM
  AVERAGE SKY COVER 0.3


WEATHER CONDITIONS
 THE FOLLOWING WEATHER WAS RECORDED YESTERDAY.
  NO SIGNIFICANT WEATHER WAS OBSERVED.


RELATIVE HUMIDITY (PERCENT)
 HIGHEST    89           400 AM
 LOWEST     58          1200 PM
 AVERAGE    74

..........................................................


THE LOS ANGELES INTL AIRPORT CA CLIMATE NORMALS FOR TODAY
                         NORMAL    RECORD    YEAR
 MAXIMUM TEMPERATURE (F)   67        87      2004
 MINIMUM TEMPERATURE (F)   55        46      2010


SUNRISE AND SUNSET
APRIL 23 2019.........SUNRISE   613 AM PDT   SUNSET   731 PM PDT
APRIL 24 2019.........SUNRISE   612 AM PDT   SUNSET   732 PM PDT


-  INDICATES NEGATIVE NUMBERS.
R  INDICATES RECORD WAS SET OR TIED.
MM INDICATES DATA IS MISSING.
T  INDICATES TRACE AMOUNT.




$$
