000
CDUS46 KLOX 150916
CLILAX


CLIMATE REPORT
NATIONAL WEATHER SERVICE LOS ANGELES/OXNARD CA
215 AM PDT TUE OCT 15 2019


...................................

...THE LOS ANGELES INTL AIRPORT CA CLIMATE SUMMARY FOR OCTOBER 14 2019...

CLIMATE NORMAL PERIOD 1981 TO 2010
CLIMATE RECORD PERIOD 1944 TO 2019


WEATHER ITEM   OBSERVED TIME   RECORD YEAR NORMAL DEPARTURE LAST
                VALUE   (LST)  VALUE       VALUE  FROM      YEAR
                                                  NORMAL
..................................................................
TEMPERATURE (F)
 YESTERDAY
  MAXIMUM         72    103 PM 106    1961  73     -1       71
  MINIMUM         62   1227 AM  51    1981  60      2       65
  AVERAGE         67                        66      1       68

PRECIPITATION (IN)
  YESTERDAY        0.00          1.09 2009   0.01  -0.01     0.00
  MONTH TO DATE    0.00                      0.19  -0.19     0.58
  SINCE OCT 1      0.00                      0.19  -0.19     0.58
  SINCE JAN 1     12.87                      9.29   3.58     4.26

SNOWFALL (IN)
  YESTERDAY        0.0
  MONTH TO DATE    0.0
  SINCE SEP 1      0.0
  SINCE JUL 1      0.0

DEGREE DAYS
 HEATING
  YESTERDAY        0                         1     -1        0
  MONTH TO DATE    3                        11     -8        0
  SINCE SEP 1      3                        16    -13        0
  SINCE JUL 1      3                        20    -17        0

 COOLING
  YESTERDAY        2                         2      0        3
  MONTH TO DATE   48                        35     13       60
  SINCE SEP 1    310                       157    153      220
  SINCE JAN 1    707                       503    204      956
..................................................................


WIND (MPH)
  HIGHEST WIND SPEED    16   HIGHEST WIND DIRECTION     W (260)
  HIGHEST GUST SPEED    21   HIGHEST GUST DIRECTION     W (260)
  AVERAGE WIND SPEED     7.7


SKY COVER
  POSSIBLE SUNSHINE  MM
  AVERAGE SKY COVER 0.4


WEATHER CONDITIONS
 THE FOLLOWING WEATHER WAS RECORDED YESTERDAY.
  NO SIGNIFICANT WEATHER WAS OBSERVED.


RELATIVE HUMIDITY (PERCENT)
 HIGHEST    78          1200 AM
 LOWEST     57           900 AM
 AVERAGE    68

..........................................................


THE LOS ANGELES INTL AIRPORT CA CLIMATE NORMALS FOR TODAY
                         NORMAL    RECORD    YEAR
 MAXIMUM TEMPERATURE (F)   73       104      1961
 MINIMUM TEMPERATURE (F)   60        52      1981
                                             1953


SUNRISE AND SUNSET
OCTOBER 15 2019.......SUNRISE   658 AM PDT   SUNSET   620 PM PDT
OCTOBER 16 2019.......SUNRISE   659 AM PDT   SUNSET   619 PM PDT


-  INDICATES NEGATIVE NUMBERS.
R  INDICATES RECORD WAS SET OR TIED.
MM INDICATES DATA IS MISSING.
T  INDICATES TRACE AMOUNT.




$$
