000
CDUS46 KLOX 170934
CLILAX


CLIMATE REPORT
NATIONAL WEATHER SERVICE LOS ANGELES/OXNARD CA
234 AM PDT MON JUN 17 2019


...................................

...THE LOS ANGELES INTL AIRPORT CA CLIMATE SUMMARY FOR JUNE 16 2019...

CLIMATE NORMAL PERIOD 1981 TO 2010
CLIMATE RECORD PERIOD 1944 TO 2019


WEATHER ITEM   OBSERVED TIME   RECORD YEAR NORMAL DEPARTURE LAST
                VALUE   (LST)  VALUE       VALUE  FROM      YEAR
                                                  NORMAL
..................................................................
TEMPERATURE (F)
 YESTERDAY
  MAXIMUM         70    258 PM 104    1981  71     -1       73
  MINIMUM         63   1159 PM  52    1995  61      2       63
  AVERAGE         67                        66      1       68

PRECIPITATION (IN)
  YESTERDAY        T             0.36 1995   0.00   0.00     0.00
  MONTH TO DATE    T                         0.06  -0.06      T
  SINCE OCT 1     16.94                     12.51   4.43     3.79
  SINCE JAN 1     12.82                      8.79   4.03     3.68

SNOWFALL (IN)
  YESTERDAY        0.0
  MONTH TO DATE    0.0
  SINCE JUN 1      0.0
  SINCE JUL 1      0.0

DEGREE DAYS
 HEATING
  YESTERDAY        0                         1     -1        0
  MONTH TO DATE    4                        21    -17        1
  SINCE JUN 1      4                        21    -17        1
  SINCE JUL 1   1100                      1415   -315      799

 COOLING
  YESTERDAY        2                         1      1        3
  MONTH TO DATE   23                        16      7       31
  SINCE JUN 1     23                        16      7       31
  SINCE JAN 1     50                        56     -6       84
..................................................................


WIND (MPH)
  HIGHEST WIND SPEED    17   HIGHEST WIND DIRECTION     W (270)
  HIGHEST GUST SPEED    21   HIGHEST GUST DIRECTION     W (270)
  AVERAGE WIND SPEED     8.0


SKY COVER
  POSSIBLE SUNSHINE  MM
  AVERAGE SKY COVER 1.0


WEATHER CONDITIONS
 THE FOLLOWING WEATHER WAS RECORDED YESTERDAY.
  LIGHT RAIN
  FOG
  HAZE


RELATIVE HUMIDITY (PERCENT)
 HIGHEST    90           700 AM
 LOWEST     66           200 PM
 AVERAGE    78

..........................................................


THE LOS ANGELES INTL AIRPORT CA CLIMATE NORMALS FOR TODAY
                         NORMAL    RECORD    YEAR
 MAXIMUM TEMPERATURE (F)   71        99      1981
                                             1957
 MINIMUM TEMPERATURE (F)   61        52      1995


SUNRISE AND SUNSET
JUNE 17 2019..........SUNRISE   542 AM PDT   SUNSET   807 PM PDT
JUNE 18 2019..........SUNRISE   542 AM PDT   SUNSET   807 PM PDT


-  INDICATES NEGATIVE NUMBERS.
R  INDICATES RECORD WAS SET OR TIED.
MM INDICATES DATA IS MISSING.
T  INDICATES TRACE AMOUNT.




$$
