000
CDUS44 KLUB 220640
CLILBB


CLIMATE REPORT
NATIONAL WEATHER SERVICE LUBBOCK, TX
140 AM CDT MON APR 22 2019


...................................

...THE LUBBOCK CLIMATE SUMMARY FOR APRIL 21 2019...

CLIMATE NORMAL PERIOD 1981 TO 2010
CLIMATE RECORD PERIOD 1911 TO 2019


WEATHER ITEM   OBSERVED TIME   RECORD YEAR NORMAL DEPARTURE LAST
                VALUE   (LST)  VALUE       VALUE  FROM      YEAR
                                                  NORMAL
..................................................................
TEMPERATURE (F)
 YESTERDAY
  MAXIMUM         89    336 PM  98    1989  77     12       63
                                      1965
  MINIMUM         57    643 AM  28    1918  48      9       44
  AVERAGE         73                        62     11       54

PRECIPITATION (IN)
  YESTERDAY        0.00          0.88 1913   0.04  -0.04     0.00
  MONTH TO DATE    1.02                      0.90   0.12      T
  SINCE MAR 1      2.15                      2.00   0.15     0.87
  SINCE JAN 1      2.19                      3.40  -1.21     1.07

SNOWFALL (IN)
  YESTERDAY        0.0           T    2001   0.0    0.0      0.0
  MONTH TO DATE    0.0                       0.2   -0.2      0.0
  SINCE MAR 1      T                         0.8   -0.8      0.0
  SINCE JUL 1     10.1                       8.2    1.9      0.3
  SNOW DEPTH       0

DEGREE DAYS
 HEATING
  YESTERDAY        0                         5     -5       11
  MONTH TO DATE  111                       149    -38      170
  SINCE MAR 1    605                       564     41      455
  SINCE JUL 1   3377                      3303     74     2976

 COOLING
  YESTERDAY        8                         2      6        0
  MONTH TO DATE   30                        27      3       35
  SINCE MAR 1     42                        34      8       62
  SINCE JAN 1     42                        34      8       65
..................................................................


WIND (MPH)
  RESULTANT WIND SPEED  12   RESULTANT WIND DIRECTION  SW (220)
  HIGHEST WIND SPEED    23   HIGHEST WIND DIRECTION     S (200)
  HIGHEST GUST SPEED    29   HIGHEST GUST DIRECTION     S (190)
  AVERAGE WIND SPEED    14.0


SKY COVER
  AVERAGE SKY COVER 0.1


WEATHER CONDITIONS
 THE FOLLOWING WEATHER WAS RECORDED YESTERDAY.
  NO SIGNIFICANT WEATHER WAS OBSERVED.


RELATIVE HUMIDITY (PERCENT)
 HIGHEST    62           700 AM
 LOWEST     11           400 PM
 AVERAGE    37

..........................................................


THE LUBBOCK CLIMATE NORMALS FOR TODAY
                         NORMAL    RECORD    YEAR
 MAXIMUM TEMPERATURE (F)   77       100      1989
 MINIMUM TEMPERATURE (F)   48        29      1927


SUNRISE AND SUNSET
APRIL 22 2019.........SUNRISE   709 AM CDT   SUNSET   823 PM CDT
APRIL 23 2019.........SUNRISE   707 AM CDT   SUNSET   824 PM CDT


-  INDICATES NEGATIVE NUMBERS.
R  INDICATES RECORD WAS SET OR TIED.
MM INDICATES DATA IS MISSING.
T  INDICATES TRACE AMOUNT.




$$
