000
CDUS44 KLUB 220628
CLILBB


CLIMATE REPORT
NATIONAL WEATHER SERVICE LUBBOCK, TX
128 AM CDT TUE OCT 22 2019


...................................

...THE LUBBOCK CLIMATE SUMMARY FOR OCTOBER 21 2019...

CLIMATE NORMAL PERIOD 1981 TO 2010
CLIMATE RECORD PERIOD 1911 TO 2019


WEATHER ITEM   OBSERVED TIME   RECORD YEAR NORMAL DEPARTURE LAST
                VALUE   (LST)  VALUE       VALUE  FROM      YEAR
                                                  NORMAL
..................................................................
TEMPERATURE (F)
 YESTERDAY
  MAXIMUM         71    353 PM  90    2003  74     -3       67
  MINIMUM         34    641 AM  26    1917  46    -12       41
  AVERAGE         53                        60     -7       54

PRECIPITATION (IN)
  YESTERDAY        0.00          2.91 1969   0.07  -0.07     0.00
  MONTH TO DATE    1.10                      1.42  -0.32     3.83
  SINCE SEP 1      7.07                      3.93   3.14     7.09
  SINCE JAN 1     22.66                     17.00   5.66    12.94

SNOWFALL (IN)
  YESTERDAY       MM             4.1  1911   0.0   MM        0.0
  MONTH TO DATE    0.0                       0.0    0.0      0.0
  SINCE SEP 1      0.0                       0.0    0.0      0.0
  SINCE JUL 1      0.0                       0.0    0.0      0.0
  SNOW DEPTH       0

DEGREE DAYS
 HEATING
  YESTERDAY       12                         6      6       11
  MONTH TO DATE   84                        84      0      160
  SINCE SEP 1     84                       107    -23      171
  SINCE JUL 1     84                       107    -23      171

 COOLING
  YESTERDAY        0                         1     -1        0
  MONTH TO DATE   59                        46     13       58
  SINCE SEP 1    442                       269    173      309
  SINCE JAN 1   2160                      1795    365     2422
..................................................................


WIND (MPH)
  RESULTANT WIND SPEED   5   RESULTANT WIND DIRECTION  NW (300)
  HIGHEST WIND SPEED    24   HIGHEST WIND DIRECTION    NW (310)
  HIGHEST GUST SPEED    33   HIGHEST GUST DIRECTION    NW (320)
  AVERAGE WIND SPEED     8.9


SKY COVER
  AVERAGE SKY COVER 0.1


WEATHER CONDITIONS
 THE FOLLOWING WEATHER WAS RECORDED YESTERDAY.
  HAZE


RELATIVE HUMIDITY (PERCENT)
 HIGHEST    47           500 AM
 LOWEST     10           100 PM
 AVERAGE    29

..........................................................


THE LUBBOCK CLIMATE NORMALS FOR TODAY
                         NORMAL    RECORD    YEAR
 MAXIMUM TEMPERATURE (F)   74        89      1961
 MINIMUM TEMPERATURE (F)   46        28      1945


SUNRISE AND SUNSET
OCTOBER 22 2019.......SUNRISE   758 AM CDT   SUNSET   705 PM CDT
OCTOBER 23 2019.......SUNRISE   758 AM CDT   SUNSET   704 PM CDT


-  INDICATES NEGATIVE NUMBERS.
R  INDICATES RECORD WAS SET OR TIED.
MM INDICATES DATA IS MISSING.
T  INDICATES TRACE AMOUNT.




$$
