000
CDUS44 KLUB 172226
CLILBB


CLIMATE REPORT
NATIONAL WEATHER SERVICE LUBBOCK, TX
525 PM CDT MON JUN 17 2019


...................................

...THE LUBBOCK CLIMATE SUMMARY FOR JUNE 17 2019...
VALID TODAY AS OF 0500 PM LOCAL TIME.

CLIMATE NORMAL PERIOD 1981 TO 2010
CLIMATE RECORD PERIOD 1911 TO 2019


WEATHER ITEM   OBSERVED TIME   RECORD YEAR NORMAL DEPARTURE LAST
                VALUE   (LST)  VALUE       VALUE  FROM      YEAR
                                                  NORMAL
..................................................................
TEMPERATURE (F)
 TODAY
  MAXIMUM         89    317 PM 112    2017  91     -2       83
  MINIMUM         61    534 AM  53    1999  65     -4       67
                                      1945
                                      1938
  AVERAGE         75                        78     -3       75

PRECIPITATION (IN)
  TODAY            0.00          1.56 1920   0.10  -0.10     0.15
  MONTH TO DATE    1.22                      1.84  -0.62     1.28
  SINCE JUN 1      1.22                      1.84  -0.62     1.28
  SINCE JAN 1      8.10                      8.05   0.05     3.64

SNOWFALL (IN)
  TODAY            0.0           T    1952   0.0    0.0      0.0
  MONTH TO DATE    0.0                       0.0    0.0      0.0
  SINCE JUN 1      0.0                       0.0    0.0      0.0
  SINCE JUL 1     10.1                       8.2    1.9      0.3
  SNOW DEPTH       0

DEGREE DAYS
 HEATING
  TODAY            0                         0      0        0
  MONTH TO DATE    0                         0      0        0
  SINCE JUN 1      0                         0      0        0
  SINCE JUL 1   3449                      3377     72     3014

 COOLING
  TODAY           10                        13     -3       10
  MONTH TO DATE  154                       194    -40      294
  SINCE JUN 1    154                       194    -40      294
  SINCE JAN 1    364                       440    -76      789
..................................................................


WIND (MPH)
  RESULTANT WIND SPEED   6   RESULTANT WIND DIRECTION  SE (120)
  HIGHEST WIND SPEED    14   HIGHEST WIND DIRECTION     S (160)
  HIGHEST GUST SPEED    18   HIGHEST GUST DIRECTION    SE (140)
  AVERAGE WIND SPEED     6.9


SKY COVER
  AVERAGE SKY COVER 0.4


WEATHER CONDITIONS
 THE FOLLOWING WEATHER WAS RECORDED TODAY.
  NO SIGNIFICANT WEATHER WAS OBSERVED.


RELATIVE HUMIDITY (PERCENT)
 HIGHEST    84           300 AM
 LOWEST     29           400 PM
 AVERAGE    57

..........................................................


THE LUBBOCK CLIMATE NORMALS FOR TOMORROW
                         NORMAL    RECORD    YEAR
 MAXIMUM TEMPERATURE (F)   91       107      1924
 MINIMUM TEMPERATURE (F)   65        47      1945


SUNRISE AND SUNSET
JUNE 17 2019..........SUNRISE   637 AM CDT   SUNSET   900 PM CDT
JUNE 18 2019..........SUNRISE   637 AM CDT   SUNSET   900 PM CDT


-  INDICATES NEGATIVE NUMBERS.
R  INDICATES RECORD WAS SET OR TIED.
MM INDICATES DATA IS MISSING.
T  INDICATES TRACE AMOUNT.




$$
