000
CDUS43 KLBF 182256
CLILBF


CLIMATE REPORT
NATIONAL WEATHER SERVICE NORTH PLATTE
552 PM CDT THU APR 18 2019


...................................

...THE NORTH PLATTE NE CLIMATE SUMMARY FOR APRIL 18 2019...
VALID TODAY AS OF 0500 PM LOCAL TIME.

CLIMATE NORMAL PERIOD 1981 TO 2010
CLIMATE RECORD PERIOD 1874 TO 2019


WEATHER ITEM   OBSERVED TIME   RECORD YEAR NORMAL DEPARTURE LAST
                VALUE   (LST)  VALUE       VALUE  FROM      YEAR
                                                  NORMAL
..................................................................
TEMPERATURE (F)
 TODAY
  MAXIMUM         61   1101 AM  92    1948  63     -2       59
  MINIMUM         32    153 AM  17    1953  34     -2       29
  AVERAGE         47                        48     -1       44

PRECIPITATION (IN)
  TODAY            0.03          4.11 1942   0.08  -0.05      T
  MONTH TO DATE    0.44                      1.21  -0.77     0.94
  SINCE MAR 1      3.12                      2.26   0.86     1.65
  SINCE JAN 1      3.88                      3.10   0.78     3.55

SNOWFALL (IN)
  TODAY            0.0           2.0  1920   0.2   -0.2      0.0
  MONTH TO DATE    3.0                       2.5    0.5      9.5
  SINCE MAR 1     19.0                       6.9   12.1     12.6
  SINCE JUL 1     39.4                      27.8   11.6     49.1
  SNOW DEPTH       0

DEGREE DAYS
 HEATING
  TODAY           18                        17      1       21
  MONTH TO DATE  298                       351    -53      478
  SINCE MAR 1   1300                      1188    112     1261
  SINCE JUL 1   6443                      6216    227     6287

 COOLING
  TODAY            0                         0      0        0
  MONTH TO DATE    0                         0      0        0
  SINCE MAR 1      0                         0      0        0
  SINCE JAN 1      0                         0      0        0
..................................................................


WIND (MPH)
  HIGHEST WIND SPEED    36   HIGHEST WIND DIRECTION     N (10)
  HIGHEST GUST SPEED    51   HIGHEST GUST DIRECTION     N (350)
  AVERAGE WIND SPEED    12.4


SKY COVER
  POSSIBLE SUNSHINE  MM
  AVERAGE SKY COVER 0.3


WEATHER CONDITIONS
 THE FOLLOWING WEATHER WAS RECORDED TODAY.
  THUNDERSTORM
  LIGHT RAIN


RELATIVE HUMIDITY (PERCENT)
 HIGHEST    92           200 AM
 LOWEST     33          1100 AM
 AVERAGE    63

..........................................................


THE NORTH PLATTE NE CLIMATE NORMALS FOR TOMORROW
                         NORMAL    RECORD    YEAR
 MAXIMUM TEMPERATURE (F)   63        89      1987
 MINIMUM TEMPERATURE (F)   34        17      1953


SUNRISE AND SUNSET
APRIL 18 2019.........SUNRISE   659 AM CDT   SUNSET   826 PM CDT
APRIL 19 2019.........SUNRISE   658 AM CDT   SUNSET   827 PM CDT


-  INDICATES NEGATIVE NUMBERS.
R  INDICATES RECORD WAS SET OR TIED.
MM INDICATES DATA IS MISSING.
T  INDICATES TRACE AMOUNT.




$$
