000
CDUS43 KLBF 280951
CLILBF


CLIMATE REPORT
NATIONAL WEATHER SERVICE NORTH PLATTE
450 AM CDT MON MAY 28 2018


...................................

...THE NORTH PLATTE NE CLIMATE SUMMARY FOR MAY 27 2018...

CLIMATE NORMAL PERIOD 1981 TO 2010
CLIMATE RECORD PERIOD 1874 TO 2018


WEATHER ITEM   OBSERVED TIME   RECORD YEAR NORMAL DEPARTURE LAST
                VALUE   (LST)  VALUE       VALUE  FROM      YEAR
                                                  NORMAL
..................................................................
TEMPERATURE (F)
 YESTERDAY
  MAXIMUM         91    332 PM  99    2006  75     16       66
  MINIMUM         63   1159 PM  29    1907  48     15       44
  AVERAGE         77                        61     16       55

PRECIPITATION (IN)
  YESTERDAY        0.11          2.20 1995   0.12  -0.01     0.05
  MONTH TO DATE    5.76                      2.78   2.98     3.25
  SINCE MAR 1      7.93                      6.10   1.83     7.30
  SINCE JAN 1      9.83                      6.94   2.89     8.49

SNOWFALL (IN)
  YESTERDAY        0.0           0.0    MM   0.0    0.0      0.0
  MONTH TO DATE    0.0                       0.0    0.0       T
  SINCE MAR 1     12.6                       7.6    5.0      1.0
  SINCE JUL 1     49.1                      28.5   20.6     21.3
  SNOW DEPTH       0

DEGREE DAYS
 HEATING
  YESTERDAY        0                         5     -5       10
  MONTH TO DATE  112                       226   -114      249
  SINCE MAR 1   1548                      1588    -40     1321
  SINCE JUL 1   6574                      6616    -42     5643

 COOLING
  YESTERDAY       12                         1     11        0
  MONTH TO DATE   64                        17     47       15
  SINCE MAR 1     71                        20     51       17
  SINCE JAN 1     71                        20     51       17
..................................................................


WIND (MPH)
  HIGHEST WIND SPEED    38   HIGHEST WIND DIRECTION     W (290)
  HIGHEST GUST SPEED    51   HIGHEST GUST DIRECTION     W (280)
  AVERAGE WIND SPEED    10.7


SKY COVER
  POSSIBLE SUNSHINE  MM
  AVERAGE SKY COVER 0.0


WEATHER CONDITIONS
 THE FOLLOWING WEATHER WAS RECORDED YESTERDAY.
  THUNDERSTORM
  HEAVY RAIN
  RAIN
  LIGHT RAIN
  FOG


RELATIVE HUMIDITY (PERCENT)
 HIGHEST    73           800 AM
 LOWEST     36           400 PM
 AVERAGE    55

..........................................................


THE NORTH PLATTE NE CLIMATE NORMALS FOR TODAY
                         NORMAL    RECORD    YEAR
 MAXIMUM TEMPERATURE (F)   75        98      2006
 MINIMUM TEMPERATURE (F)   48        33      1992
                                             1947


SUNRISE AND SUNSET
MAY 28 2018...........SUNRISE   614 AM CDT   SUNSET   906 PM CDT
MAY 29 2018...........SUNRISE   614 AM CDT   SUNSET   907 PM CDT


-  INDICATES NEGATIVE NUMBERS.
R  INDICATES RECORD WAS SET OR TIED.
MM INDICATES DATA IS MISSING.
T  INDICATES TRACE AMOUNT.




$$
