000
CDUS43 KLBF 240844
CLILBF


CLIMATE REPORT
NATIONAL WEATHER SERVICE NORTH PLATTE
343 AM CDT MON JUN 24 2019


...................................

...THE NORTH PLATTE NE CLIMATE SUMMARY FOR JUNE 23 2019...

CLIMATE NORMAL PERIOD 1981 TO 2010
CLIMATE RECORD PERIOD 1874 TO 2019


WEATHER ITEM   OBSERVED TIME   RECORD YEAR NORMAL DEPARTURE LAST
                VALUE   (LST)  VALUE       VALUE  FROM      YEAR
                                                  NORMAL
..................................................................
TEMPERATURE (F)
 YESTERDAY
  MAXIMUM         68    132 PM 104    1954  85    -17       88
  MINIMUM         49    312 AM  40    1989  56     -7       53
  AVERAGE         59                        70    -11       71

PRECIPITATION (IN)
  YESTERDAY        0.09          2.31 1966   0.11  -0.02     0.12
  MONTH TO DATE    3.59                      2.71   0.88     2.07
  SINCE JUN 1      3.59                      2.71   0.88     2.07
  SINCE JAN 1     14.65                     10.15   4.50    13.46

SNOWFALL (IN)
  YESTERDAY        0.0           0.0    MM   0.0    0.0      0.0
  MONTH TO DATE    0.0                       0.0    0.0      0.0
  SINCE JUN 1      0.0                       0.0    0.0      0.0
  SINCE JUL 1     41.3                      28.5   12.8     49.1
  SNOW DEPTH       0

DEGREE DAYS
 HEATING
  YESTERDAY        6                         1      5        0
  MONTH TO DATE   35                        48    -13        7
  SINCE JUN 1     35                        48    -13        7
  SINCE JUL 1   6992                      6683    309     6581

 COOLING
  YESTERDAY        0                         6     -6        6
  MONTH TO DATE   72                        88    -16      190
  SINCE JUN 1     72                        88    -16      190
  SINCE JAN 1     84                       116    -32      270
..................................................................


WIND (MPH)
  HIGHEST WIND SPEED    26   HIGHEST WIND DIRECTION    NW (300)
  HIGHEST GUST SPEED    36   HIGHEST GUST DIRECTION    NW (310)
  AVERAGE WIND SPEED     7.4


SKY COVER
  POSSIBLE SUNSHINE  MM
  AVERAGE SKY COVER 0.6


WEATHER CONDITIONS
 THE FOLLOWING WEATHER WAS RECORDED YESTERDAY.
  LIGHT RAIN


RELATIVE HUMIDITY (PERCENT)
 HIGHEST    93           200 AM
 LOWEST     52          1100 AM
 AVERAGE    73

..........................................................


THE NORTH PLATTE NE CLIMATE NORMALS FOR TODAY
                         NORMAL    RECORD    YEAR
 MAXIMUM TEMPERATURE (F)   85       106      1954
 MINIMUM TEMPERATURE (F)   57        44      1951


SUNRISE AND SUNSET
JUNE 24 2019..........SUNRISE   611 AM CDT   SUNSET   919 PM CDT
JUNE 25 2019..........SUNRISE   611 AM CDT   SUNSET   919 PM CDT


-  INDICATES NEGATIVE NUMBERS.
R  INDICATES RECORD WAS SET OR TIED.
MM INDICATES DATA IS MISSING.
T  INDICATES TRACE AMOUNT.




$$
