000
CDUS42 KILM 170844
CLILBT


CLIMATE REPORT
NATIONAL WEATHER SERVICE WILMINGTON NC
443 AM EDT WED JUL 17 2019


...................................

...THE LUMBERTON NORTH CAROLINA CLIMATE SUMMARY FOR JULY 16 2019...

CLIMATE NORMAL PERIOD 1981 TO 2010
CLIMATE RECORD PERIOD 1903 TO 2019


WEATHER ITEM   OBSERVED TIME   RECORD YEAR NORMAL DEPARTURE LAST
                VALUE   (LST)  VALUE       VALUE  FROM      YEAR
                                                  NORMAL
..................................................................
TEMPERATURE (F)
 YESTERDAY
  MAXIMUM         98        MM 102    1932  91      7       89
  MINIMUM         75        MM  56    1926  72      3       69
  AVERAGE         87                        81      6       79

PRECIPITATION (IN)
  YESTERDAY        0.00          1.70 1945   0.20  -0.20     0.00
  MONTH TO DATE    2.53                      2.50   0.03     0.31
  SINCE JUN 1      5.42                      6.84  -1.42     7.45
  SINCE JAN 1     19.35                     21.91  -2.56    18.86

DEGREE DAYS
 HEATING
  YESTERDAY        0                         0      0        0
  MONTH TO DATE    0                         0      0        0
  SINCE JUN 1      0                         0      0        0
  SINCE JUL 1      0                         0      0        0

 COOLING
  YESTERDAY       22                        16      6       14
  MONTH TO DATE  313                       256     57      258
  SINCE JUN 1    723                       644     79      730
  SINCE JAN 1   1222                       894    328     1137
..................................................................


WIND (MPH)
  RESULTANT WIND SPEED  MM   RESULTANT WIND DIRECTION  MM
  HIGHEST WIND SPEED    MM   HIGHEST WIND DIRECTION    MM
  HIGHEST GUST SPEED     0   HIGHEST GUST DIRECTION     N (0)
  AVERAGE WIND SPEED    MM


SKY COVER
  POSSIBLE SUNSHINE   0 PERCENT
  AVERAGE SKY COVER 0.0


WEATHER CONDITIONS
 THE FOLLOWING WEATHER WAS RECORDED YESTERDAY.
  NO SIGNIFICANT WEATHER WAS OBSERVED.


RELATIVE HUMIDITY (PERCENT)
 HIGHEST     0          1200 AM
 LOWEST      0          1200 AM
 AVERAGE     0

..........................................................


THE LUMBERTON NORTH CAROLINA CLIMATE NORMALS FOR TODAY
                         NORMAL    RECORD    YEAR
 MAXIMUM TEMPERATURE (F)   91       100      1983
                                             1937
 MINIMUM TEMPERATURE (F)   72        57      1946


SUNRISE AND SUNSET
JULY 17 2019..........SUNRISE   616 AM EDT   SUNSET   829 PM EDT
JULY 18 2019..........SUNRISE   616 AM EDT   SUNSET   828 PM EDT


-  INDICATES NEGATIVE NUMBERS.
R  INDICATES RECORD WAS SET OR TIED.
MM INDICATES DATA IS MISSING.
T  INDICATES TRACE AMOUNT.




$$
