000
CDUS42 KILM 190841
CLILBT


CLIMATE REPORT
NATIONAL WEATHER SERVICE WILMINGTON NC
441 AM EDT THU APR 19 2018


...................................

...THE LUMBERTON NORTH CAROLINA CLIMATE SUMMARY FOR APRIL 18 2018...

CLIMATE NORMAL PERIOD 1981 TO 2010
CLIMATE RECORD PERIOD 1903 TO 2018


WEATHER ITEM   OBSERVED TIME   RECORD YEAR NORMAL DEPARTURE LAST
                VALUE   (LST)  VALUE       VALUE  FROM      YEAR
                                                  NORMAL
..................................................................
TEMPERATURE (F)
 YESTERDAY
  MAXIMUM         84    507 PM  91    1941  75      9       71
  MINIMUM         49    508 AM  31    1905  50     -1       65
  AVERAGE         67                        62      5       68

PRECIPITATION (IN)
  YESTERDAY        0.00          2.40 1946   0.08  -0.08     0.01
  MONTH TO DATE    1.72                      1.75  -0.03     2.33
  SINCE MAR 1      4.04                      5.08  -1.04     6.23
  SINCE JAN 1      7.05                     10.95  -3.90     9.72

SNOWFALL (IN)
  YESTERDAY       MM            MM      MM  MM
  MONTH TO DATE   MM                        MM
  SINCE MAR 1     MM                        MM
  SINCE JUL 1     MM                        MM
  SNOW DEPTH      MM

DEGREE DAYS
 HEATING
  YESTERDAY        0                         5     -5        0
  MONTH TO DATE  139                       111     28       44
  SINCE MAR 1    601                       457    144      409
  SINCE JUL 1   2689                      2687      2     2056

 COOLING
  YESTERDAY        2                         2      0        3
  MONTH TO DATE   24                        28     -4       38
  SINCE MAR 1     29                        38     -9       65
  SINCE JAN 1     74                        41     33       75
..................................................................


WIND (MPH)
  RESULTANT WIND SPEED  10   RESULTANT WIND DIRECTION  SW (220)
  HIGHEST WIND SPEED    24   HIGHEST WIND DIRECTION    SW (240)
  HIGHEST GUST SPEED    31   HIGHEST GUST DIRECTION    SW (240)
  AVERAGE WIND SPEED    10.4


SKY COVER
  POSSIBLE SUNSHINE  MM
  AVERAGE SKY COVER 0.0


WEATHER CONDITIONS
 THE FOLLOWING WEATHER WAS RECORDED YESTERDAY.
  NO SIGNIFICANT WEATHER WAS OBSERVED.


RELATIVE HUMIDITY (PERCENT)
 HIGHEST    93           500 AM
 LOWEST     18           500 PM
 AVERAGE    56

..........................................................


THE LUMBERTON NORTH CAROLINA CLIMATE NORMALS FOR TODAY
                         NORMAL    RECORD    YEAR
 MAXIMUM TEMPERATURE (F)   75        95      1941
 MINIMUM TEMPERATURE (F)   50        29      1983


SUNRISE AND SUNSET
APRIL 19 2018.........SUNRISE   640 AM EDT   SUNSET   752 PM EDT
APRIL 20 2018.........SUNRISE   639 AM EDT   SUNSET   752 PM EDT


-  INDICATES NEGATIVE NUMBERS.
R  INDICATES RECORD WAS SET OR TIED.
MM INDICATES DATA IS MISSING.
T  INDICATES TRACE AMOUNT.




$$
