000
CDUS42 KILM 230841
CLILBT


CLIMATE REPORT
NATIONAL WEATHER SERVICE WILMINGTON NC
441 AM EDT TUE APR 23 2019


...................................

...THE LUMBERTON NORTH CAROLINA CLIMATE SUMMARY FOR APRIL 22 2019...

CLIMATE NORMAL PERIOD 1981 TO 2010
CLIMATE RECORD PERIOD 1903 TO 2019


WEATHER ITEM   OBSERVED TIME   RECORD YEAR NORMAL DEPARTURE LAST
                VALUE   (LST)  VALUE       VALUE  FROM      YEAR
                                                  NORMAL
..................................................................
TEMPERATURE (F)
 YESTERDAY
  MAXIMUM         75        MM  92    1985  76     -1       75
                                      1957
  MINIMUM         47        MM  32    1983  50     -3       40
  AVERAGE         61                        63     -2       58

PRECIPITATION (IN)
  YESTERDAY        0.00          1.87 1958   0.10  -0.10      T
  MONTH TO DATE    4.89                      2.15   2.74     1.72
  SINCE MAR 1      7.90                      5.48   2.42     4.04
  SINCE JAN 1     12.46                     11.35   1.11     7.05

SNOWFALL (IN)
  YESTERDAY       MM            MM      MM  MM
  MONTH TO DATE   MM                        MM
  SINCE MAR 1     MM                        MM
  SINCE JUL 1     MM                        MM
  SNOW DEPTH      MM

DEGREE DAYS
 HEATING
  YESTERDAY        4                         4      0        7
  MONTH TO DATE   92                       127    -35      168
  SINCE MAR 1    450                       473    -23      630
  SINCE JUL 1   2296                      2703   -407     2718

 COOLING
  YESTERDAY        0                         2     -2        0
  MONTH TO DATE   58                        36     22       25
  SINCE MAR 1     65                        46     19       30
  SINCE JAN 1     77                        49     28       75
..................................................................


WIND (MPH)
  RESULTANT WIND SPEED  MM   RESULTANT WIND DIRECTION  MM
  HIGHEST WIND SPEED    MM   HIGHEST WIND DIRECTION    MM
  HIGHEST GUST SPEED     0   HIGHEST GUST DIRECTION     N (0)
  AVERAGE WIND SPEED    MM


SKY COVER
  POSSIBLE SUNSHINE   0 PERCENT
  AVERAGE SKY COVER 0.0


WEATHER CONDITIONS
 THE FOLLOWING WEATHER WAS RECORDED YESTERDAY.
  NO SIGNIFICANT WEATHER WAS OBSERVED.


RELATIVE HUMIDITY (PERCENT)
 HIGHEST     0          1200 AM
 LOWEST      0          1200 AM
 AVERAGE     0

..........................................................


THE LUMBERTON NORTH CAROLINA CLIMATE NORMALS FOR TODAY
                         NORMAL    RECORD    YEAR
 MAXIMUM TEMPERATURE (F)   76        93      1917
 MINIMUM TEMPERATURE (F)   51        30      1986


SUNRISE AND SUNSET
APRIL 23 2019.........SUNRISE   635 AM EDT   SUNSET   755 PM EDT
APRIL 24 2019.........SUNRISE   634 AM EDT   SUNSET   755 PM EDT


-  INDICATES NEGATIVE NUMBERS.
R  INDICATES RECORD WAS SET OR TIED.
MM INDICATES DATA IS MISSING.
T  INDICATES TRACE AMOUNT.




$$
