000
CDUS43 KLMK 190641
CLILEX


CLIMATE REPORT
NATIONAL WEATHER SERVICE LOUISVILLE KY
239 AM EDT FRI APR 19 2019


...................................

...THE LEXINGTON KY CLIMATE SUMMARY FOR APRIL 18 2019...

CLIMATE NORMAL PERIOD 1981 TO 2010
CLIMATE RECORD PERIOD 1872 TO 2019


WEATHER ITEM   OBSERVED TIME   RECORD YEAR NORMAL DEPARTURE LAST
                VALUE   (LST)  VALUE       VALUE  FROM      YEAR
                                                  NORMAL
..................................................................
TEMPERATURE (F)
 YESTERDAY
  MAXIMUM         80    331 PM  88    1896  67     13       76
  MINIMUM         61    507 AM  15    1875  46     15       39
  AVERAGE         71                        56     15       58

PRECIPITATION (IN)
  YESTERDAY        0.01          1.48 1969   0.12  -0.11     0.12
  MONTH TO DATE    2.53                      2.03   0.50     2.94
  SINCE MAR 1      5.40                      6.10  -0.70     8.26
  SINCE JAN 1     17.14                     12.50   4.64    20.48

SNOWFALL (IN)
  YESTERDAY        0.0           0.2  1910   0.0    0.0      0.0
  MONTH TO DATE    0.0                       0.3   -0.3      1.4
  SINCE MAR 1      3.3                       1.7    1.6     13.6
  SINCE JUL 1      9.8                      13.0   -3.2     21.2
  SNOW DEPTH       0

DEGREE DAYS
 HEATING
  YESTERDAY        0                        10    -10        7
  MONTH TO DATE  120                       218    -98      294
  SINCE MAR 1    801                       823    -22      969
  SINCE JUL 1   4103                      4394   -291     4281

 COOLING
  YESTERDAY        6                         1      5        0
  MONTH TO DATE   14                         9      5        8
  SINCE MAR 1     16                        11      5        8
  SINCE JAN 1     16                        11      5       15
..................................................................


WIND (MPH)
  HIGHEST WIND SPEED    32   HIGHEST WIND DIRECTION    SW (210)
  HIGHEST GUST SPEED    46   HIGHEST GUST DIRECTION    SW (220)
  AVERAGE WIND SPEED    13.8


SKY COVER
  POSSIBLE SUNSHINE  MM
  AVERAGE SKY COVER 0.3


WEATHER CONDITIONS
 THE FOLLOWING WEATHER WAS RECORDED YESTERDAY.
  RAIN
  LIGHT RAIN


RELATIVE HUMIDITY (PERCENT)
 HIGHEST    60           500 AM
 LOWEST     38           700 PM
 AVERAGE    49

..........................................................


THE LEXINGTON KY CLIMATE NORMALS FOR TODAY
                         NORMAL    RECORD    YEAR
 MAXIMUM TEMPERATURE (F)   67        86      1941
 MINIMUM TEMPERATURE (F)   46        25      1983


SUNRISE AND SUNSET
APRIL 19 2019.........SUNRISE   658 AM EDT   SUNSET   818 PM EDT
APRIL 20 2019.........SUNRISE   656 AM EDT   SUNSET   819 PM EDT


-  INDICATES NEGATIVE NUMBERS.
R  INDICATES RECORD WAS SET OR TIED.
MM INDICATES DATA IS MISSING.
T  INDICATES TRACE AMOUNT.




$$
