000
CDUS43 KLMK 200636
CLILEX


CLIMATE REPORT
NATIONAL WEATHER SERVICE LOUISVILLE KY
235 AM EDT THU JUN 20 2019


...................................

...THE LEXINGTON KY CLIMATE SUMMARY FOR JUNE 19 2019...

CLIMATE NORMAL PERIOD 1981 TO 2010
CLIMATE RECORD PERIOD 1872 TO 2019


WEATHER ITEM   OBSERVED TIME   RECORD YEAR NORMAL DEPARTURE LAST
                VALUE   (LST)  VALUE       VALUE  FROM      YEAR
                                                  NORMAL
..................................................................
TEMPERATURE (F)
 YESTERDAY
  MAXIMUM         85    411 PM  97    1994  84      1       93
                                      1888
  MINIMUM         67   1159 PM  51    1965  64      3       73
  AVERAGE         76                        74      2       83

PRECIPITATION (IN)
  YESTERDAY        0.96          1.80 1971   0.14   0.82     0.00
  MONTH TO DATE    5.82                      2.97   2.85     1.50
  SINCE JUN 1      5.82                      2.97   2.85     1.50
  SINCE JAN 1     29.19                     22.30   6.89    30.87

SNOWFALL (IN)
  YESTERDAY        0.0          MM      MM   0.0    0.0      0.0
  MONTH TO DATE    0.0                       0.0    0.0      0.0
  SINCE JUN 1      0.0                       0.0    0.0      0.0
  SINCE JUL 1      9.8                      13.0   -3.2     21.2
  SNOW DEPTH       0

DEGREE DAYS
 HEATING
  YESTERDAY        0                         0      0        0
  MONTH TO DATE   10                         8      2        0
  SINCE JUN 1     10                         8      2        0
  SINCE JUL 1   4241                      4608   -367     4416

 COOLING
  YESTERDAY       11                         9      2       18
  MONTH TO DATE  124                       132     -8      197
  SINCE JUN 1    124                       132     -8      197
  SINCE JAN 1    340                       239    101      471
..................................................................


WIND (MPH)
  HIGHEST WIND SPEED    16   HIGHEST WIND DIRECTION    NW (310)
  HIGHEST GUST SPEED    23   HIGHEST GUST DIRECTION    NW (310)
  AVERAGE WIND SPEED     7.2


SKY COVER
  POSSIBLE SUNSHINE  MM
  AVERAGE SKY COVER 0.5


WEATHER CONDITIONS
 THE FOLLOWING WEATHER WAS RECORDED YESTERDAY.
  THUNDERSTORM
  HEAVY RAIN
  RAIN
  LIGHT RAIN
  FOG


RELATIVE HUMIDITY (PERCENT)
 HIGHEST    90           300 AM
 LOWEST     59           300 PM
 AVERAGE    75

..........................................................


THE LEXINGTON KY CLIMATE NORMALS FOR TODAY
                         NORMAL    RECORD    YEAR
 MAXIMUM TEMPERATURE (F)   84       100      1953
 MINIMUM TEMPERATURE (F)   64        49      1980


SUNRISE AND SUNSET
JUNE 20 2019..........SUNRISE   616 AM EDT   SUNSET   904 PM EDT
JUNE 21 2019..........SUNRISE   616 AM EDT   SUNSET   904 PM EDT


-  INDICATES NEGATIVE NUMBERS.
R  INDICATES RECORD WAS SET OR TIED.
MM INDICATES DATA IS MISSING.
T  INDICATES TRACE AMOUNT.




$$
