000
CDUS44 KSHV 230731
CLILFK


CLIMATE REPORT
NATIONAL WEATHER SERVICE SHREVEPORT, LA
231 AM CDT TUE APR 23 2019


...................................

...THE LUFKIN CLIMATE SUMMARY FOR APRIL 22 2019...

CLIMATE NORMAL PERIOD 1981 TO 2010
CLIMATE RECORD PERIOD 1906 TO 2019


WEATHER ITEM   OBSERVED TIME   RECORD YEAR NORMAL DEPARTURE LAST
                VALUE   (LST)  VALUE       VALUE  FROM      YEAR
                                                  NORMAL
..................................................................
TEMPERATURE (F)
 YESTERDAY
  MAXIMUM         79    408 PM  91    2011  80     -1       71
  MINIMUM         54    546 AM  36    1931  57     -3       50
  AVERAGE         67                        68     -1       61

PRECIPITATION (IN)
  YESTERDAY        0.00          3.72 1926   0.10  -0.10     0.00
  MONTH TO DATE    4.03                      2.18   1.85     2.83
  SINCE DEC 1     23.22                     18.45   4.77    23.29
  SINCE JAN 1     12.06                     14.01  -1.95    19.68

SNOWFALL (IN)
  YESTERDAY        0.0
  MONTH TO DATE    0.0
  SINCE MAR 1      T
  SINCE JUL 1      T
  SNOW DEPTH       0

DEGREE DAYS
 HEATING
  YESTERDAY        0                         1     -1        4
  MONTH TO DATE   82                        62     20      102
  SINCE MAR 1    362                       272     90      221
  SINCE JUL 1   2042                      1906    136     1841

 COOLING
  YESTERDAY        2                         5     -3        0
  MONTH TO DATE   33                        75    -42       43
  SINCE MAR 1     49                       116    -67      132
  SINCE JAN 1     67                       135    -68      175
..................................................................


WIND (MPH)
  HIGHEST WIND SPEED    16   HIGHEST WIND DIRECTION    SE (150)
  HIGHEST GUST SPEED    25   HIGHEST GUST DIRECTION     S (180)
  AVERAGE WIND SPEED     7.6


SKY COVER
  POSSIBLE SUNSHINE  MM
  AVERAGE SKY COVER 0.1


WEATHER CONDITIONS
 THE FOLLOWING WEATHER WAS RECORDED YESTERDAY.
  NO SIGNIFICANT WEATHER WAS OBSERVED.


RELATIVE HUMIDITY (PERCENT)
 HIGHEST   100           100 AM
 LOWEST     48           400 PM
 AVERAGE    74

..........................................................


THE LUFKIN CLIMATE NORMALS FOR TODAY
                         NORMAL    RECORD    YEAR
 MAXIMUM TEMPERATURE (F)   80        91      2011
                                             1999
 MINIMUM TEMPERATURE (F)   57        40      1907


SUNRISE AND SUNSET
APRIL 23 2019.........SUNRISE   642 AM CDT   SUNSET   753 PM CDT
APRIL 24 2019.........SUNRISE   641 AM CDT   SUNSET   753 PM CDT


-  INDICATES NEGATIVE NUMBERS.
R  INDICATES RECORD WAS SET OR TIED.
MM INDICATES DATA IS MISSING.
T  INDICATES TRACE AMOUNT.




$$
