000
CDUS44 KSHV 172200
CLILFK


CLIMATE REPORT
NATIONAL WEATHER SERVICE SHREVEPORT, LA
449 PM CDT MON JUN 17 2019


...................................

...THE LUFKIN CLIMATE SUMMARY FOR JUNE 17 2019...
VALID TODAY AS OF 0400 PM LOCAL TIME.

CLIMATE NORMAL PERIOD 1981 TO 2010
CLIMATE RECORD PERIOD 1906 TO 2019


WEATHER ITEM   OBSERVED TIME   RECORD YEAR NORMAL DEPARTURE LAST
                VALUE   (LST)  VALUE       VALUE  FROM      YEAR
                                                  NORMAL
..................................................................
TEMPERATURE (F)
 TODAY
  MAXIMUM         83    248 PM 103    1918  91     -8       93
  MINIMUM         65    556 AM  53    1917  70     -5       74
  AVERAGE         74                        80     -6       84

PRECIPITATION (IN)
  TODAY            0.08          2.59 2015   0.17  -0.09     0.11
  MONTH TO DATE    2.73                      2.69   0.04     0.18
  SINCE DEC 1     31.98                     26.65   5.33    24.56
  SINCE JAN 1     20.82                     22.21  -1.39    20.95

DEGREE DAYS
 HEATING
  TODAY            0                         0      0        0
  MONTH TO DATE    0                         0      0        0
  SINCE JUN 1      0                         0      0        0
  SINCE JUL 1   2042                      1917    125     1852

 COOLING
  TODAY            9                        15     -6       19
  MONTH TO DATE  217                       241    -24      318
  SINCE JUN 1    217                       241    -24      318
  SINCE JAN 1    635                       710    -75      914
..................................................................


WIND (MPH)
  HIGHEST WIND SPEED    16   HIGHEST WIND DIRECTION    SE (140)
  HIGHEST GUST SPEED    21   HIGHEST GUST DIRECTION    SE (130)
  AVERAGE WIND SPEED     5.9


SKY COVER
  POSSIBLE SUNSHINE  MM
  AVERAGE SKY COVER 0.5


WEATHER CONDITIONS
 THE FOLLOWING WEATHER WAS RECORDED TODAY.
  LIGHT RAIN


RELATIVE HUMIDITY (PERCENT)
 HIGHEST   100           400 AM
 LOWEST     74          1100 AM
 AVERAGE    87

..........................................................


THE LUFKIN CLIMATE NORMALS FOR TOMORROW
                         NORMAL    RECORD    YEAR
 MAXIMUM TEMPERATURE (F)   91       105      1918
 MINIMUM TEMPERATURE (F)   70        55      1917


SUNRISE AND SUNSET
JUNE 17 2019..........SUNRISE   615 AM CDT   SUNSET   825 PM CDT
JUNE 18 2019..........SUNRISE   615 AM CDT   SUNSET   825 PM CDT


-  INDICATES NEGATIVE NUMBERS.
R  INDICATES RECORD WAS SET OR TIED.
MM INDICATES DATA IS MISSING.
T  INDICATES TRACE AMOUNT.




$$
