000
CDUS44 KSHV 220735
CLILFK


CLIMATE REPORT
NATIONAL WEATHER SERVICE SHREVEPORT, LA
235 AM CDT TUE OCT 22 2019


...................................

...THE LUFKIN CLIMATE SUMMARY FOR OCTOBER 21 2019...

CLIMATE NORMAL PERIOD 1981 TO 2010
CLIMATE RECORD PERIOD 1906 TO 2019


WEATHER ITEM   OBSERVED TIME   RECORD YEAR NORMAL DEPARTURE LAST
                VALUE   (LST)  VALUE       VALUE  FROM      YEAR
                                                  NORMAL
..................................................................
TEMPERATURE (F)
 YESTERDAY
  MAXIMUM         79    317 AM  93    1934  78      1       69
  MINIMUM         51   1113 PM  32    1976  54     -3       51
  AVERAGE         65                        66     -1       60

PRECIPITATION (IN)
  YESTERDAY        0.51          1.57 1990   0.19   0.32     0.00
  MONTH TO DATE    3.08                      3.07   0.01    11.39
  SINCE DEC 1     47.23                     42.18   5.05    53.66
  SINCE JAN 1     36.07                     37.74  -1.67    50.05

SNOWFALL (IN)
  YESTERDAY        0.0
  MONTH TO DATE    0.0
  SINCE SEP 1      0.0
  SINCE JUL 1      0.0
  SNOW DEPTH       0

DEGREE DAYS
 HEATING
  YESTERDAY        0                         3     -3        5
  MONTH TO DATE   24                        29     -5       37
  SINCE SEP 1     24                        33     -9       37
  SINCE JUL 1     24                        33     -9       37

 COOLING
  YESTERDAY        0                         4     -4        0
  MONTH TO DATE  160                       117     43      164
  SINCE SEP 1    678                       491    187      600
  SINCE JAN 1   2624                      2514    110     2894
..................................................................


WIND (MPH)
  HIGHEST WIND SPEED    23   HIGHEST WIND DIRECTION    NW (310)
  HIGHEST GUST SPEED    32   HIGHEST GUST DIRECTION    NW (320)
  AVERAGE WIND SPEED     5.3


SKY COVER
  POSSIBLE SUNSHINE  MM
  AVERAGE SKY COVER 0.4


WEATHER CONDITIONS
 THE FOLLOWING WEATHER WAS RECORDED YESTERDAY.
  THUNDERSTORM
  HEAVY RAIN
  RAIN
  LIGHT RAIN
  FOG


RELATIVE HUMIDITY (PERCENT)
 HIGHEST    93           800 PM
 LOWEST     33           300 PM
 AVERAGE    63

..........................................................


THE LUFKIN CLIMATE NORMALS FOR TODAY
                         NORMAL    RECORD    YEAR
 MAXIMUM TEMPERATURE (F)   78        96      1939
 MINIMUM TEMPERATURE (F)   54        33      1910


SUNRISE AND SUNSET
OCTOBER 22 2019.......SUNRISE   727 AM CDT   SUNSET   640 PM CDT
OCTOBER 23 2019.......SUNRISE   727 AM CDT   SUNSET   639 PM CDT


-  INDICATES NEGATIVE NUMBERS.
R  INDICATES RECORD WAS SET OR TIED.
MM INDICATES DATA IS MISSING.
T  INDICATES TRACE AMOUNT.




$$
