552
CDUS44 KLCH 241420
CLILFT


CLIMATE REPORT
NATIONAL WEATHER SERVICE LAKE CHARLES, LA
920 AM CDT THU MAY 24 2018


...................................

...THE LAFAYETTE CLIMATE SUMMARY FOR MAY 23 2018...

CLIMATE NORMAL PERIOD 1981 TO 2010
CLIMATE RECORD PERIOD 1893 TO 2018


WEATHER ITEM   OBSERVED TIME   RECORD YEAR NORMAL DEPARTURE LAST
                VALUE   (LST)  VALUE       VALUE  FROM      YEAR
                                                  NORMAL
..................................................................
TEMPERATURE (F)
 YESTERDAY
  MAXIMUM         94    244 PM  98    1902  88      6       82
  MINIMUM         69   1025 PM  54    2002  69      0       70
                                      2001
  AVERAGE         82                        78      4       76

PRECIPITATION (IN)
  YESTERDAY        0.22          6.07 1927   0.16   0.06     0.00
  MONTH TO DATE    0.22                      3.39  -3.17     7.42
  SINCE MAR 1      7.25                     11.11  -3.86    14.73
  SINCE JAN 1     13.98                     21.23  -7.25    18.25

DEGREE DAYS
 COOLING
  YESTERDAY       17                        13      4       11
  MONTH TO DATE  336                       248     88      204
  SINCE MAR 1    497                       470     27      650
  SINCE JAN 1    617                       502    115      834
..................................................................


WIND (MPH)
  HIGHEST WIND SPEED    17   HIGHEST WIND DIRECTION     E (90)
  HIGHEST GUST SPEED    33   HIGHEST GUST DIRECTION     E (110)
  AVERAGE WIND SPEED     5.1


SKY COVER
  POSSIBLE SUNSHINE  MM
  AVERAGE SKY COVER 0.4


WEATHER CONDITIONS
 THE FOLLOWING WEATHER WAS RECORDED YESTERDAY.
  THUNDERSTORM
  RAIN
  LIGHT RAIN
  FOG


RELATIVE HUMIDITY (PERCENT)
 HIGHEST   100           400 AM
 LOWEST     38           300 PM
 AVERAGE    69

..........................................................


THE LAFAYETTE CLIMATE NORMALS FOR TODAY
                         NORMAL    RECORD    YEAR
 MAXIMUM TEMPERATURE (F)   88        97      1896
 MINIMUM TEMPERATURE (F)   69        53      1931


SUNRISE AND SUNSET
MAY 24 2018...........SUNRISE   610 AM CDT   SUNSET   800 PM CDT
MAY 25 2018...........SUNRISE   609 AM CDT   SUNSET   801 PM CDT


-  INDICATES NEGATIVE NUMBERS.
R  INDICATES RECORD WAS SET OR TIED.
MM INDICATES DATA IS MISSING.
T  INDICATES TRACE AMOUNT.




$$
