000
CDUS44 KLCH 202217
CLILFT


CLIMATE REPORT
NATIONAL WEATHER SERVICE LAKE CHARLES, LA
517 PM CDT SAT APR 20 2019


...................................

...THE LAFAYETTE CLIMATE SUMMARY FOR APRIL 20 2019...
VALID TODAY AS OF 0500 PM LOCAL TIME.

CLIMATE NORMAL PERIOD 1981 TO 2010
CLIMATE RECORD PERIOD 1893 TO 2019


WEATHER ITEM   OBSERVED TIME   RECORD YEAR NORMAL DEPARTURE LAST
                VALUE   (LST)  VALUE       VALUE  FROM      YEAR
                                                  NORMAL
..................................................................
TEMPERATURE (F)
 TODAY
  MAXIMUM         74    359 PM  92    1987  80     -6       69
  MINIMUM         52    600 AM  41    1953  60     -8       48
                                      1901
  AVERAGE         63                        70     -7       59

PRECIPITATION (IN)
  TODAY            0.00          3.90 1935   0.15  -0.15     0.00
  MONTH TO DATE    4.82                      2.55   2.27     3.73
  SINCE MAR 1      5.19                      6.34  -1.15     6.33
  SINCE JAN 1     10.95                     16.46  -5.51    13.06

SNOWFALL (IN)
  TODAY            0.0           0.0    MM   0.0    0.0      0.0
  MONTH TO DATE    0.0                       0.0    0.0      0.0
  SINCE MAR 1      0.0                       0.0    0.0      0.0
  SINCE JUL 1      0.0                       T      0.0      2.0
  SNOW DEPTH       0

DEGREE DAYS
 HEATING
  TODAY            2                         1      1        6
  MONTH TO DATE   36                        35      1       66
  SINCE MAR 1    194                       185      9      179
  SINCE JUL 1   1213                      1415   -202     1369

 COOLING
  TODAY            0                         6     -6        0
  MONTH TO DATE   92                        90      2       38
  SINCE MAR 1    157                       153      4      128
  SINCE JAN 1    205                       185     20      248
..................................................................


WIND (MPH)
  HIGHEST WIND SPEED    15   HIGHEST WIND DIRECTION    NW (320)
  HIGHEST GUST SPEED    20   HIGHEST GUST DIRECTION    NW (320)
  AVERAGE WIND SPEED     7.9


SKY COVER
  POSSIBLE SUNSHINE  MM
  AVERAGE SKY COVER 0.0


WEATHER CONDITIONS
 THE FOLLOWING WEATHER WAS RECORDED TODAY.
  NO SIGNIFICANT WEATHER WAS OBSERVED.


RELATIVE HUMIDITY (PERCENT)
 HIGHEST    83           600 AM
 LOWEST     33          1100 AM
 AVERAGE    58

..........................................................


THE LAFAYETTE CLIMATE NORMALS FOR TOMORROW
                         NORMAL    RECORD    YEAR
 MAXIMUM TEMPERATURE (F)   81        93      1987
 MINIMUM TEMPERATURE (F)   60        41      1953


SUNRISE AND SUNSET
APRIL 20 2019.........SUNRISE   636 AM CDT   SUNSET   738 PM CDT
APRIL 21 2019.........SUNRISE   635 AM CDT   SUNSET   739 PM CDT


-  INDICATES NEGATIVE NUMBERS.
R  INDICATES RECORD WAS SET OR TIED.
MM INDICATES DATA IS MISSING.
T  INDICATES TRACE AMOUNT.




$$
