000
CDUS44 KLCH 201135
CLILFT


CLIMATE REPORT
NATIONAL WEATHER SERVICE LAKE CHARLES, LA
634 AM CDT THU JUN 20 2019


...................................

...THE LAFAYETTE CLIMATE SUMMARY FOR JUNE 19 2019...

CLIMATE NORMAL PERIOD 1981 TO 2010
CLIMATE RECORD PERIOD 1893 TO 2019


WEATHER ITEM   OBSERVED TIME   RECORD YEAR NORMAL DEPARTURE LAST
                VALUE   (LST)  VALUE       VALUE  FROM      YEAR
                                                  NORMAL
..................................................................
TEMPERATURE (F)
 YESTERDAY
  MAXIMUM         93   1213 PM 100    1953  91      2       87
                                      1901
  MINIMUM         75    530 AM  60    1917  73      2       74
                                      1899
  AVERAGE         84                        82      2       81

PRECIPITATION (IN)
  YESTERDAY        0.00          5.71 1961   0.26  -0.26     0.00
  MONTH TO DATE    8.30                      4.27   4.03     2.07
  SINCE JUN 1      8.30                      4.27   4.03     2.07
  SINCE JAN 1     28.55                     26.89   1.66    17.22

DEGREE DAYS
 COOLING
  YESTERDAY       19                        17      2       16
  MONTH TO DATE  334                       305     29      324
  SINCE JUN 1    334                       305     29      324
  SINCE JAN 1   1063                       919    144     1077
..................................................................


WIND (MPH)
  HIGHEST WIND SPEED    17   HIGHEST WIND DIRECTION    SW (230)
  HIGHEST GUST SPEED    20   HIGHEST GUST DIRECTION    SW (240)
  AVERAGE WIND SPEED     7.9


SKY COVER
  POSSIBLE SUNSHINE  MM
  AVERAGE SKY COVER 0.3


WEATHER CONDITIONS
 THE FOLLOWING WEATHER WAS RECORDED YESTERDAY.
  NO SIGNIFICANT WEATHER WAS OBSERVED.


RELATIVE HUMIDITY (PERCENT)
 HIGHEST   100           500 AM
 LOWEST     56          1200 PM
 AVERAGE    78

..........................................................


THE LAFAYETTE CLIMATE NORMALS FOR TODAY
                         NORMAL    RECORD    YEAR
 MAXIMUM TEMPERATURE (F)   91       100      1936
 MINIMUM TEMPERATURE (F)   73        61      1899


SUNRISE AND SUNSET
JUNE 20 2019..........SUNRISE   607 AM CDT   SUNSET   812 PM CDT
JUNE 21 2019..........SUNRISE   607 AM CDT   SUNSET   813 PM CDT


-  INDICATES NEGATIVE NUMBERS.
R  INDICATES RECORD WAS SET OR TIED.
MM INDICATES DATA IS MISSING.
T  INDICATES TRACE AMOUNT.




$$
