000
CDUS41 KOKX 170619
CLILGA


CLIMATE REPORT
NATIONAL WEATHER SERVICE NEW YORK NY
219 AM EDT WED JUL 17 2019


...................................

...THE LAGUARDIA NY CLIMATE SUMMARY FOR JULY 16 2019...

CLIMATE NORMAL PERIOD 1981 TO 2010
CLIMATE RECORD PERIOD 1939 TO 2019


WEATHER ITEM   OBSERVED TIME   RECORD YEAR NORMAL DEPARTURE LAST
                VALUE   (LST)  VALUE       VALUE  FROM      YEAR
                                                  NORMAL
..................................................................
TEMPERATURE (F)
 YESTERDAY
  MAXIMUM         94    310 PM  97    1980  86      8       93
  MINIMUM         73    504 AM  58    1946  70      3       77
  AVERAGE         84                        78      6       85

PRECIPITATION (IN)
  YESTERDAY        0.00          1.19 1947   0.15  -0.15     0.00
  MONTH TO DATE    0.75                      2.22  -1.47     1.72
  SINCE JUN 1      5.64                      6.16  -0.52     5.32
  SINCE JAN 1     27.34                     23.85   3.49    25.72

SNOWFALL (IN)
  YESTERDAY        0.0          MM      MM   0.0    0.0      0.0
  MONTH TO DATE    0.0                       0.0    0.0      0.0
  SINCE OCT 1     18.2                      26.9   -8.7     38.4
  SINCE JUL 1      0.0                       0.0    0.0      0.0
  SNOW DEPTH       0

DEGREE DAYS
 HEATING
  YESTERDAY        0                         0      0        0
  MONTH TO DATE    0                         0      0        0
  SINCE JUN 1      4                        16    -12        8
  SINCE JUL 1      0                         0      0        0

 COOLING
  YESTERDAY       19                        13      6       20
  MONTH TO DATE  258                       193     65      260
  SINCE JUN 1    501                       424     77      513
  SINCE JAN 1    563                       490     73      657
..................................................................


WIND (MPH)
  HIGHEST WIND SPEED    18   HIGHEST WIND DIRECTION     S (170)
  HIGHEST GUST SPEED    24   HIGHEST GUST DIRECTION     S (200)
  AVERAGE WIND SPEED     8.8


SKY COVER
  AVERAGE SKY COVER 0.6


WEATHER CONDITIONS
 THE FOLLOWING WEATHER WAS RECORDED YESTERDAY.
  NO SIGNIFICANT WEATHER WAS OBSERVED.


RELATIVE HUMIDITY (PERCENT)
 HIGHEST    64           200 AM
 LOWEST     32           100 PM
 AVERAGE    48

..........................................................


THE LAGUARDIA NY CLIMATE NORMALS FOR TODAY
                         NORMAL    RECORD    YEAR
 MAXIMUM TEMPERATURE (F)   86        98      2012
                                             2006
 MINIMUM TEMPERATURE (F)   70        60      1946


SUNRISE AND SUNSET
JULY 17 2019..........SUNRISE   539 AM EDT   SUNSET   825 PM EDT
JULY 18 2019..........SUNRISE   539 AM EDT   SUNSET   824 PM EDT


-  INDICATES NEGATIVE NUMBERS.
R  INDICATES RECORD WAS SET OR TIED.
MM INDICATES DATA IS MISSING.
T  INDICATES TRACE AMOUNT.




$$
