699
CDUS41 KOKX 232033
CLILGA


CLIMATE REPORT
NATIONAL WEATHER SERVICE NEW YORK NY
433 PM EDT TUE APR 23 2019


...................................

...THE LAGUARDIA NY CLIMATE SUMMARY FOR APRIL 23 2019...
VALID TODAY AS OF 0400 PM LOCAL TIME.

CLIMATE NORMAL PERIOD 1981 TO 2010
CLIMATE RECORD PERIOD 1939 TO 2019


WEATHER ITEM   OBSERVED TIME   RECORD YEAR NORMAL DEPARTURE LAST
                VALUE   (LST)  VALUE       VALUE  FROM      YEAR
                                                  NORMAL
..................................................................
TEMPERATURE (F)
 TODAY
  MAXIMUM         75    131 PM  85    2007  64     11       65
  MINIMUM         54    549 AM  36    1986  47      7       45
  AVERAGE         65                        55     10       55

PRECIPITATION (IN)
  TODAY            0.00          2.21 2006   0.12  -0.12     0.00
  MONTH TO DATE    3.02                      3.13  -0.11     4.04
  SINCE MAR 1      6.66                      7.10  -0.44     8.12
  SINCE JAN 1     13.93                     13.03   0.90    16.18

SNOWFALL (IN)
  TODAY            0.0           T    1986   0.0    0.0      0.0
  MONTH TO DATE    0.0                       0.5   -0.5      5.5
  SINCE OCT 1     18.2                      26.9   -8.7     38.4
  SINCE JUL 1     18.2                      26.9   -8.7     38.4
  SNOW DEPTH       0

DEGREE DAYS
 HEATING
  TODAY            0                        10    -10       10
  MONTH TO DATE  243                       316    -73      399
  SINCE MAR 1    973                      1023    -50     1143
  SINCE JUL 1   4332                      4452   -120     4276

 COOLING
  TODAY            0                         0      0        0
  MONTH TO DATE    3                         0      3        6
  SINCE MAR 1      3                         0      3        6
  SINCE JAN 1      3                         0      3        6
..................................................................


WIND (MPH)
  HIGHEST WIND SPEED    17   HIGHEST WIND DIRECTION     S (180)
  HIGHEST GUST SPEED    23   HIGHEST GUST DIRECTION     S (170)
  AVERAGE WIND SPEED     7.4


SKY COVER
  AVERAGE SKY COVER 0.4


WEATHER CONDITIONS
 THE FOLLOWING WEATHER WAS RECORDED TODAY.
  NO SIGNIFICANT WEATHER WAS OBSERVED.


RELATIVE HUMIDITY (PERCENT)
 HIGHEST    86           200 AM
 LOWEST     35           100 PM
 AVERAGE    61

..........................................................


THE LAGUARDIA NY CLIMATE NORMALS FOR TOMORROW
                         NORMAL    RECORD    YEAR
 MAXIMUM TEMPERATURE (F)   64        87      2001
 MINIMUM TEMPERATURE (F)   47        36      1971
                                             1967


SUNRISE AND SUNSET
APRIL 23 2019.........SUNRISE   605 AM EDT   SUNSET   743 PM EDT
APRIL 24 2019.........SUNRISE   604 AM EDT   SUNSET   744 PM EDT


-  INDICATES NEGATIVE NUMBERS.
R  INDICATES RECORD WAS SET OR TIED.
MM INDICATES DATA IS MISSING.
T  INDICATES TRACE AMOUNT.




$$
