000
CDHW41 PHFO 241245
CLILIH


CLIMATE REPORT
NATIONAL WEATHER SERVICE HONOLULU HI
245 AM HST WED APR 24 2019


...................................

...THE LIHUE HI CLIMATE SUMMARY FOR APRIL 23 2019...

CLIMATE NORMAL PERIOD 1981 TO 2010
CLIMATE RECORD PERIOD 1946 TO 2019


WEATHER ITEM   OBSERVED TIME   RECORD YEAR NORMAL DEPARTURE LAST
                VALUE   (LST)  VALUE       VALUE  FROM      YEAR
                                                  NORMAL
..................................................................
TEMPERATURE (F)
 YESTERDAY
  MAXIMUM         82    246 PM  86    2016  80      2       80
  MINIMUM         73    831 AM  57    1956  69      4       72
  AVERAGE         78                        74      4       76

PRECIPITATION (IN)
  YESTERDAY        0.03          1.07 1954   0.07  -0.04     0.02
  MONTH TO DATE    1.71                      1.82  -0.11     5.44
  SINCE MAR 1      2.82                      6.43  -3.61    14.47
  SINCE JAN 1      6.28                     13.34  -7.06    23.50

SNOWFALL (IN)
  YESTERDAY        0.0
  MONTH TO DATE    0.0
  SINCE MAR 1      0.0
  SINCE JUL 1      0.0
  SNOW DEPTH      MM

DEGREE DAYS
 HEATING
  YESTERDAY        0                         0      0        0
  MONTH TO DATE    0                         0      0        0
  SINCE MAR 1      0                         0      0        0
  SINCE JUL 1      1                         0      1        0

 COOLING
  YESTERDAY       13                         9      4       11
  MONTH TO DATE  266                       206     60      228
  SINCE MAR 1    504                       445     59      476
  SINCE JAN 1    905                       840     65      927
..................................................................


WIND (MPH)
  HIGHEST WIND SPEED    21   HIGHEST WIND DIRECTION     E (70)
  HIGHEST GUST SPEED    25   HIGHEST GUST DIRECTION     E (70)
  AVERAGE WIND SPEED    15.4


SKY COVER
  POSSIBLE SUNSHINE  MM
  AVERAGE SKY COVER  MM


WEATHER CONDITIONS
 THE FOLLOWING WEATHER WAS RECORDED YESTERDAY.
  FOG


RELATIVE HUMIDITY (PERCENT)
 HIGHEST    MM
 LOWEST     MM
 AVERAGE    MM

..........................................................


THE LIHUE HI CLIMATE NORMALS FOR TODAY
                         NORMAL    RECORD    YEAR
 MAXIMUM TEMPERATURE (F)   80        86      2016
 MINIMUM TEMPERATURE (F)   69        60      1958


SUNRISE AND SUNSET
APRIL 24 2019.........SUNRISE   611 AM HST   SUNSET   701 PM HST
APRIL 25 2019.........SUNRISE   610 AM HST   SUNSET   701 PM HST


-  INDICATES NEGATIVE NUMBERS.
R  INDICATES RECORD WAS SET OR TIED.
MM INDICATES DATA IS MISSING.
T  INDICATES TRACE AMOUNT.




$$
