000
CDHW41 PHFO 170238
CLILIH


CLIMATE REPORT
NATIONAL WEATHER SERVICE HONOLULU HI
431 PM HST TUE JUL 16 2019


...................................

...THE LIHUE HI CLIMATE SUMMARY FOR JULY 16 2019...
VALID TODAY AS OF 0400 PM LOCAL TIME.

CLIMATE NORMAL PERIOD 1981 TO 2010
CLIMATE RECORD PERIOD 1950 TO 2019


WEATHER ITEM   OBSERVED TIME   RECORD YEAR NORMAL DEPARTURE LAST
                VALUE   (LST)  VALUE       VALUE  FROM      YEAR
                                                  NORMAL
..................................................................
TEMPERATURE (F)
 TODAY
  MAXIMUM         86    331 PM  88    2017  84      2       MM
  MINIMUM         75    459 AM  68    1998  74      1       MM
  AVERAGE         81                        79      2       MM

PRECIPITATION (IN)
  TODAY            0.11          0.34 1981   0.05   0.06    MM
  MONTH TO DATE    0.89                      0.88   0.01     1.12
  SINCE JUN 1      6.68                      2.49   4.19     2.49
  SINCE JAN 1     15.14                     18.33  -3.19    27.85

SNOWFALL (IN)
  TODAY            0.0
  MONTH TO DATE    0.0
  SINCE JUN 1      0.0
  SINCE JUL 1      0.0
  SNOW DEPTH      MM

DEGREE DAYS
 HEATING
  TODAY            0                         0      0       MM
  MONTH TO DATE    0                         0      0        0
  SINCE JUN 1      0                         0      0        0
  SINCE JUL 1      0                         0      0        0

 COOLING
  TODAY           16                        14      2       MM
  MONTH TO DATE  261                       224     37      206
  SINCE JUN 1    655                       618     37      619
  SINCE JAN 1   2020                      1857    163     1942
..................................................................


WIND (MPH)
  HIGHEST WIND SPEED    28   HIGHEST WIND DIRECTION     E (90)
  HIGHEST GUST SPEED    33   HIGHEST GUST DIRECTION    NE (50)
  AVERAGE WIND SPEED    MM


SKY COVER
  POSSIBLE SUNSHINE  MM
  AVERAGE SKY COVER  MM


WEATHER CONDITIONS
 THE FOLLOWING WEATHER WAS RECORDED TODAY.
  LIGHT RAIN
  FOG
  HAZE


RELATIVE HUMIDITY (PERCENT)
 HIGHEST    MM
 LOWEST     MM
 AVERAGE    MM

..........................................................


THE LIHUE HI CLIMATE NORMALS FOR TOMORROW
                         NORMAL    RECORD    YEAR
 MAXIMUM TEMPERATURE (F)   84        87      2017
 MINIMUM TEMPERATURE (F)   74        68      1998
                                             1955


SUNRISE AND SUNSET
JULY 16 2019..........SUNRISE   603 AM HST   SUNSET   724 PM HST
JULY 17 2019..........SUNRISE   604 AM HST   SUNSET   723 PM HST


-  INDICATES NEGATIVE NUMBERS.
R  INDICATES RECORD WAS SET OR TIED.
MM INDICATES DATA IS MISSING.
T  INDICATES TRACE AMOUNT.




$$
