000
CDUS44 KLZK 190638
CLILIT


CLIMATE REPORT
NATIONAL WEATHER SERVICE LITTLE ROCK AR
137 AM CDT FRI APR 19 2019


...................................

...THE LITTLE ROCK ADAMS FIELD CLIMATE SUMMARY FOR APRIL 18 2019...

CLIMATE NORMAL PERIOD 1981 TO 2010
CLIMATE RECORD PERIOD 1874 TO 2019


WEATHER ITEM   OBSERVED TIME   RECORD YEAR NORMAL DEPARTURE LAST
                VALUE   (LST)  VALUE       VALUE  FROM      YEAR
                                                  NORMAL
..................................................................
TEMPERATURE (F)
 YESTERDAY
  MAXIMUM         66    106 AM  94    2006  74     -8       84
  MINIMUM         49   1103 PM  35    1983  52     -3       55
  AVERAGE         58                        63     -5       70

PRECIPITATION (IN)
  YESTERDAY        5.44R         1.74 1911   0.18   5.26     0.00
  MONTH TO DATE   10.43                      2.98   7.45     4.36
  SINCE MAR 1     13.75                      7.66   6.09     8.21
  SINCE JAN 1     23.94                     14.87   9.07    24.47

SNOWFALL (IN)
  YESTERDAY        0.0          MM      MM   0.0    0.0      0.0
  MONTH TO DATE    0.0                       0.0    0.0       T
  SINCE MAR 1      T                         0.4   -0.4       T
  SINCE JUL 1      0.2                       3.5   -3.3      1.7
  SNOW DEPTH       0

DEGREE DAYS
 HEATING
  YESTERDAY        7                         4      3        0
  MONTH TO DATE  109                       110     -1      212
  SINCE MAR 1    561                       485     76      500
  SINCE JUL 1   3086                      2998     88     3025

 COOLING
  YESTERDAY        0                         2     -2        5
  MONTH TO DATE   15                        26    -11       12
  SINCE MAR 1     15                        40    -25       26
  SINCE JAN 1     21                        42    -21       35
..................................................................


WIND (MPH)
  HIGHEST WIND SPEED    32   HIGHEST WIND DIRECTION    NW (320)
  HIGHEST GUST SPEED    44   HIGHEST GUST DIRECTION     N (350)
  AVERAGE WIND SPEED     9.8


SKY COVER
  POSSIBLE SUNSHINE  MM
  AVERAGE SKY COVER 1.0


WEATHER CONDITIONS
 THE FOLLOWING WEATHER WAS RECORDED YESTERDAY.
  THUNDERSTORM
  HEAVY RAIN
  RAIN
  LIGHT RAIN
  FOG


RELATIVE HUMIDITY (PERCENT)
 HIGHEST   100           500 AM
 LOWEST     80          1000 PM
 AVERAGE    90

..........................................................


THE LITTLE ROCK ADAMS FIELD CLIMATE NORMALS FOR TODAY
                         NORMAL    RECORD    YEAR
 MAXIMUM TEMPERATURE (F)   74        91      2011
 MINIMUM TEMPERATURE (F)   52        31      1983


SUNRISE AND SUNSET
APRIL 19 2019.........SUNRISE   632 AM CDT   SUNSET   744 PM CDT
APRIL 20 2019.........SUNRISE   631 AM CDT   SUNSET   745 PM CDT


-  INDICATES NEGATIVE NUMBERS.
R  INDICATES RECORD WAS SET OR TIED.
MM INDICATES DATA IS MISSING.
T  INDICATES TRACE AMOUNT.




$$
