000
CDUS44 KLZK 170634
CLILIT


CLIMATE REPORT
NATIONAL WEATHER SERVICE LITTLE ROCK AR
134 AM CDT MON JUN 17 2019


...................................

...THE LITTLE ROCK ADAMS FIELD CLIMATE SUMMARY FOR JUNE 16 2019...

CLIMATE NORMAL PERIOD 1981 TO 2010
CLIMATE RECORD PERIOD 1874 TO 2019


WEATHER ITEM   OBSERVED TIME   RECORD YEAR NORMAL DEPARTURE LAST
                VALUE   (LST)  VALUE       VALUE  FROM      YEAR
                                                  NORMAL
..................................................................
TEMPERATURE (F)
 YESTERDAY
  MAXIMUM         85   1157 AM  98    1953  89     -4       93
                                      1952
  MINIMUM         69   1146 PM  53    1917  70     -1       74
  AVERAGE         77                        80     -3       84

PRECIPITATION (IN)
  YESTERDAY        0.00          4.38 1895   0.12  -0.12     0.00
  MONTH TO DATE    1.45                      2.02  -0.57     1.94
  SINCE JUN 1      1.45                      2.02  -0.57     1.94
  SINCE JAN 1     35.10                     23.92  11.18    30.48

SNOWFALL (IN)
  YESTERDAY        0.0          MM      MM   0.0    0.0      0.0
  MONTH TO DATE    0.0                       0.0    0.0      0.0
  SINCE JUN 1      0.0                       0.0    0.0      0.0
  SINCE JUL 1      0.2                       3.5   -3.3      1.7
  SNOW DEPTH       0

DEGREE DAYS
 HEATING
  YESTERDAY        0                         0      0        0
  MONTH TO DATE    0                         0      0        0
  SINCE JUN 1      0                         0      0        0
  SINCE JUL 1   3118                      3052     66     3078

 COOLING
  YESTERDAY       12                        14     -2       19
  MONTH TO DATE  168                       203    -35      242
  SINCE JUN 1    168                       203    -35      242
  SINCE JAN 1    446                       484    -38      641
..................................................................


WIND (MPH)
  HIGHEST WIND SPEED    18   HIGHEST WIND DIRECTION    SW (210)
  HIGHEST GUST SPEED    23   HIGHEST GUST DIRECTION    SW (220)
  AVERAGE WIND SPEED     9.4


SKY COVER
  POSSIBLE SUNSHINE  MM
  AVERAGE SKY COVER 0.8


WEATHER CONDITIONS
 THE FOLLOWING WEATHER WAS RECORDED YESTERDAY.
  NO SIGNIFICANT WEATHER WAS OBSERVED.


RELATIVE HUMIDITY (PERCENT)
 HIGHEST    90          1100 PM
 LOWEST     51           300 PM
 AVERAGE    71

..........................................................


THE LITTLE ROCK ADAMS FIELD CLIMATE NORMALS FOR TODAY
                         NORMAL    RECORD    YEAR
 MAXIMUM TEMPERATURE (F)   89       102      1953
 MINIMUM TEMPERATURE (F)   70        54      1969


SUNRISE AND SUNSET
JUNE 17 2019..........SUNRISE   555 AM CDT   SUNSET   824 PM CDT
JUNE 18 2019..........SUNRISE   556 AM CDT   SUNSET   825 PM CDT


-  INDICATES NEGATIVE NUMBERS.
R  INDICATES RECORD WAS SET OR TIED.
MM INDICATES DATA IS MISSING.
T  INDICATES TRACE AMOUNT.




$$
