000
CDUS45 KPIH 160736
CLILLJ


CLIMATE REPORT
NATIONAL WEATHER SERVICE POCATELLO ID
135 AM MDT SUN JUN 16 2019


...................................

...THE CHALLIS ID CLIMATE SUMMARY FOR JUNE 15 2019...

CLIMATE NORMAL PERIOD 1981 TO 2010
CLIMATE RECORD PERIOD 1898 TO 2019


WEATHER ITEM   OBSERVED TIME   RECORD YEAR NORMAL DEPARTURE LAST
                VALUE   (LST)  VALUE       VALUE  FROM      YEAR
                                                  NORMAL
..................................................................
TEMPERATURE (F)
 YESTERDAY
  MAXIMUM         84    530 PM  95    1974  75      9       76
  MINIMUM         50    501 AM  33    1994  45      5       52
                                      1976
                                      1945
  AVERAGE         67                        60      7       64

PRECIPITATION (IN)
  YESTERDAY        T             0.72 1992   0.05  -0.05     0.14
  MONTH TO DATE    0.36                      0.93  -0.57     0.50
  SINCE OCT 1      4.75                      7.00  -2.25     4.48
  SINCE JAN 1      3.66                      5.07  -1.41     3.34

SNOWFALL (IN)
  YESTERDAY       MM
  MONTH TO DATE   MM
  SINCE JUN 1     MM
  SINCE JUL 1     MM
  SNOW DEPTH      MM

DEGREE DAYS
 HEATING
  YESTERDAY        0                         6     -6        1
  MONTH TO DATE   55                       111    -56       48
  SINCE JUN 1     55                       111    -56       48
  SINCE JUL 1   7601                      8107   -506     6974

 COOLING
  YESTERDAY        2                         1      1        0
  MONTH TO DATE   22                         3     19       24
  SINCE JUN 1     22                         3     19       24
  SINCE JAN 1     22                         5     17       24
..................................................................


WIND (MPH)
  HIGHEST WIND SPEED    18   HIGHEST WIND DIRECTION    NW (330)
  HIGHEST GUST SPEED    24   HIGHEST GUST DIRECTION    NW (330)
  AVERAGE WIND SPEED     3.3


SKY COVER
  POSSIBLE SUNSHINE  MM
  AVERAGE SKY COVER 0.2


WEATHER CONDITIONS
 THE FOLLOWING WEATHER WAS RECORDED YESTERDAY.
  NO SIGNIFICANT WEATHER WAS OBSERVED.


RELATIVE HUMIDITY (PERCENT)
 HIGHEST    68           500 AM
 LOWEST     18           700 PM
 AVERAGE    43

..........................................................


THE CHALLIS ID CLIMATE NORMALS FOR TODAY
                         NORMAL    RECORD    YEAR
 MAXIMUM TEMPERATURE (F)   75        95      1974
 MINIMUM TEMPERATURE (F)   45        32      1928


SUNRISE AND SUNSET
JUNE 16 2019..........SUNRISE   551 AM MDT   SUNSET   924 PM MDT
JUNE 17 2019..........SUNRISE   551 AM MDT   SUNSET   924 PM MDT


-  INDICATES NEGATIVE NUMBERS.
R  INDICATES RECORD WAS SET OR TIED.
MM INDICATES DATA IS MISSING.
T  INDICATES TRACE AMOUNT.




$$
