000
CDUS45 KPIH 220743
CLILLJ


CLIMATE REPORT
NATIONAL WEATHER SERVICE POCATELLO ID
141 AM MDT MON APR 22 2019


...................................

...THE CHALLIS ID CLIMATE SUMMARY FOR APRIL 21 2019...

CLIMATE NORMAL PERIOD 1981 TO 2010
CLIMATE RECORD PERIOD 1898 TO 2019


WEATHER ITEM   OBSERVED TIME   RECORD YEAR NORMAL DEPARTURE LAST
                VALUE   (LST)  VALUE       VALUE  FROM      YEAR
                                                  NORMAL
..................................................................
TEMPERATURE (F)
 YESTERDAY
  MAXIMUM         61    309 PM  83    1994  59      2       71
  MINIMUM         45    641 AM  12    2008  30     15       31
  AVERAGE         53                        44      9       51

PRECIPITATION (IN)
  YESTERDAY        0.01          0.45 2010   0.03  -0.02     0.00
  MONTH TO DATE    0.43                      0.52  -0.09     0.40
  SINCE OCT 1      3.50                      4.29  -0.79     2.87
  SINCE JAN 1      2.41                      2.36   0.05     1.73

SNOWFALL (IN)
  YESTERDAY       MM
  MONTH TO DATE   MM
  SINCE MAR 1     MM
  SINCE JUL 1     MM
  SNOW DEPTH      MM

DEGREE DAYS
 HEATING
  YESTERDAY       12                        21     -9       14
  MONTH TO DATE  356                       474   -118      432
  SINCE MAR 1   1288                      1370    -82     1345
  SINCE JUL 1   7055                      7419   -364     6619

 COOLING
  YESTERDAY        0                         0      0        0
  MONTH TO DATE    0                         0      0        0
  SINCE MAR 1      0                         0      0        0
  SINCE JAN 1      0                         0      0        0
..................................................................


WIND (MPH)
  HIGHEST WIND SPEED    20   HIGHEST WIND DIRECTION     N (340)
  HIGHEST GUST SPEED    25   HIGHEST GUST DIRECTION     N (340)
  AVERAGE WIND SPEED     8.3


SKY COVER
  POSSIBLE SUNSHINE  MM
  AVERAGE SKY COVER 1.0


WEATHER CONDITIONS
 THE FOLLOWING WEATHER WAS RECORDED YESTERDAY.
  LIGHT RAIN


RELATIVE HUMIDITY (PERCENT)
 HIGHEST    89          1200 AM
 LOWEST     36           300 PM
 AVERAGE    63

..........................................................


THE CHALLIS ID CLIMATE NORMALS FOR TODAY
                         NORMAL    RECORD    YEAR
 MAXIMUM TEMPERATURE (F)   59        83      2012
                                             1953
 MINIMUM TEMPERATURE (F)   31        17      2011
                                             1937


SUNRISE AND SUNSET
APRIL 22 2019.........SUNRISE   641 AM MDT   SUNSET   830 PM MDT
APRIL 23 2019.........SUNRISE   640 AM MDT   SUNSET   831 PM MDT


-  INDICATES NEGATIVE NUMBERS.
R  INDICATES RECORD WAS SET OR TIED.
MM INDICATES DATA IS MISSING.
T  INDICATES TRACE AMOUNT.




$$
