000
CDUS46 KMFR 260040
CLILMT


CLIMATE REPORT
NATIONAL WEATHER SERVICE MEDFORD, OR
537 PM PDT THU APR 25 2019


...................................

...THE KLAMATH FALLS OR CLIMATE SUMMARY FOR APRIL 25 2019...
VALID TODAY AS OF 0500 PM LOCAL TIME.

CLIMATE NORMAL PERIOD 1981 TO 2010
CLIMATE RECORD PERIOD 1928 TO 2019


WEATHER ITEM   OBSERVED TIME   RECORD YEAR NORMAL DEPARTURE LAST
                VALUE   (LST)  VALUE       VALUE  FROM      YEAR
                                                  NORMAL
..................................................................
TEMPERATURE (F)
 TODAY
  MAXIMUM         76    348 PM  80    2018  59     17       80
  MINIMUM         41    522 AM  22    2008  32      9       36
                                      1958
                                      1908
  AVERAGE         59                        46     13       58

PRECIPITATION (IN)
  TODAY            0.00          0.35 1989   0.05  -0.05     0.00
  MONTH TO DATE    1.64                      1.06   0.58     1.24
  SINCE OCT 1      8.93                     10.79  -1.86     5.92
  SINCE JAN 1      6.00                      6.10  -0.10     3.67

SNOWFALL (IN)
  TODAY           MM                        MM     MM       MM
  MONTH TO DATE   MM                        MM     MM       MM
  SINCE JUL 1     MM                        MM     MM       MM
  SNOW DEPTH      MM

DEGREE DAYS
 HEATING
  TODAY            6                        19    -13        7
  MONTH TO DATE  444                       564   -120      521
  SINCE MAR 1   1275                      1385   -110     1378
  SINCE JUL 1   5952                      6226   -274     5807

 COOLING
  TODAY            0                         0      0        0
  MONTH TO DATE    0                         0      0        0
  SINCE MAR 1      0                         0      0        0
  SINCE JAN 1      0                         0      0        0
..................................................................


WIND (MPH)
  HIGHEST WIND SPEED    20   HIGHEST WIND DIRECTION     W (260)
  HIGHEST GUST SPEED    25   HIGHEST GUST DIRECTION     W (250)
  AVERAGE WIND SPEED     8.3


SKY COVER
  POSSIBLE SUNSHINE  MM
  AVERAGE SKY COVER 0.1


WEATHER CONDITIONS
 THE FOLLOWING WEATHER WAS RECORDED TODAY.
  NO SIGNIFICANT WEATHER WAS OBSERVED.


RELATIVE HUMIDITY (PERCENT)
 HIGHEST    58           600 AM
 LOWEST     19           400 PM

..........................................................


THE KLAMATH FALLS OR CLIMATE NORMALS FOR TOMORROW
                         NORMAL    RECORD    YEAR
 MAXIMUM TEMPERATURE (F)   60        86      1987
 MINIMUM TEMPERATURE (F)   32        18      2016


SUNRISE AND SUNSET
APRIL 25 2019.........SUNRISE   611 AM PDT   SUNSET   759 PM PDT
APRIL 26 2019.........SUNRISE   610 AM PDT   SUNSET   800 PM PDT


-  INDICATES NEGATIVE NUMBERS.
R  INDICATES RECORD WAS SET OR TIED.
MM INDICATES DATA IS MISSING.
T  INDICATES TRACE AMOUNT.




$$
