303
CDUS46 KMFR 160838
CLILMT


CLIMATE REPORT
NATIONAL WEATHER SERVICE MEDFORD, OR
138 AM PDT WED OCT 16 2019


...................................

...THE KLAMATH FALLS OR CLIMATE SUMMARY FOR OCTOBER 15 2019...

CLIMATE NORMAL PERIOD 1981 TO 2010
CLIMATE RECORD PERIOD 1928 TO 2019


WEATHER ITEM   OBSERVED TIME   RECORD YEAR NORMAL DEPARTURE LAST
                VALUE   (LST)  VALUE       VALUE  FROM      YEAR
                                                  NORMAL
..................................................................
TEMPERATURE (F)
 YESTERDAY
  MAXIMUM         69    144 PM  85    2015  64      5       64
  MINIMUM         26    633 AM  19    2018  31     -5       19
  AVERAGE         48                        47      1       42

PRECIPITATION (IN)
  YESTERDAY        0.00          0.52 1969   0.02  -0.02     0.00
  MONTH TO DATE    T                         0.25  -0.25     0.38
  SINCE OCT 1      T                         0.25  -0.25     0.38
  SINCE JAN 1     10.24                     10.52  -0.28     6.55

SNOWFALL (IN)
  YESTERDAY       MM                        MM     MM       MM
  MONTH TO DATE   MM                        MM     MM       MM
  SINCE JUL 1     MM                        MM     MM       MM
  SNOW DEPTH      MM

DEGREE DAYS
 HEATING
  YESTERDAY       17                        18     -1       23
  MONTH TO DATE  311                       225     86      254
  SINCE SEP 1    602                       462    140      521
  SINCE JUL 1    677                       581     96      578

 COOLING
  YESTERDAY        0                         0      0        0
  MONTH TO DATE    0                         0      0        0
  SINCE SEP 1     11                        10      1        0
  SINCE JAN 1    165                       169     -4      225
..................................................................


WIND (MPH)
  HIGHEST WIND SPEED    14   HIGHEST WIND DIRECTION     S (160)
  HIGHEST GUST SPEED    16   HIGHEST GUST DIRECTION     S (170)
  AVERAGE WIND SPEED     3.7


SKY COVER
  POSSIBLE SUNSHINE  MM
  AVERAGE SKY COVER 0.0


WEATHER CONDITIONS
 THE FOLLOWING WEATHER WAS RECORDED YESTERDAY.
  NO SIGNIFICANT WEATHER WAS OBSERVED.


RELATIVE HUMIDITY (PERCENT)
 HIGHEST    81           500 AM
 LOWEST     17           200 PM

..........................................................


THE KLAMATH FALLS OR CLIMATE NORMALS FOR TODAY
                         NORMAL    RECORD    YEAR
 MAXIMUM TEMPERATURE (F)   63        81      2015
 MINIMUM TEMPERATURE (F)   31        17      1905


SUNRISE AND SUNSET
OCTOBER 16 2019.......SUNRISE   721 AM PDT   SUNSET   624 PM PDT
OCTOBER 17 2019.......SUNRISE   722 AM PDT   SUNSET   622 PM PDT


-  INDICATES NEGATIVE NUMBERS.
R  INDICATES RECORD WAS SET OR TIED.
MM INDICATES DATA IS MISSING.
T  INDICATES TRACE AMOUNT.




$$
