000
CDUS46 KMFR 150849
CLILMT


CLIMATE REPORT
NATIONAL WEATHER SERVICE MEDFORD, OR
139 AM PDT SAT JUN 15 2019


...................................

...THE KLAMATH FALLS OR CLIMATE SUMMARY FOR JUNE 14 2019...

CLIMATE NORMAL PERIOD 1981 TO 2010
CLIMATE RECORD PERIOD 1928 TO 2019


WEATHER ITEM   OBSERVED TIME   RECORD YEAR NORMAL DEPARTURE LAST
                VALUE   (LST)  VALUE       VALUE  FROM      YEAR
                                                  NORMAL
..................................................................
TEMPERATURE (F)
 YESTERDAY
  MAXIMUM         86    240 PM  95    1933  73     13       77
  MINIMUM         45    429 AM  26    1907  42      3       38
  AVERAGE         66                        58      8       58

PRECIPITATION (IN)
  YESTERDAY        0.00          0.64 1956   0.04  -0.04     0.00
  MONTH TO DATE    0.03                      0.31  -0.28     0.15
  SINCE OCT 1     10.55                     12.79  -2.24     7.92
  SINCE JAN 1      7.62                      8.10  -0.48     5.67

SNOWFALL (IN)
  YESTERDAY       MM                        MM     MM       MM
  MONTH TO DATE   MM                        MM     MM       MM
  SINCE JUL 1     MM                        MM     MM        0.0
  SNOW DEPTH      MM

DEGREE DAYS
 HEATING
  YESTERDAY        0                         8     -8        7
  MONTH TO DATE   76                       130    -54      104
  SINCE JUN 1     76                       130    -54      104
  SINCE JUL 1   6515                      6886   -371     6282

 COOLING
  YESTERDAY        1                         0      1        0
  MONTH TO DATE   15                         0     15        0
  SINCE JUN 1     15                         0     15        0
  SINCE JAN 1     15                         1     14        1
..................................................................


WIND (MPH)
  HIGHEST WIND SPEED    21   HIGHEST WIND DIRECTION    NW (330)
  HIGHEST GUST SPEED    24   HIGHEST GUST DIRECTION    NW (330)
  AVERAGE WIND SPEED     5.1


SKY COVER
  POSSIBLE SUNSHINE  MM
  AVERAGE SKY COVER 0.0


WEATHER CONDITIONS
 THE FOLLOWING WEATHER WAS RECORDED YESTERDAY.
  NO SIGNIFICANT WEATHER WAS OBSERVED.


RELATIVE HUMIDITY (PERCENT)
 HIGHEST    86           300 AM
 LOWEST     12           200 PM

..........................................................


THE KLAMATH FALLS OR CLIMATE NORMALS FOR TODAY
                         NORMAL    RECORD    YEAR
 MAXIMUM TEMPERATURE (F)   74        97      1930
 MINIMUM TEMPERATURE (F)   42        32      1952
                                             1912
                                             1907


SUNRISE AND SUNSET
JUNE 15 2019..........SUNRISE   530 AM PDT   SUNSET   845 PM PDT
JUNE 16 2019..........SUNRISE   530 AM PDT   SUNSET   845 PM PDT


-  INDICATES NEGATIVE NUMBERS.
R  INDICATES RECORD WAS SET OR TIED.
MM INDICATES DATA IS MISSING.
T  INDICATES TRACE AMOUNT.




$$
