000
CDUS43 KLMK 212030
CLILOU


CLIMATE REPORT
NATIONAL WEATHER SERVICE LOUISVILLE KY
429 PM EDT SUN APR 21 2019


...................................

...THE LOUISVILLE BOWMAN KY CLIMATE SUMMARY FOR APRIL 21 2019...
VALID TODAY AS OF 0400 PM LOCAL TIME.

CLIMATE NORMAL PERIOD 1981 TO 2010
CLIMATE RECORD PERIOD 9999 TO 9999


WEATHER ITEM   OBSERVED TIME   RECORD YEAR NORMAL DEPARTURE LAST
                VALUE   (LST)  VALUE       VALUE  FROM      YEAR
                                                  NORMAL
..................................................................
TEMPERATURE (F)
 TODAY
  MAXIMUM         69    253 PM  MM      MM  69      0       70
  MINIMUM         37    636 AM  MM      MM  49    -12       43
  AVERAGE         53                        59     -6       57

PRECIPITATION (IN)
  TODAY            0.00         MM      MM   0.14  -0.14     0.00
  MONTH TO DATE    5.86                      2.61   3.25     2.68
  SINCE MAR 1     10.12                      6.77   3.35     7.55
  SINCE JAN 1     21.52                     13.33   8.19    19.42

SNOWFALL (IN)
  TODAY           MM            MM      MM  MM     MM       MM
  MONTH TO DATE   MM                        MM     MM       MM
  SINCE MAR 1     MM                        MM     MM       MM
  SINCE JUL 1     MM                        MM     MM       MM
  SNOW DEPTH      MM

DEGREE DAYS
 HEATING
  TODAY           12                         7      5        8
  MONTH TO DATE  182                       216    -34      329
  SINCE MAR 1    869                       778     91      966
  SINCE JUL 1   4020                      4139   -119     4228

 COOLING
  TODAY            0                         1     -1        0
  MONTH TO DATE    4                        21    -17       16
  SINCE MAR 1      6                        25    -19       16
  SINCE JAN 1      6                        25    -19       26
..................................................................


WIND (MPH)
  HIGHEST WIND SPEED     8   HIGHEST WIND DIRECTION    SW (220)
  HIGHEST GUST SPEED    11   HIGHEST GUST DIRECTION    SW (220)
  AVERAGE WIND SPEED     1.7


SKY COVER
  POSSIBLE SUNSHINE  MM
  AVERAGE SKY COVER 0.5


WEATHER CONDITIONS
 THE FOLLOWING WEATHER WAS RECORDED TODAY.
  FOG
  FOG W/VISIBILITY <= 1/4 MILE


RELATIVE HUMIDITY (PERCENT)
 HIGHEST   100           500 AM
 LOWEST     31           300 PM
 AVERAGE    66

..........................................................




SUNRISE AND SUNSET
APRIL 21 2019.........SUNRISE   659 AM EDT   SUNSET   824 PM EDT
APRIL 22 2019.........SUNRISE   658 AM EDT   SUNSET   825 PM EDT


-  INDICATES NEGATIVE NUMBERS.
R  INDICATES RECORD WAS SET OR TIED.
MM INDICATES DATA IS MISSING.
T  INDICATES TRACE AMOUNT.




$$
