000
CDUS43 KJKL 162021
CLILOZ

CLIMATE REPORT
NATIONAL WEATHER SERVICE JACKSON KY
421 PM EDT TUE JUL 16 2019

...................................

...THE LONDON KY CLIMATE SUMMARY FOR JULY 16 2019...
VALID TODAY AS OF 0400 PM LOCAL TIME.

CLIMATE NORMAL PERIOD 1981 TO 2010
CLIMATE RECORD PERIOD 1954 TO 2019

WEATHER ITEM   OBSERVED TIME   RECORD YEAR NORMAL DEPARTURE LAST
                VALUE   (LST)  VALUE       VALUE  FROM      YEAR
                                                  NORMAL
..................................................................
TEMPERATURE (F)
 TODAY
  MAXIMUM         88    259 PM 100    1980  87      1       86
  MINIMUM         70    459 AM  50    1967  66      4       73
  AVERAGE         79                        76      3       80

PRECIPITATION (IN)
  TODAY            0.00          1.32 1961   0.13  -0.13     0.28
  MONTH TO DATE    2.00                      2.11  -0.11     2.42
  SINCE JUN 1     14.22                      6.51   7.71    10.30

SNOWFALL (IN)
  TODAY           MM
  MONTH TO DATE   MM
  SINCE JUN 1     MM
  SINCE JUL 1     MM
  SNOW DEPTH      MM

DEGREE DAYS
 HEATING
  TODAY            0                         0      0        0
  MONTH TO DATE    0                         0      0        0
  SINCE JUN 1     10                         9      1        0
  SINCE JUL 1      0                         0      0        0

 COOLING
  TODAY           14                        11      3       15
  MONTH TO DATE  210                       176     34      219
  SINCE JUN 1    439                       419     20      521
  SINCE JAN 1    617                       533     84      753
..................................................................

WIND (MPH)
  HIGHEST WIND SPEED    17   HIGHEST WIND DIRECTION     S (190)
  HIGHEST GUST SPEED    24   HIGHEST GUST DIRECTION     S (190)
  AVERAGE WIND SPEED     4.7

SKY COVER
  POSSIBLE SUNSHINE  MM
  AVERAGE SKY COVER 0.2

WEATHER CONDITIONS
 THE FOLLOWING WEATHER WAS RECORDED TODAY.
  NO SIGNIFICANT WEATHER WAS OBSERVED.

RELATIVE HUMIDITY (PERCENT)
 HIGHEST   100          1200 AM
 LOWEST     59           200 PM
 AVERAGE    80

..........................................................

THE LONDON KY CLIMATE NORMALS FOR TOMORROW
                         NORMAL    RECORD    YEAR
 MAXIMUM TEMPERATURE (F)   87        95      1977
 MINIMUM TEMPERATURE (F)   66        53      1970

SUNRISE AND SUNSET
JULY 16 2019..........SUNRISE   629 AM EDT   SUNSET   856 PM EDT
JULY 17 2019..........SUNRISE   630 AM EDT   SUNSET   855 PM EDT

-  INDICATES NEGATIVE NUMBERS.
R  INDICATES RECORD WAS SET OR TIED.
MM INDICATES DATA IS MISSING.
T  INDICATES TRACE AMOUNT.

$$

CARICO
