000
CDUS44 KCRP 210813
CLILRD

CLIMATE REPORT
NATIONAL WEATHER SERVICE CORPUS CHRISTI TX
313 AM CDT SUN APR 21 2019


...................................

...THE LAREDO CLIMATE SUMMARY FOR APRIL 20 2019...

CLIMATE NORMAL PERIOD 1981 TO 2010
CLIMATE RECORD PERIOD 1900 TO 2019


WEATHER ITEM   OBSERVED TIME   RECORD YEAR NORMAL DEPARTURE LAST
                VALUE   (LST)  VALUE       VALUE  FROM      YEAR
                                                  NORMAL
..................................................................
TEMPERATURE (F)
 YESTERDAY
  MAXIMUM         93        MM 109    1984  89      4       82
  MINIMUM         61        MM  50    1901  66     -5       65
  AVERAGE         77                        77      0       74

PRECIPITATION (IN)
  YESTERDAY        0.00          1.50 1908   0.05  -0.05     0.00
  MONTH TO DATE    0.19                      0.82  -0.63     0.16
  SINCE MAR 1      0.55                      1.94  -1.39     1.81
  SINCE JAN 1      1.03                      3.78  -2.75     2.10

SNOWFALL (IN)
  YESTERDAY        0.0          MM      MM   0.0    0.0      0.0
  MONTH TO DATE    0.0                       0.0    0.0      0.0
  SINCE MAR 1      0.0                       0.0    0.0      0.0
  SINCE JUL 1      0.0                       0.0    0.0      1.3
  SNOW DEPTH       0

DEGREE DAYS
 HEATING
  YESTERDAY        0                         0      0        0
  MONTH TO DATE   14                        12      2        2
  SINCE MAR 1    124                        81     43        9
  SINCE JUL 1    911                       925    -14      845

 COOLING
  YESTERDAY       12                        12      0        9
  MONTH TO DATE  207                       209     -2      205
  SINCE MAR 1    408                       382     26      482
  SINCE JAN 1    495                       467     28      616
..................................................................


WIND (MPH)
  HIGHEST WIND SPEED    MM   HIGHEST WIND DIRECTION    MM
  HIGHEST GUST SPEED    MM   HIGHEST GUST DIRECTION    MM
  AVERAGE WIND SPEED    MM


SKY COVER
  POSSIBLE SUNSHINE  MM
  AVERAGE SKY COVER 0.0


WEATHER CONDITIONS
 THE FOLLOWING WEATHER WAS RECORDED YESTERDAY.
  HAZE


RELATIVE HUMIDITY (PERCENT)
 HIGHEST    60           400 AM
 LOWEST     24           100 PM
 AVERAGE    42

..........................................................


THE LAREDO CLIMATE NORMALS FOR TODAY
                         NORMAL    RECORD    YEAR
 MAXIMUM TEMPERATURE (F)   89       102      2011
                                             1997
 MINIMUM TEMPERATURE (F)   66        42      1907


SUNRISE AND SUNSET
APRIL 21 2019.........SUNRISE   708 AM CDT   SUNSET   806 PM CDT
APRIL 22 2019.........SUNRISE   707 AM CDT   SUNSET   806 PM CDT


-  INDICATES NEGATIVE NUMBERS.
R  INDICATES RECORD WAS SET OR TIED.
MM INDICATES DATA IS MISSING.
T  INDICATES TRACE AMOUNT.




$$
