000
CDUS44 KCRP 152244
CLILRD

CLIMATE REPORT
NATIONAL WEATHER SERVICE CORPUS CHRISTI TX
544 PM CDT SAT JUN 15 2019

...................................

...THE LAREDO CLIMATE SUMMARY FOR JUNE 15 2019...
VALID AS OF 544 PM LOCAL TIME.

CLIMATE NORMAL PERIOD 1981 TO 2010
CLIMATE RECORD PERIOD 1900 TO 2019


WEATHER ITEM   OBSERVED TIME   RECORD YEAR NORMAL DEPARTURE LAST
                VALUE   (LST)  VALUE       VALUE  FROM      YEAR
                                                  NORMAL
..................................................................
TEMPERATURE (F)
 TODAY
  MAXIMUM        103    400 PM 113    1998  98      5      101
  MINIMUM         79    600 AM  59    1903  76      3       78
  AVERAGE         91                        87      4       90

PRECIPITATION (IN)
  TODAY            0.00          1.50 1935   0.07  -0.07      T
  MONTH TO DATE    0.19                      1.05  -0.86     0.02
  SINCE JUN 1      0.19                      1.05  -0.86     0.02
  SINCE JAN 1      3.28                      7.92  -4.64     2.57

SNOWFALL (IN)
  TODAY            0.0          MM      MM   0.0    0.0      0.0
  MONTH TO DATE    0.0                       0.0    0.0      0.0
  SINCE JUN 1      0.0                       0.0    0.0      0.0
  SINCE JUL 1      0.0                       0.0    0.0      1.3
  SNOW DEPTH       0

DEGREE DAYS
 HEATING
  TODAY            0                         0      0        0
  MONTH TO DATE    0                         0      0        0
  SINCE JUN 1      0                         0      0        0
  SINCE JUL 1    911                       926    -15      845

 COOLING
  TODAY           26                        22      4       25
  MONTH TO DATE  364                       323     41      390
  SINCE JUN 1    364                       323     41      390
  SINCE JAN 1   1582                      1466    116     1751
..................................................................


WIND (MPH)
  HIGHEST WIND SPEED    MM   HIGHEST WIND DIRECTION    MM
  HIGHEST GUST SPEED    MM   HIGHEST GUST DIRECTION    MM


SKY COVER
  POSSIBLE SUNSHINE  MM
  AVERAGE SKY COVER 0.2


WEATHER CONDITIONS
 THE FOLLOWING WEATHER WAS RECORDED TODAY.
  NO SIGNIFICANT WEATHER WAS OBSERVED.


RELATIVE HUMIDITY (PERCENT)
 HIGHEST    85           600 AM
 LOWEST     31           300 PM
 AVERAGE    58

..........................................................


THE LAREDO CLIMATE NORMALS FOR TOMORROW
                         NORMAL    RECORD    YEAR
 MAXIMUM TEMPERATURE (F)   98       111      1998
 MINIMUM TEMPERATURE (F)   76        61      1933


SUNRISE AND SUNSET
JUNE 15 2019..........SUNRISE   642 AM CDT   SUNSET   835 PM CDT
JUNE 16 2019..........SUNRISE   642 AM CDT   SUNSET   835 PM CDT


-  INDICATES NEGATIVE NUMBERS.
R  INDICATES RECORD WAS SET OR TIED.
MM INDICATES DATA IS MISSING.
T  INDICATES TRACE AMOUNT.




$$
