000
CDUS46 KMTR 240845
CLILVK


CLIMATE REPORT
NATIONAL WEATHER SERVICE SAN FRANCISCO BAY AREA
145 AM PDT WED APR 24 2019


...................................

...THE LIVERMORE AIRPORT CLIMATE SUMMARY FOR APRIL 23 2019...

CLIMATE NORMAL PERIOD 1981 TO 2010
CLIMATE RECORD PERIOD 1930 TO 2019


WEATHER ITEM   OBSERVED TIME   RECORD YEAR NORMAL DEPARTURE LAST
                VALUE   (LST)  VALUE       VALUE  FROM      YEAR
                                                  NORMAL
..................................................................
TEMPERATURE (F)
 YESTERDAY
  MAXIMUM         88    307 PM  93    1946  71     17       85
  MINIMUM         49    456 AM  32    1964  46      3       51
  AVERAGE         69                        58     11       68

PRECIPITATION (IN)
  YESTERDAY        0.00          0.45 1983   0.03  -0.03     0.00
  MONTH TO DATE    0.34                      0.84  -0.50     1.61
  SINCE OCT 1     15.20                     14.66   0.54    11.28
  SINCE JAN 1     12.15                      9.08   3.07     9.29

DEGREE DAYS
 HEATING
  YESTERDAY        0                         7     -7        0
  MONTH TO DATE  142                       214    -72      180
  SINCE MAR 1    532                       571    -39      571
  SINCE JUL 1   2329                      2578   -249     2297

 COOLING
  YESTERDAY        4                         0      4        3
  MONTH TO DATE    6                         0      6        4
  SINCE MAR 1      6                         1      5        4
  SINCE JAN 1      6                         1      5        4
..................................................................


WIND (MPH)
  RESULTANT WIND SPEED   3   RESULTANT WIND DIRECTION   N (20)
  HIGHEST WIND SPEED    16   HIGHEST WIND DIRECTION     N (10)
  HIGHEST GUST SPEED    21   HIGHEST GUST DIRECTION     N (10)
  AVERAGE WIND SPEED     5.0


SKY COVER
  POSSIBLE SUNSHINE  MM
  AVERAGE SKY COVER 0.0


WEATHER CONDITIONS
 THE FOLLOWING WEATHER WAS RECORDED YESTERDAY.
  NO SIGNIFICANT WEATHER WAS OBSERVED.


RELATIVE HUMIDITY (PERCENT)
 HIGHEST    83           600 AM
 LOWEST     24           400 PM
 AVERAGE    54

..........................................................


THE LIVERMORE AIRPORT CLIMATE NORMALS FOR TODAY
                         NORMAL    RECORD    YEAR
 MAXIMUM TEMPERATURE (F)   71        93      1946
 MINIMUM TEMPERATURE (F)   46        29      1964


SUNRISE AND SUNSET
APRIL 24 2019.........SUNRISE   620 AM PDT   SUNSET   751 PM PDT
APRIL 25 2019.........SUNRISE   619 AM PDT   SUNSET   752 PM PDT


-  INDICATES NEGATIVE NUMBERS.
R  INDICATES RECORD WAS SET OR TIED.
MM INDICATES DATA IS MISSING.
T  INDICATES TRACE AMOUNT.




$$
