000
CDUS45 KBYZ 180828
CLILVM


CLIMATE REPORT
NATIONAL WEATHER SERVICE BILLINGS MT
227 AM MDT THU JUL 18 2019


...................................

...THE LIVINGSTON MT CLIMATE SUMMARY FOR JULY 17 2019...

CLIMATE NORMAL PERIOD 1981 TO 2010
CLIMATE RECORD PERIOD 1948 TO 2019


WEATHER ITEM   OBSERVED TIME   RECORD YEAR NORMAL DEPARTURE LAST
                VALUE   (LST)  VALUE       VALUE  FROM      YEAR
                                                  NORMAL
..................................................................
TEMPERATURE (F)
 YESTERDAY
  MAXIMUM         81    210 PM 100    2003  86     -5       85
                                      1998
  MINIMUM         51    543 AM  37    1993  50      1       53
  AVERAGE         66                        68     -2       69

PRECIPITATION (IN)
  YESTERDAY        T             0.43 1985   0.05  -0.05     0.00
  MONTH TO DATE    2.39                      0.89   1.50     0.41
  SINCE OCT 1     13.73                     11.91   1.82    15.12
  SINCE JAN 1     11.03                      9.54   1.49    12.08

DEGREE DAYS
 HEATING
  YESTERDAY        0                         1     -1        0
  MONTH TO DATE   29                        36     -7       25
  SINCE JUN 1    196                       243    -47      194
  SINCE JUL 1     29                        36     -7       25

 COOLING
  YESTERDAY        1                         4     -3        4
  MONTH TO DATE   32                        50    -18       63
  SINCE JUN 1     41                        69    -28       68
  SINCE JAN 1     41                        70    -29       68
..................................................................


WIND (MPH)
  HIGHEST WIND SPEED    28   HIGHEST WIND DIRECTION     W (260)
  HIGHEST GUST SPEED    33   HIGHEST GUST DIRECTION     W (280)
  AVERAGE WIND SPEED    10.8


SKY COVER
  POSSIBLE SUNSHINE  MM
  AVERAGE SKY COVER 0.2


WEATHER CONDITIONS
 THE FOLLOWING WEATHER WAS RECORDED YESTERDAY.
  LIGHT RAIN


RELATIVE HUMIDITY (PERCENT)
 HIGHEST    83           500 AM
 LOWEST     29           300 PM
 AVERAGE    56

..........................................................


THE LIVINGSTON MT CLIMATE NORMALS FOR TODAY
                         NORMAL    RECORD    YEAR
 MAXIMUM TEMPERATURE (F)   86       102      1955
 MINIMUM TEMPERATURE (F)   50        40      2005
                                             1950


SUNRISE AND SUNSET
JULY 18 2019..........SUNRISE   550 AM MDT   SUNSET   906 PM MDT
JULY 19 2019..........SUNRISE   551 AM MDT   SUNSET   905 PM MDT


-  INDICATES NEGATIVE NUMBERS.
R  INDICATES RECORD WAS SET OR TIED.
MM INDICATES DATA IS MISSING.
T  INDICATES TRACE AMOUNT.




$$
