197
CDUS45 KBYZ 260721
CLILVM


CLIMATE REPORT
NATIONAL WEATHER SERVICE BILLINGS MT
121 AM MDT FRI APR 26 2019


...................................

...THE LIVINGSTON MT CLIMATE SUMMARY FOR APRIL 25 2019...

CLIMATE NORMAL PERIOD 1981 TO 2010
CLIMATE RECORD PERIOD 1948 TO 2019


WEATHER ITEM   OBSERVED TIME   RECORD YEAR NORMAL DEPARTURE LAST
                VALUE   (LST)  VALUE       VALUE  FROM      YEAR
                                                  NORMAL
..................................................................
TEMPERATURE (F)
 YESTERDAY
  MAXIMUM         56    432 PM  80    1952  58     -2       67
  MINIMUM         27    155 AM  16    2009  31     -4       32
  AVERAGE         42                        44     -2       50

PRECIPITATION (IN)
  YESTERDAY        0.00          1.00 1988   0.07  -0.07     0.00
  MONTH TO DATE    3.10                      1.41   1.69     2.20
  SINCE OCT 1      6.60                      5.61   0.99     7.48
  SINCE JAN 1      3.90                      3.24   0.66     4.44

DEGREE DAYS
 HEATING
  YESTERDAY       23                        21      2       15
  MONTH TO DATE  483                       591   -108      684
  SINCE MAR 1   1764                      1502    262     1591
  SINCE JUL 1   7390                      6850    540     6911

 COOLING
  YESTERDAY        0                         0      0        0
  MONTH TO DATE    0                         0      0        0
  SINCE MAR 1      0                         0      0        0
  SINCE JAN 1      0                         0      0        0
..................................................................


WIND (MPH)
  HIGHEST WIND SPEED    22   HIGHEST WIND DIRECTION     E (70)
  HIGHEST GUST SPEED    27   HIGHEST GUST DIRECTION     E (70)
  AVERAGE WIND SPEED    11.5


SKY COVER
  POSSIBLE SUNSHINE  MM
  AVERAGE SKY COVER 0.0


WEATHER CONDITIONS
 THE FOLLOWING WEATHER WAS RECORDED YESTERDAY.
  NO SIGNIFICANT WEATHER WAS OBSERVED.


RELATIVE HUMIDITY (PERCENT)
 HIGHEST    75           200 AM
 LOWEST     38           300 PM
 AVERAGE    57

..........................................................


THE LIVINGSTON MT CLIMATE NORMALS FOR TODAY
                         NORMAL    RECORD    YEAR
 MAXIMUM TEMPERATURE (F)   58        78      2001
 MINIMUM TEMPERATURE (F)   31        21      2010
                                             1995


SUNRISE AND SUNSET
APRIL 26 2019.........SUNRISE   618 AM MDT   SUNSET   822 PM MDT
APRIL 27 2019.........SUNRISE   616 AM MDT   SUNSET   824 PM MDT


-  INDICATES NEGATIVE NUMBERS.
R  INDICATES RECORD WAS SET OR TIED.
MM INDICATES DATA IS MISSING.
T  INDICATES TRACE AMOUNT.




$$
