000
CDUS43 KTOP 220633
CLILWC


CLIMATE REPORT
NATIONAL WEATHER SERVICE TOPEKA KS
131 AM CDT SUN APR 22 2018


...................................

...THE LAWRENCE KS CLIMATE SUMMARY FOR APRIL 21 2018...

CLIMATE NORMAL PERIOD 1981 TO 2010
CLIMATE RECORD PERIOD 9999 TO 9999


WEATHER ITEM   OBSERVED NORMAL DEPARTURE LAST
                VALUE   VALUE  FROM      YEAR
                               NORMAL
...............................................
TEMPERATURE (F)
 YESTERDAY
  MAXIMUM         61     69     -8       55
  MINIMUM         47     45      2       48
  AVERAGE         54     57     -3       52

PRECIPITATION (IN)
  YESTERDAY        0.04   0.13  -0.09      T
  MONTH TO DATE    0.45   2.39  -1.94     4.29
  SINCE MAR 1      1.99   5.01  -3.02     6.65
  SINCE JAN 1      3.85   7.32  -3.47     7.66

DEGREE DAYS
 HEATING
  YESTERDAY       11      9      2       13
  MONTH TO DATE  453    254    199      150
  SINCE MAR 1   1077    895    182      669
  SINCE JUL 1   5018   4910    108     3950

 COOLING
  YESTERDAY        0      1     -1        0
  MONTH TO DATE    2     14    -12       25
  SINCE MAR 1      2     17    -15       32
  SINCE JAN 1      2     17    -15       32
...............................................


WIND (MPH)
  HIGHEST WIND SPEED    16   HIGHEST WIND DIRECTION    NW (300)
  HIGHEST GUST SPEED    19   HIGHEST GUST DIRECTION    NE (30)
  AVERAGE WIND SPEED     7.7


SKY COVER
  AVERAGE SKY COVER 0.7


WEATHER CONDITIONS
 THE FOLLOWING WEATHER WAS RECORDED YESTERDAY.
  LIGHT RAIN


RELATIVE HUMIDITY (PERCENT)
 HIGHEST    86
 LOWEST     32
 AVERAGE    59

..........................................................


THE LAWRENCE KS CLIMATE NORMALS FOR TODAY
                         NORMAL
 MAXIMUM TEMPERATURE (F)   69
 MINIMUM TEMPERATURE (F)   45


SUNRISE AND SUNSET
APRIL 22 2018.........SUNRISE   634 AM CDT   SUNSET   805 PM CDT
APRIL 23 2018.........SUNRISE   633 AM CDT   SUNSET   806 PM CDT


-  INDICATES NEGATIVE NUMBERS.
R  INDICATES RECORD WAS SET OR TIED.
MM INDICATES DATA IS MISSING.
T  INDICATES TRACE AMOUNT.




$$
