000
CDUS43 KTOP 210633
CLILWC


CLIMATE REPORT
NATIONAL WEATHER SERVICE TOPEKA KS
132 AM CDT SUN APR 21 2019


...................................

...THE LAWRENCE KS CLIMATE SUMMARY FOR APRIL 20 2019...

CLIMATE NORMAL PERIOD 1981 TO 2010
CLIMATE RECORD PERIOD 9999 TO 9999


WEATHER ITEM   OBSERVED NORMAL DEPARTURE LAST
                VALUE   VALUE  FROM      YEAR
                               NORMAL
...............................................
TEMPERATURE (F)
 YESTERDAY
  MAXIMUM         77     68      9       65
  MINIMUM         33     44    -11       29
  AVERAGE         55     56     -1       47

PRECIPITATION (IN)
  YESTERDAY        0.00   0.15  -0.15     0.00
  MONTH TO DATE    1.80   2.26  -0.46     0.41
  SINCE MAR 1      4.70   4.88  -0.18     1.95
  SINCE JAN 1      7.71   7.19   0.52     3.81

DEGREE DAYS
 HEATING
  YESTERDAY       10      9      1       18
  MONTH TO DATE  183    245    -62      442
  SINCE MAR 1    933    886     47     1066
  SINCE JUL 1   5215   4901    314     5007

 COOLING
  YESTERDAY        0      1     -1        0
  MONTH TO DATE   14     13      1        2
  SINCE MAR 1     14     16     -2        2
  SINCE JAN 1     14     16     -2        2
...............................................


WIND (MPH)
  HIGHEST WIND SPEED    17   HIGHEST WIND DIRECTION    SW (210)
  HIGHEST GUST SPEED    25   HIGHEST GUST DIRECTION     S (190)
  AVERAGE WIND SPEED     7.5


SKY COVER
  AVERAGE SKY COVER 0.0


WEATHER CONDITIONS
 THE FOLLOWING WEATHER WAS RECORDED YESTERDAY.
  NO SIGNIFICANT WEATHER WAS OBSERVED.


RELATIVE HUMIDITY (PERCENT)
 HIGHEST    89
 LOWEST     27
 AVERAGE    58

..........................................................


THE LAWRENCE KS CLIMATE NORMALS FOR TODAY
                         NORMAL
 MAXIMUM TEMPERATURE (F)   69
 MINIMUM TEMPERATURE (F)   45


SUNRISE AND SUNSET
APRIL 21 2019.........SUNRISE   636 AM CDT   SUNSET   804 PM CDT
APRIL 22 2019.........SUNRISE   635 AM CDT   SUNSET   805 PM CDT


-  INDICATES NEGATIVE NUMBERS.
R  INDICATES RECORD WAS SET OR TIED.
MM INDICATES DATA IS MISSING.
T  INDICATES TRACE AMOUNT.




$$
